{"id":9997,"date":"2021-06-12T11:56:23","date_gmt":"2021-06-12T09:56:23","guid":{"rendered":"http:\/\/sp1.hrubieszow.info\/?page_id=9997"},"modified":"2021-06-12T11:56:37","modified_gmt":"2021-06-12T09:56:37","slug":"konkursy-nie-dajemy-mocy-szkolnej-przemocy-z-okazji-dnia-szkoly-bez-przemocy-wreczenie-nagrod","status":"publish","type":"page","link":"https:\/\/sp1hrubieszow.pl\/index.php\/kronika-2020-2021\/konkursy-nie-dajemy-mocy-szkolnej-przemocy-z-okazji-dnia-szkoly-bez-przemocy-wreczenie-nagrod\/","title":{"rendered":"Konkursy \u201eNie dajemy mocy szkolnej przemocy\u201d z okazji \u201eDnia szko\u0142y bez przemocy\u201d Wr\u0119czenie nagr\u00f3d"},"content":{"rendered":"\n<div class=\"o9v6fnle cxmmr5t8 oygrvhab hcukyx3x c1et5uql ii04i59q\">\n<div dir=\"auto\"><span style=\"color: #000080;\">Konkursy zorganizowane zosta\u0142y w ramach projektu \u201eAkademia Szkolnych Lider\u00f3w Przysz\u0142o\u015bci\u201d i mia\u0142y na celu budowanie prawid\u0142owych relacji w szkole oraz zapobieganie zjawisku przemocy r\u00f3wie\u015bniczej. Komisja konkursowa w sk\u0142adzie: Stefania Suchecka, kl. VIc, Wiktoria Najfeld, kl. VIId oraz Aleksandra Szymko, kl. VIIIb, nagrodzi\u0142a nast\u0119puj\u0105ce osoby i klasy:<\/span><\/div>\n<\/div>\n<div class=\"o9v6fnle cxmmr5t8 oygrvhab hcukyx3x c1et5uql ii04i59q\">\n<div dir=\"auto\"><span style=\"color: #000080;\">Konkurs plastyczny klasy 0-III<\/span><\/div>\n<div dir=\"auto\"><span style=\"color: #000080;\">I miejsce- Julia Kiszel z kl. IIIB<\/span><\/div>\n<div dir=\"auto\"><span style=\"color: #000080;\">II miejsce-Hanna Sidorczuk, kl. IIa<\/span><\/div>\n<div dir=\"auto\"><span style=\"color: #000080;\">III miejsca- Maciej Grzeszczuk, kl. IIIb i Ada Kowalczuk, kl. Ia<\/span><\/div>\n<div dir=\"auto\"><span style=\"color: #000080;\">Wyr\u00f3\u017cnienia:<\/span><\/div>\n<div dir=\"auto\"><span style=\"color: #000080;\">1.Jakub Karpiuk, grupa \u201e0\u201d<\/span><\/div>\n<div dir=\"auto\"><span style=\"color: #000080;\">2. Lena Ni\u017anikowska, kl. IIc<\/span><\/div>\n<div dir=\"auto\"><span style=\"color: #000080;\">3. Alan Litwi\u0144czuk, kl. IIIa<\/span><\/div>\n<div dir=\"auto\"><span style=\"color: #000080;\">4. Martyna Jasic, kl. IIa<\/span><\/div>\n<div dir=\"auto\"><span style=\"color: #000080;\">5. Martyna Balcer. Kl. IIIb<\/span><\/div>\n<div dir=\"auto\"><span style=\"color: #000080;\">6. Julia Wi\u015bniewska, kl. IIa<\/span><\/div>\n<\/div>\n<div class=\"o9v6fnle cxmmr5t8 oygrvhab hcukyx3x c1et5uql ii04i59q\">\n<div dir=\"auto\"><span style=\"color: #000080;\">Konkurs plastyczny, klasy IV-VIII<\/span><\/div>\n<div dir=\"auto\"><span style=\"color: #000080;\">I miejsce- Wiktoria Dynkiewicz, klasa IVb<\/span><\/div>\n<div dir=\"auto\"><span style=\"color: #000080;\">III miejsce-Zofia \u015aliwa, kl. VIIb<\/span><\/div>\n<div dir=\"auto\"><span style=\"color: #000080;\">III miejsce-\u0141ukasz D\u0105browski, kl. IVb<\/span><\/div>\n<\/div>\n<div class=\"o9v6fnle cxmmr5t8 oygrvhab hcukyx3x c1et5uql ii04i59q\">\n<div dir=\"auto\"><span style=\"color: #000080;\">Konkurs literacki-laureaci<\/span><\/div>\n<div dir=\"auto\"><span style=\"color: #000080;\">1. Karolina Danilczuk, kl. IIIa<\/span><\/div>\n<div dir=\"auto\"><span style=\"color: #000080;\">2. Anastazja Szczur, kl. IIb<\/span><\/div>\n<div dir=\"auto\"><span style=\"color: #000080;\">3. Marcin Lackowski, kl. Va<\/span><\/div>\n<\/div>\n<div class=\"o9v6fnle cxmmr5t8 oygrvhab hcukyx3x c1et5uql ii04i59q\">\n<div dir=\"auto\"><span style=\"color: #000080;\">Konkurs na zdj\u0119cie z has\u0142em przeciw przemocy-laureaci<\/span><\/div>\n<div dir=\"auto\"><span style=\"color: #000080;\">1.Iga Nowosad, kl. IIIa<\/span><\/div>\n<div dir=\"auto\"><span style=\"color: #000080;\">2. Igor Wojtiuk, kl. IIIa<\/span><\/div>\n<div dir=\"auto\"><span style=\"color: #000080;\">3. Weronika Wo\u017anica, kl. IIIa<\/span><\/div>\n<div dir=\"auto\"><span style=\"color: #000080;\">4. Karol Stadnicki, kl. Va<\/span><\/div>\n<\/div>\n<div class=\"o9v6fnle cxmmr5t8 oygrvhab hcukyx3x c1et5uql ii04i59q\">\n<div dir=\"auto\"><span style=\"color: #000080;\">Konkurs na klasowy plakat \u201eNie dajemy mocy szkolnej przemocy\u201d<\/span><\/div>\n<div dir=\"auto\"><span style=\"color: #000080;\">Klasy I-III laureaci: Klasa IIc, wychowawca p. Joanna Bartnik,<\/span><\/div>\n<div dir=\"auto\"><span style=\"color: #000080;\">klasa IIIa, wychowawca p. Ma\u0142gorzata Serafin oraz klasa IIIc wychowawca p. Joanna Nazar<\/span><\/div>\n<div dir=\"auto\"><span style=\"color: #000080;\">Klasy IV-VI laureaci:<\/span><\/div>\n<div dir=\"auto\"><span style=\"color: #000080;\">I miejsce- IV b, wychowawca p. Ewa Filipowicz-Sidorczuk<\/span><\/div>\n<div dir=\"auto\"><span style=\"color: #000080;\">II miejsce-IVc, wychowawca, p. Anna Lewandowska<\/span><\/div>\n<div dir=\"auto\"><span style=\"color: #000080;\">II miejsce-VIIb-wychowawca p. Monika Czulak<\/span><\/div>\n<div dir=\"auto\"><span style=\"color: #000080;\">Wyr\u00f3\u017cnienia:<\/span><\/div>\n<div dir=\"auto\"><span style=\"color: #000080;\">1. Klasa VIIIc, wychowawca p. Marta Lackowska<\/span><\/div>\n<div dir=\"auto\"><span style=\"color: #000080;\">2. Klasa Va-wychowawca p. Ewa Szostak<\/span><\/div>\n<div dir=\"auto\"><span style=\"color: #000080;\">3. Klasa VIIa-wychowawca p. Arleta Kowalska<\/span><\/div>\n<div dir=\"auto\"><span style=\"color: #000080;\">4. Klasa VIId-wychowawca p. Aneta Rycerz<\/span><\/div>\n<\/div>\n<div class=\"o9v6fnle cxmmr5t8 oygrvhab hcukyx3x c1et5uql ii04i59q\">\n<div dir=\"auto\"><span style=\"color: #000080;\">Nagrody ufundowa\u0142a Gmina Miejska Hrubiesz\u00f3w w ramach realizacji programu \u201e(U)wa\u017cna Profilaktyka\u201d.<\/span><\/div>\n<div dir=\"auto\">&nbsp;<\/div>\n<\/div>\n<div class=\"o9v6fnle cxmmr5t8 oygrvhab hcukyx3x c1et5uql ii04i59q\">\n<div dir=\"auto\" style=\"text-align: right;\"><span style=\"color: #000080;\">Organizator: Marta Kuczy\u0144ska, pedagog szkolny<\/span><\/div>\n<div dir=\"auto\">\nngg_shortcode_0_placeholder\n<\/div>\n<\/div>\n","protected":false},"excerpt":{"rendered":"<p>Konkursy zorganizowane zosta\u0142y w ramach projektu \u201eAkademia Szkolnych Lider\u00f3w Przysz\u0142o\u015bci\u201d i mia\u0142y na celu budowanie prawid\u0142owych relacji w szkole oraz zapobieganie zjawisku przemocy r\u00f3wie\u015bniczej. Komisja konkursowa w sk\u0142adzie: Stefania Suchecka, kl. VIc, Wiktoria Najfeld, kl. VIId oraz Aleksandra Szymko, kl. VIIIb, nagrodzi\u0142a nast\u0119puj\u0105ce osoby i klasy: Konkurs plastyczny klasy 0-III I miejsce- Julia Kiszel z [&hellip;]<\/p>\n","protected":false},"author":2,"featured_media":0,"parent":5983,"menu_order":0,"comment_status":"closed","ping_status":"closed","template":"","meta":{"ngg_post_thumbnail":0,"footnotes":""},"class_list":["post-9997","page","type-page","status-publish","hentry"],"_links":{"self":[{"href":"https:\/\/sp1hrubieszow.pl\/index.php\/wp-json\/wp\/v2\/pages\/9997","targetHints":{"allow":["GET"]}}],"collection":[{"href":"https:\/\/sp1hrubieszow.pl\/index.php\/wp-json\/wp\/v2\/pages"}],"about":[{"href":"https:\/\/sp1hrubieszow.pl\/index.php\/wp-json\/wp\/v2\/types\/page"}],"author":[{"embeddable":true,"href":"https:\/\/sp1hrubieszow.pl\/index.php\/wp-json\/wp\/v2\/users\/2"}],"replies":[{"embeddable":true,"href":"https:\/\/sp1hrubieszow.pl\/index.php\/wp-json\/wp\/v2\/comments?post=9997"}],"version-history":[{"count":1,"href":"https:\/\/sp1hrubieszow.pl\/index.php\/wp-json\/wp\/v2\/pages\/9997\/revisions"}],"predecessor-version":[{"id":9998,"href":"https:\/\/sp1hrubieszow.pl\/index.php\/wp-json\/wp\/v2\/pages\/9997\/revisions\/9998"}],"up":[{"embeddable":true,"href":"https:\/\/sp1hrubieszow.pl\/index.php\/wp-json\/wp\/v2\/pages\/5983"}],"wp:attachment":[{"href":"https:\/\/sp1hrubieszow.pl\/index.php\/wp-json\/wp\/v2\/media?parent=9997"}],"curies":[{"name":"wp","href":"https:\/\/api.w.org\/{rel}","templated":true}]}}