{"id":9745,"date":"2021-06-08T15:34:28","date_gmt":"2021-06-08T13:34:28","guid":{"rendered":"http:\/\/sp1.hrubieszow.info\/?page_id=9745"},"modified":"2021-06-08T15:34:56","modified_gmt":"2021-06-08T13:34:56","slug":"narodowy-spis-powszechny-ludnosci-i-mieszkan-2021-dla-uczniow-szkol-podstawowych","status":"publish","type":"page","link":"https:\/\/sp1hrubieszow.pl\/index.php\/kronika-2020-2021\/narodowy-spis-powszechny-ludnosci-i-mieszkan-2021-dla-uczniow-szkol-podstawowych\/","title":{"rendered":"Narodowy Spis Powszechny Ludno\u015bci i Mieszka\u0144 2021 dla uczni\u00f3w szk\u00f3\u0142 podstawowych"},"content":{"rendered":"\n<p><span style=\"color: #000080;\">szczeg\u00f3\u0142y w za\u0142\u0105czniku&nbsp;<\/span><\/p>\n<p><span style=\"color: #000080;\"><strong><a style=\"color: #000080;\" href=\"http:\/\/sp1.hrubieszow.info\/wp-content\/uploads\/2021\/06\/Narodowy-Spis-Powszechny-Ludno\u015bci-i-Mieszka\u0144-2021-dla-uczni\u00f3w-szk\u00f3\u0142-podstawowych.docx\">Narodowy Spis Powszechny Ludno\u015bci i Mieszka\u0144 2021 dla uczni\u00f3w szk\u00f3\u0142 podstawowych<\/a><\/strong><\/span><\/p>\n","protected":false},"excerpt":{"rendered":"<p>szczeg\u00f3\u0142y w za\u0142\u0105czniku&nbsp; Narodowy Spis Powszechny Ludno\u015bci i Mieszka\u0144 2021 dla uczni\u00f3w szk\u00f3\u0142 podstawowych<\/p>\n","protected":false},"author":2,"featured_media":0,"parent":5983,"menu_order":0,"comment_status":"closed","ping_status":"closed","template":"","meta":{"ngg_post_thumbnail":0,"footnotes":""},"class_list":["post-9745","page","type-page","status-publish","hentry"],"_links":{"self":[{"href":"https:\/\/sp1hrubieszow.pl\/index.php\/wp-json\/wp\/v2\/pages\/9745","targetHints":{"allow":["GET"]}}],"collection":[{"href":"https:\/\/sp1hrubieszow.pl\/index.php\/wp-json\/wp\/v2\/pages"}],"about":[{"href":"https:\/\/sp1hrubieszow.pl\/index.php\/wp-json\/wp\/v2\/types\/page"}],"author":[{"embeddable":true,"href":"https:\/\/sp1hrubieszow.pl\/index.php\/wp-json\/wp\/v2\/users\/2"}],"replies":[{"embeddable":true,"href":"https:\/\/sp1hrubieszow.pl\/index.php\/wp-json\/wp\/v2\/comments?post=9745"}],"version-history":[{"count":1,"href":"https:\/\/sp1hrubieszow.pl\/index.php\/wp-json\/wp\/v2\/pages\/9745\/revisions"}],"predecessor-version":[{"id":9746,"href":"https:\/\/sp1hrubieszow.pl\/index.php\/wp-json\/wp\/v2\/pages\/9745\/revisions\/9746"}],"up":[{"embeddable":true,"href":"https:\/\/sp1hrubieszow.pl\/index.php\/wp-json\/wp\/v2\/pages\/5983"}],"wp:attachment":[{"href":"https:\/\/sp1hrubieszow.pl\/index.php\/wp-json\/wp\/v2\/media?parent=9745"}],"curies":[{"name":"wp","href":"https:\/\/api.w.org\/{rel}","templated":true}]}}