{"id":9646,"date":"2021-05-25T18:55:07","date_gmt":"2021-05-25T16:55:07","guid":{"rendered":"http:\/\/sp1.hrubieszow.info\/?page_id=9646"},"modified":"2021-05-25T18:59:59","modified_gmt":"2021-05-25T16:59:59","slug":"maly-konkurs-recytatorski","status":"publish","type":"page","link":"https:\/\/sp1hrubieszow.pl\/index.php\/kronika-2020-2021\/maly-konkurs-recytatorski\/","title":{"rendered":"MA\u0141Y KONKURS RECYTATORSKI"},"content":{"rendered":"\n<p><span style=\"color: #000080;\">21 maja 2021 roku uczniowie naszej szko\u0142y: Martyna Mielniczuk (7c), Nikola Czulak (7b), Pawe\u0142 Stankiewicz (6a), Olaf Lewandowski (6a), Oskar Urbaniak (4a), Larysa Zymon (2c), Lena Ni\u017anikowska (2c) i Konrad Naja (2c), brali udzia\u0142 w 40-tym Ma\u0142ym Konkursie Recytatorskim organizowanym przez Hrubieszowski Dom Kultury. By\u0142y to eliminacje powiatowe.<\/span><br><span style=\"color: #000080;\">Wygrali: MARTYNA MIELNICZUK oraz PAWE\u0141 STANKIEWICZ, kt\u00f3ry we\u017amie udzia\u0142 w konkursie wojew\u00f3dzkim w Lublinie.<\/span><br><span style=\"color: #000080;\">Wszyscy uczestnicy otrzymali podzi\u0119kowania, a wygrani, dodatkowo \u2013 nagrody.<\/span><\/p>\n<p style=\"text-align: right;\"><span style=\"color: #000080;\">Ewa Tymecka<\/span><\/p>\nngg_shortcode_0_placeholder\n","protected":false},"excerpt":{"rendered":"<p>21 maja 2021 roku uczniowie naszej szko\u0142y: Martyna Mielniczuk (7c), Nikola Czulak (7b), Pawe\u0142 Stankiewicz (6a), Olaf Lewandowski (6a), Oskar Urbaniak (4a), Larysa Zymon (2c), Lena Ni\u017anikowska (2c) i Konrad Naja (2c), brali udzia\u0142 w 40-tym Ma\u0142ym Konkursie Recytatorskim organizowanym przez Hrubieszowski Dom Kultury. By\u0142y to eliminacje powiatowe.Wygrali: MARTYNA MIELNICZUK oraz PAWE\u0141 STANKIEWICZ, kt\u00f3ry we\u017amie [&hellip;]<\/p>\n","protected":false},"author":2,"featured_media":0,"parent":5983,"menu_order":0,"comment_status":"closed","ping_status":"closed","template":"","meta":{"ngg_post_thumbnail":0,"footnotes":""},"class_list":["post-9646","page","type-page","status-publish","hentry"],"_links":{"self":[{"href":"https:\/\/sp1hrubieszow.pl\/index.php\/wp-json\/wp\/v2\/pages\/9646","targetHints":{"allow":["GET"]}}],"collection":[{"href":"https:\/\/sp1hrubieszow.pl\/index.php\/wp-json\/wp\/v2\/pages"}],"about":[{"href":"https:\/\/sp1hrubieszow.pl\/index.php\/wp-json\/wp\/v2\/types\/page"}],"author":[{"embeddable":true,"href":"https:\/\/sp1hrubieszow.pl\/index.php\/wp-json\/wp\/v2\/users\/2"}],"replies":[{"embeddable":true,"href":"https:\/\/sp1hrubieszow.pl\/index.php\/wp-json\/wp\/v2\/comments?post=9646"}],"version-history":[{"count":1,"href":"https:\/\/sp1hrubieszow.pl\/index.php\/wp-json\/wp\/v2\/pages\/9646\/revisions"}],"predecessor-version":[{"id":9647,"href":"https:\/\/sp1hrubieszow.pl\/index.php\/wp-json\/wp\/v2\/pages\/9646\/revisions\/9647"}],"up":[{"embeddable":true,"href":"https:\/\/sp1hrubieszow.pl\/index.php\/wp-json\/wp\/v2\/pages\/5983"}],"wp:attachment":[{"href":"https:\/\/sp1hrubieszow.pl\/index.php\/wp-json\/wp\/v2\/media?parent=9646"}],"curies":[{"name":"wp","href":"https:\/\/api.w.org\/{rel}","templated":true}]}}