{"id":9476,"date":"2021-05-11T12:44:07","date_gmt":"2021-05-11T10:44:07","guid":{"rendered":"http:\/\/sp1.hrubieszow.info\/?page_id=9476"},"modified":"2021-05-11T12:44:23","modified_gmt":"2021-05-11T10:44:23","slug":"konkurs-zamosc-the-ideal-town","status":"publish","type":"page","link":"https:\/\/sp1hrubieszow.pl\/index.php\/kronika-2020-2021\/konkurs-zamosc-the-ideal-town\/","title":{"rendered":"Konkurs \u201e Zamo\u015b\u0107 the Ideal Town\u201d"},"content":{"rendered":"\n<p><span style=\"color: #000080;\">Dnia 10.05.2021 nasza uczennica Agata Czajkowska z klasy 8c odebra\u0142a nagrod\u0119 za udzia\u0142 w konkursie \u201e Zamo\u015b\u0107 the Ideal Town\u201d organizowanym pod patronatem Prezydenta Miasta Zamo\u015b\u0107 przez Zesp\u00f3\u0142 Szk\u00f3\u0142 Ponadpodstawowych Nr 3 w Zamo\u015bciu.&nbsp; By\u0142a to ju\u017c VIII edycja tego konkursu o zasi\u0119gu regionalnym. Jest to konkurs wiedzy o mie\u015bcie Zamo\u015bciu w j\u0119zyku angielskim, kt\u00f3rego celem jest promowanie tego miasta w\u015br\u00f3d turyst\u00f3w. Tegorocznym zadaniem by\u0142o wykonanie filmu lub prezentacji multimedialnej w j\u0119zyku angielskim przedstawiaj\u0105c walory historyczne, architektoniczne i turystyczne Zamo\u015bcia.&nbsp; W naszej szkole tego zadania podj\u0119\u0142y si\u0119 2 uczennice z klasy 8c: Zuzanna Greszeta i Agata Czajkowska, kt\u00f3ra zdoby\u0142a uznanie jury i zosta\u0142a nagrodzona wyr\u00f3\u017cnieniem w kategorii:&nbsp; prezentacja. Zdaniem organizator\u00f3w konkursu poziom prac by\u0142 bardzo wysoki,&nbsp; dlatego te\u017c obu uczennicom gratulujemy, \u017cyczymy sukces\u00f3w i satysfakcji z rozwijania swoich zainteresowa\u0144 i umiej\u0119tno\u015bci j\u0119zykowych. Zach\u0119camy do obejrzenia prezentacji konkursowych i zdj\u0119\u0107 z uroczysto\u015bci wr\u0119czenia nagr\u00f3d.<\/span><\/p>\n<p><span style=\"color: #000080;\"><a style=\"color: #000080;\" href=\"http:\/\/sp1.hrubieszow.info\/wp-content\/uploads\/2021\/05\/Zamo\u015b\u0107-The-Ideal-Town-Zuzanna-Greszeta-8c.pptx\"><strong>Zamo\u015b\u0107 The Ideal Town Zuzanna Greszeta 8c<\/strong><\/a><\/span><\/p>\n<p><span style=\"color: #000080;\"><strong><a style=\"color: #000080;\" href=\"http:\/\/sp1.hrubieszow.info\/wp-content\/uploads\/2021\/05\/Prezentacja-Zamo\u015b\u0107-The-Ideal-Town-2.pptx\">Prezentacja &#8211; Zamo\u015b\u0107 The Ideal Town 2<\/a><\/strong><\/span><\/p>\nngg_shortcode_0_placeholder\n","protected":false},"excerpt":{"rendered":"<p>Dnia 10.05.2021 nasza uczennica Agata Czajkowska z klasy 8c odebra\u0142a nagrod\u0119 za udzia\u0142 w konkursie \u201e Zamo\u015b\u0107 the Ideal Town\u201d organizowanym pod patronatem Prezydenta Miasta Zamo\u015b\u0107 przez Zesp\u00f3\u0142 Szk\u00f3\u0142 Ponadpodstawowych Nr 3 w Zamo\u015bciu.&nbsp; By\u0142a to ju\u017c VIII edycja tego konkursu o zasi\u0119gu regionalnym. Jest to konkurs wiedzy o mie\u015bcie Zamo\u015bciu w j\u0119zyku angielskim, kt\u00f3rego [&hellip;]<\/p>\n","protected":false},"author":2,"featured_media":0,"parent":5983,"menu_order":0,"comment_status":"closed","ping_status":"closed","template":"","meta":{"ngg_post_thumbnail":0,"footnotes":""},"class_list":["post-9476","page","type-page","status-publish","hentry"],"_links":{"self":[{"href":"https:\/\/sp1hrubieszow.pl\/index.php\/wp-json\/wp\/v2\/pages\/9476","targetHints":{"allow":["GET"]}}],"collection":[{"href":"https:\/\/sp1hrubieszow.pl\/index.php\/wp-json\/wp\/v2\/pages"}],"about":[{"href":"https:\/\/sp1hrubieszow.pl\/index.php\/wp-json\/wp\/v2\/types\/page"}],"author":[{"embeddable":true,"href":"https:\/\/sp1hrubieszow.pl\/index.php\/wp-json\/wp\/v2\/users\/2"}],"replies":[{"embeddable":true,"href":"https:\/\/sp1hrubieszow.pl\/index.php\/wp-json\/wp\/v2\/comments?post=9476"}],"version-history":[{"count":1,"href":"https:\/\/sp1hrubieszow.pl\/index.php\/wp-json\/wp\/v2\/pages\/9476\/revisions"}],"predecessor-version":[{"id":9477,"href":"https:\/\/sp1hrubieszow.pl\/index.php\/wp-json\/wp\/v2\/pages\/9476\/revisions\/9477"}],"up":[{"embeddable":true,"href":"https:\/\/sp1hrubieszow.pl\/index.php\/wp-json\/wp\/v2\/pages\/5983"}],"wp:attachment":[{"href":"https:\/\/sp1hrubieszow.pl\/index.php\/wp-json\/wp\/v2\/media?parent=9476"}],"curies":[{"name":"wp","href":"https:\/\/api.w.org\/{rel}","templated":true}]}}