{"id":9452,"date":"2021-05-11T12:13:40","date_gmt":"2021-05-11T10:13:40","guid":{"rendered":"http:\/\/sp1.hrubieszow.info\/?page_id=9452"},"modified":"2021-05-11T12:14:00","modified_gmt":"2021-05-11T10:14:00","slug":"hrubieszow-gora-nasz-uczen-maciej-borzecki-laureatem-konkursu-miedzynarodowego-z-jezyka-angielskiego","status":"publish","type":"page","link":"https:\/\/sp1hrubieszow.pl\/index.php\/kronika-2020-2021\/hrubieszow-gora-nasz-uczen-maciej-borzecki-laureatem-konkursu-miedzynarodowego-z-jezyka-angielskiego\/","title":{"rendered":"Hrubiesz\u00f3w g\u00f3r\u0105! Nasz ucze\u0144 Maciej Borz\u0119cki laureatem konkursu mi\u0119dzynarodowego z j\u0119zyka angielskiego!"},"content":{"rendered":"\n<p><span style=\"color: #000080;\">Maciej Borz\u0119cki zdoby\u0142 pierwsze miejsce w konkursie mi\u0119dzynarodowym \u201eLet\u2019s Celebrate European Day\u201d zorganizowanym przez Ekonomska \u0161kola Po\u017eega, the European Parliament Ambassador School w Chorwacji. Konkurs odby\u0142 si\u0119 pod patronatem Instytutu Goethego oraz&nbsp; Stowarzyszenia Anglist\u00f3w i Germanist\u00f3w w Chorwacji.<\/span><\/p>\n<p><span style=\"color: #000080;\">Maciek pokona\u0142 125 konkurent\u00f3w z 14 kraj\u00f3w (Chorwacja, Polska, Bo\u015bnia i Hercegowina, Indie, Turcja, Rumunia, Indonezja, Rosja, Uzbekistan, Wietnam, Grecja, Tunezja, Ukraina, Czarnog\u00f3ra) po\u0142o\u017conych na trzech kontynentach! Ch\u0142opiec nagra\u0142 fantastyczny film, w kt\u00f3rym z\u0142o\u017cy\u0142 \u017cyczenia Unii Europejskiej. W swojej pracy wykaza\u0142 si\u0119 niezwyk\u0142\u0105 kreatywno\u015bci\u0105, pracowito\u015bci\u0105 oraz znakomit\u0105 znajomo\u015bci\u0105 j\u0119zyka angielskiego. Maciek jest bardzo inteligentnym i pracowitym uczniem, odnosi sukcesy na wielu p\u0142aszczyznach. Jego zwyci\u0119stwo jest najlepszym przyk\u0142adem na to, \u017ce miejsce zamieszkania nas w niczym nie ogranicza. Swoj\u0105 postaw\u0105 udowadnia, \u017ce poprzez sumienne d\u0105\u017cenie do celu mo\u017cna przenosi\u0107 g\u00f3ry i spe\u0142nia\u0107 swoje marzenia.<\/span><\/p>\n<p><span style=\"color: #000080;\">Maj\u0105c takich uczni\u00f3w wiemy, \u017ce jeste\u015bmy na odpowiednim miejscu i zmierzamy we w\u0142a\u015bciwym kierunku. Wielkie brawa Maciek!<\/span><\/p>\n<p style=\"text-align: right;\"><span style=\"color: #000080;\">Opiekun: Justyna Przybik<\/span><\/p>\nngg_shortcode_0_placeholder\n","protected":false},"excerpt":{"rendered":"<p>Maciej Borz\u0119cki zdoby\u0142 pierwsze miejsce w konkursie mi\u0119dzynarodowym \u201eLet\u2019s Celebrate European Day\u201d zorganizowanym przez Ekonomska \u0161kola Po\u017eega, the European Parliament Ambassador School w Chorwacji. Konkurs odby\u0142 si\u0119 pod patronatem Instytutu Goethego oraz&nbsp; Stowarzyszenia Anglist\u00f3w i Germanist\u00f3w w Chorwacji. Maciek pokona\u0142 125 konkurent\u00f3w z 14 kraj\u00f3w (Chorwacja, Polska, Bo\u015bnia i Hercegowina, Indie, Turcja, Rumunia, Indonezja, Rosja, [&hellip;]<\/p>\n","protected":false},"author":2,"featured_media":0,"parent":5983,"menu_order":0,"comment_status":"closed","ping_status":"closed","template":"","meta":{"ngg_post_thumbnail":0,"footnotes":""},"class_list":["post-9452","page","type-page","status-publish","hentry"],"_links":{"self":[{"href":"https:\/\/sp1hrubieszow.pl\/index.php\/wp-json\/wp\/v2\/pages\/9452","targetHints":{"allow":["GET"]}}],"collection":[{"href":"https:\/\/sp1hrubieszow.pl\/index.php\/wp-json\/wp\/v2\/pages"}],"about":[{"href":"https:\/\/sp1hrubieszow.pl\/index.php\/wp-json\/wp\/v2\/types\/page"}],"author":[{"embeddable":true,"href":"https:\/\/sp1hrubieszow.pl\/index.php\/wp-json\/wp\/v2\/users\/2"}],"replies":[{"embeddable":true,"href":"https:\/\/sp1hrubieszow.pl\/index.php\/wp-json\/wp\/v2\/comments?post=9452"}],"version-history":[{"count":1,"href":"https:\/\/sp1hrubieszow.pl\/index.php\/wp-json\/wp\/v2\/pages\/9452\/revisions"}],"predecessor-version":[{"id":9453,"href":"https:\/\/sp1hrubieszow.pl\/index.php\/wp-json\/wp\/v2\/pages\/9452\/revisions\/9453"}],"up":[{"embeddable":true,"href":"https:\/\/sp1hrubieszow.pl\/index.php\/wp-json\/wp\/v2\/pages\/5983"}],"wp:attachment":[{"href":"https:\/\/sp1hrubieszow.pl\/index.php\/wp-json\/wp\/v2\/media?parent=9452"}],"curies":[{"name":"wp","href":"https:\/\/api.w.org\/{rel}","templated":true}]}}