{"id":9361,"date":"2021-05-07T19:41:45","date_gmt":"2021-05-07T17:41:45","guid":{"rendered":"http:\/\/sp1.hrubieszow.info\/?page_id=9361"},"modified":"2021-05-07T19:41:58","modified_gmt":"2021-05-07T17:41:58","slug":"ii-miejsce-w-wojewodzkim-konkursie","status":"publish","type":"page","link":"https:\/\/sp1hrubieszow.pl\/index.php\/kronika-2020-2021\/ii-miejsce-w-wojewodzkim-konkursie\/","title":{"rendered":"II miejsce w wojew\u00f3dzkim konkursie"},"content":{"rendered":"\n<p><span style=\"color: #000080;\"><b>\u201eKsi\u0105\u017cki s\u0105 lustrem, widzisz w nich tylko to,&nbsp;<\/b><b>co ju\u017c masz w sobie.\u201d C. Zafon<\/b><\/span><\/p>\n<p><span style=\"color: #000080;\">Pod tym has\u0142em zosta\u0142 zorganizowany wojew\u00f3dzki konkurs z okazji \u015awiatowego Dnia Ksi\u0105\u017cki i Praw Autorskich. Organizatorem konkursu by\u0142a Biblioteka SP 30 w Lublinie.&nbsp;<\/span><\/p>\n<p><span style=\"color: #000080;\">Bardzo nam mi\u0142o poinformowa\u0107, \u017ce ucze\u0144 naszej szko\u0142y &#8211; Tomasz Skoczylas z kl. 6d zaj\u0105\u0142 II miejsce w tym konkursie w kategorii literackiej. Sk\u0142adamy gratulacje Tomkowi oraz jego nauczycielce pani Anecie Rycerz. Brawo!<\/span><\/p>\n<p><span style=\"color: #000080;\">Serdecznie dzi\u0119kujemy tak\u017ce wszystkim uczniom naszej szko\u0142y, kt\u00f3rzy wzi\u0119li udzia\u0142 w konkursie. Szczeg\u00f3lne podzi\u0119kowania sk\u0142adamy dzieciom z klasy 3a, kt\u00f3re pod kierunkiem pani Ma\u0142gorzaty Serafin, przygotowa\u0142y przepi\u0119kne pami\u0119tniki czytelnika.&nbsp;<\/span><\/p>\nngg_shortcode_0_placeholder\n","protected":false},"excerpt":{"rendered":"<p>\u201eKsi\u0105\u017cki s\u0105 lustrem, widzisz w nich tylko to,&nbsp;co ju\u017c masz w sobie.\u201d C. Zafon Pod tym has\u0142em zosta\u0142 zorganizowany wojew\u00f3dzki konkurs z okazji \u015awiatowego Dnia Ksi\u0105\u017cki i Praw Autorskich. Organizatorem konkursu by\u0142a Biblioteka SP 30 w Lublinie.&nbsp; Bardzo nam mi\u0142o poinformowa\u0107, \u017ce ucze\u0144 naszej szko\u0142y &#8211; Tomasz Skoczylas z kl. 6d zaj\u0105\u0142 II miejsce w [&hellip;]<\/p>\n","protected":false},"author":2,"featured_media":0,"parent":5983,"menu_order":0,"comment_status":"closed","ping_status":"closed","template":"","meta":{"ngg_post_thumbnail":0,"footnotes":""},"class_list":["post-9361","page","type-page","status-publish","hentry"],"_links":{"self":[{"href":"https:\/\/sp1hrubieszow.pl\/index.php\/wp-json\/wp\/v2\/pages\/9361","targetHints":{"allow":["GET"]}}],"collection":[{"href":"https:\/\/sp1hrubieszow.pl\/index.php\/wp-json\/wp\/v2\/pages"}],"about":[{"href":"https:\/\/sp1hrubieszow.pl\/index.php\/wp-json\/wp\/v2\/types\/page"}],"author":[{"embeddable":true,"href":"https:\/\/sp1hrubieszow.pl\/index.php\/wp-json\/wp\/v2\/users\/2"}],"replies":[{"embeddable":true,"href":"https:\/\/sp1hrubieszow.pl\/index.php\/wp-json\/wp\/v2\/comments?post=9361"}],"version-history":[{"count":1,"href":"https:\/\/sp1hrubieszow.pl\/index.php\/wp-json\/wp\/v2\/pages\/9361\/revisions"}],"predecessor-version":[{"id":9362,"href":"https:\/\/sp1hrubieszow.pl\/index.php\/wp-json\/wp\/v2\/pages\/9361\/revisions\/9362"}],"up":[{"embeddable":true,"href":"https:\/\/sp1hrubieszow.pl\/index.php\/wp-json\/wp\/v2\/pages\/5983"}],"wp:attachment":[{"href":"https:\/\/sp1hrubieszow.pl\/index.php\/wp-json\/wp\/v2\/media?parent=9361"}],"curies":[{"name":"wp","href":"https:\/\/api.w.org\/{rel}","templated":true}]}}

II miejsce w wojewódzkim konkursie

<p><span style="color: #000080;"><b>„Książki są lustrem, widzisz w nich tylko to,&nbsp;</b><b>co już masz w sobie.” C. Zafon</b></span></p>
<p><span style="color: #000080;">Pod tym hasłem został zorganizowany wojewódzki konkurs z okazji Światowego Dnia Książki i Praw Autorskich. Organizatorem konkursu była Biblioteka SP 30 w Lublinie.&nbsp;</span></p>
<p><span style="color: #000080;">Bardzo nam miło poinformować, że uczeń naszej szkoły &#8211; Tomasz Skoczylas z kl. 6d zajął II miejsce w tym konkursie w kategorii literackiej. Składamy gratulacje Tomkowi oraz jego nauczycielce pani Anecie Rycerz. Brawo!</span></p>
<p><span style="color: #000080;">Serdecznie dziękujemy także wszystkim uczniom naszej szkoły, którzy wzięli udział w konkursie. Szczególne podziękowania składamy dzieciom z klasy 3a, które pod kierunkiem pani Małgorzaty Serafin, przygotowały przepiękne pamiętniki czytelnika.&nbsp;</span></p>
ngg_shortcode_0_placeholder

<p>„Książki są lustrem, widzisz w nich tylko to,&nbsp;co już masz w sobie.” C. Zafon Pod tym hasłem został zorganizowany wojewódzki konkurs z okazji Światowego Dnia Książki i Praw Autorskich. Organizatorem konkursu była Biblioteka SP 30 w Lublinie.&nbsp; Bardzo nam miło poinformować, że uczeń naszej szkoły &#8211; Tomasz Skoczylas z kl. 6d zajął II miejsce w [&hellip;]</p>
