{"id":9209,"date":"2021-05-04T09:42:26","date_gmt":"2021-05-04T07:42:26","guid":{"rendered":"http:\/\/sp1.hrubieszow.info\/?page_id=9209"},"modified":"2021-05-04T09:42:57","modified_gmt":"2021-05-04T07:42:57","slug":"uwaga-odnosnie-platnosci-za-obiady","status":"publish","type":"page","link":"https:\/\/sp1hrubieszow.pl\/index.php\/kronika-2020-2021\/uwaga-odnosnie-platnosci-za-obiady\/","title":{"rendered":"Uwaga &#8211; odno\u015bnie p\u0142atno\u015bci za obiady."},"content":{"rendered":"\n<p><span style=\"color: #000080;\">W dniu (04.05.20121 wtorek)<\/span><\/p>\n<p><span style=\"color: #000080;\">uczniowie Klas 0-3 otrzymaj\u0105 karteczki z kwot\u0105 do wp\u0142aty za obiady<\/span><\/p>\n<p><span style=\"color: #000080;\">w miesi\u0105cu maju 20121 r.<\/span><\/p>\n<p><span style=\"color: #000080;\"><strong>Wp\u0142at dokonujemy w dniach 04-10.05.20121 r.<\/strong><\/span><\/p>\n","protected":false},"excerpt":{"rendered":"<p>W dniu (04.05.20121 wtorek) uczniowie Klas 0-3 otrzymaj\u0105 karteczki z kwot\u0105 do wp\u0142aty za obiady w miesi\u0105cu maju 20121 r. Wp\u0142at dokonujemy w dniach 04-10.05.20121 r.<\/p>\n","protected":false},"author":2,"featured_media":0,"parent":5983,"menu_order":0,"comment_status":"closed","ping_status":"closed","template":"","meta":{"ngg_post_thumbnail":0,"footnotes":""},"class_list":["post-9209","page","type-page","status-publish","hentry"],"_links":{"self":[{"href":"https:\/\/sp1hrubieszow.pl\/index.php\/wp-json\/wp\/v2\/pages\/9209","targetHints":{"allow":["GET"]}}],"collection":[{"href":"https:\/\/sp1hrubieszow.pl\/index.php\/wp-json\/wp\/v2\/pages"}],"about":[{"href":"https:\/\/sp1hrubieszow.pl\/index.php\/wp-json\/wp\/v2\/types\/page"}],"author":[{"embeddable":true,"href":"https:\/\/sp1hrubieszow.pl\/index.php\/wp-json\/wp\/v2\/users\/2"}],"replies":[{"embeddable":true,"href":"https:\/\/sp1hrubieszow.pl\/index.php\/wp-json\/wp\/v2\/comments?post=9209"}],"version-history":[{"count":1,"href":"https:\/\/sp1hrubieszow.pl\/index.php\/wp-json\/wp\/v2\/pages\/9209\/revisions"}],"predecessor-version":[{"id":9210,"href":"https:\/\/sp1hrubieszow.pl\/index.php\/wp-json\/wp\/v2\/pages\/9209\/revisions\/9210"}],"up":[{"embeddable":true,"href":"https:\/\/sp1hrubieszow.pl\/index.php\/wp-json\/wp\/v2\/pages\/5983"}],"wp:attachment":[{"href":"https:\/\/sp1hrubieszow.pl\/index.php\/wp-json\/wp\/v2\/media?parent=9209"}],"curies":[{"name":"wp","href":"https:\/\/api.w.org\/{rel}","templated":true}]}}