{"id":9169,"date":"2021-04-30T20:29:57","date_gmt":"2021-04-30T18:29:57","guid":{"rendered":"http:\/\/sp1.hrubieszow.info\/?page_id=9169"},"modified":"2021-04-30T20:32:34","modified_gmt":"2021-04-30T18:32:34","slug":"majowe-swieta","status":"publish","type":"page","link":"https:\/\/sp1hrubieszow.pl\/index.php\/kronika-2020-2021\/majowe-swieta\/","title":{"rendered":"Majowe \u015awi\u0119ta"},"content":{"rendered":"\n<p><img loading=\"lazy\" decoding=\"async\" class=\"alignnone size-medium wp-image-9171\" src=\"http:\/\/sp1.hrubieszow.info\/wp-content\/uploads\/2021\/04\/OIP-300x225.jpg\" alt=\"\" width=\"300\" height=\"225\"><\/p>\n<p><span style=\"color: #000080;\"><strong><a style=\"color: #000080;\" href=\"http:\/\/sp1.hrubieszow.info\/wp-content\/uploads\/2021\/04\/ODEZWA_Swi\u0119to_3_Maja_2021.pdf\">ODEZWA_Swi\u0119to_3_Maja_2021<\/a><\/strong><\/span><\/p>\n<p><span style=\"color: #000080;\"><strong><a style=\"color: #000080;\" href=\"http:\/\/sp1.hrubieszow.info\/wp-content\/uploads\/2021\/04\/Majowe-\u015bwi\u0119ta-to-ulubione-\u015bwi\u0119ta-Polak\u00f3w.docx\">Majowe \u015bwi\u0119ta to ulubione \u015bwi\u0119ta Polak\u00f3w<\/a><\/strong><\/span><\/p>\n","protected":false},"excerpt":{"rendered":"<p>ODEZWA_Swi\u0119to_3_Maja_2021 Majowe \u015bwi\u0119ta to ulubione \u015bwi\u0119ta Polak\u00f3w<\/p>\n","protected":false},"author":2,"featured_media":0,"parent":5983,"menu_order":0,"comment_status":"closed","ping_status":"closed","template":"","meta":{"ngg_post_thumbnail":0,"footnotes":""},"class_list":["post-9169","page","type-page","status-publish","hentry"],"_links":{"self":[{"href":"https:\/\/sp1hrubieszow.pl\/index.php\/wp-json\/wp\/v2\/pages\/9169","targetHints":{"allow":["GET"]}}],"collection":[{"href":"https:\/\/sp1hrubieszow.pl\/index.php\/wp-json\/wp\/v2\/pages"}],"about":[{"href":"https:\/\/sp1hrubieszow.pl\/index.php\/wp-json\/wp\/v2\/types\/page"}],"author":[{"embeddable":true,"href":"https:\/\/sp1hrubieszow.pl\/index.php\/wp-json\/wp\/v2\/users\/2"}],"replies":[{"embeddable":true,"href":"https:\/\/sp1hrubieszow.pl\/index.php\/wp-json\/wp\/v2\/comments?post=9169"}],"version-history":[{"count":2,"href":"https:\/\/sp1hrubieszow.pl\/index.php\/wp-json\/wp\/v2\/pages\/9169\/revisions"}],"predecessor-version":[{"id":9173,"href":"https:\/\/sp1hrubieszow.pl\/index.php\/wp-json\/wp\/v2\/pages\/9169\/revisions\/9173"}],"up":[{"embeddable":true,"href":"https:\/\/sp1hrubieszow.pl\/index.php\/wp-json\/wp\/v2\/pages\/5983"}],"wp:attachment":[{"href":"https:\/\/sp1hrubieszow.pl\/index.php\/wp-json\/wp\/v2\/media?parent=9169"}],"curies":[{"name":"wp","href":"https:\/\/api.w.org\/{rel}","templated":true}]}}