{"id":9154,"date":"2021-04-28T10:32:33","date_gmt":"2021-04-28T08:32:33","guid":{"rendered":"http:\/\/sp1.hrubieszow.info\/?page_id=9154"},"modified":"2021-04-28T10:32:57","modified_gmt":"2021-04-28T08:32:57","slug":"zakonczenie-ix-edycji-warsztatow-madrzy-rodzice","status":"publish","type":"page","link":"https:\/\/sp1hrubieszow.pl\/index.php\/kronika-2020-2021\/zakonczenie-ix-edycji-warsztatow-madrzy-rodzice\/","title":{"rendered":"Zako\u0144czenie IX edycji warsztat\u00f3w \u201eM\u0105drzy Rodzice\u201d"},"content":{"rendered":"\n<div class=\"o9v6fnle cxmmr5t8 oygrvhab hcukyx3x c1et5uql ii04i59q\">\n<div dir=\"auto\" style=\"text-align: center;\"><span style=\"color: #333399;\">\u201eRodzice nie wychowuj\u0105 dzieci dla siebie, tylko dla \u015bwiata i dla nich samych. Kiedy chc\u0105 by\u0107 dobrymi rodzicami, staraj\u0105 si\u0119 opr\u00f3cz korzeni dawa\u0107 dzieciom tak\u017ce skrzyd\u0142a\u201d<\/span><\/div>\n<div dir=\"auto\" style=\"text-align: center;\"><span style=\"color: #333399;\">Agnieszka Stein<\/span><\/div>\n<div dir=\"auto\">&nbsp;<\/div>\n<\/div>\n<div class=\"o9v6fnle cxmmr5t8 oygrvhab hcukyx3x c1et5uql ii04i59q\">\n<div dir=\"auto\"><span style=\"color: #333399;\">W dniu 24.04.2021r.,w Szkole Podstawowej nr 1 w Hrubieszowie, zako\u0144czy\u0142a si\u0119 realizacja IX edycji warsztat\u00f3w \u201eM\u0105drzy Rodzice\u201d, kt\u00f3re odbywa\u0142y si\u0119 w miesi\u0105cach marcu i kwietniu 2021r. i by\u0142y zorganizowane przez Gmin\u0119 Miejsk\u0105 Hrubiesz\u00f3w. Podczas zaj\u0119\u0107 ze specjalistami z r\u00f3\u017cnych dziedzin, uczestnicy warsztat\u00f3w rozwijali kompetencje wychowawcze, utrwalali wiedz\u0119 dotycz\u0105c\u0105 r\u00f3\u017cnych okres\u00f3w rozwojowych dzieci i m\u0142odzie\u017cy a tak\u017ce wymieniali si\u0119 w\u0142asnymi do\u015bwiadczeniami w zakresie trudnej roli rodzica w procesie wychowania m\u0142odego cz\u0142owieka.<\/span><\/div>\n<div dir=\"auto\"><span style=\"color: #333399;\">W toku warsztat\u00f3w rodzice poznali i utrwalili zasady prawid\u0142owej komunikacji z dzieckiem, uczyli si\u0119 jak rozpoznawa\u0107 i rozumie\u0107 emocje dziecka oraz stoj\u0105ce za nimi potrzeby, dowiedzieli si\u0119 jak reagowa\u0107 na trudne zachowania dziecka, konstruktywnie sobie z nimi radzi\u0107 oraz dociera\u0107 do przyczyn problem\u00f3w w celu ich niwelowania. Dzi\u0119ki licznym prezentacjom, materia\u0142om i \u0107wiczeniom rodzice krok po kroku odkrywali jak budowa\u0107 dobre relacje z dzie\u0107mi oraz w naturalny spos\u00f3b kszta\u0142towa\u0107 ich kompetencje emocjonalno-spo\u0142eczne i wychowywa\u0107 w duchu warto\u015bci. Tegoroczna edycja warsztat\u00f3w, zorganizowana w tak trudnych czasach, sta\u0142a si\u0119 tak\u017ce okazj\u0105 do rozmowy na temat wsparcia zdrowia psychicznego dzieci i m\u0142odzie\u017cy oraz rodzic\u00f3w.<\/span><\/div>\n<div dir=\"auto\"><span style=\"color: #333399;\">Warsztaty realizowane by\u0142y w trybie on-line na platformie Microsoft Teams, co podyktowane by\u0142o kwesti\u0105 bezpiecze\u0144stwa rodzic\u00f3w uczestnicz\u0105cych w warsztatach oraz os\u00f3b prowadz\u0105cych. W dniu zako\u0144czenia warsztat\u00f3w oraz w kolejnych dniach rodzice mogli osobi\u015bcie odebra\u0107 materia\u0142y warsztatowe oraz ksi\u0105\u017ck\u0119 i pami\u0105tkowy Certyfikat.<\/span><\/div>\n<div dir=\"auto\"><span style=\"color: #333399;\">Rodzice bardzo pozytywnie wspominaj\u0105 udzia\u0142 w warsztatach i rekomenduj\u0105 udzia\u0142 w nich innym rodzicom. Poni\u017cej wypowiedzi kilku uczestnik\u00f3w warsztat\u00f3w:<\/span><\/div>\n<div dir=\"auto\"><span style=\"color: #333399;\">I. \u201eDzi\u0119kuj\u0119 bardzo za mo\u017cliwo\u015b\u0107 wzi\u0119cia udzia\u0142u w warsztatach, dzi\u0119kuj\u0119 r\u00f3wnie\u017c za cenne wskaz\u00f3wki i rady, za rozja\u015bnienie wielu kwestii na temat wychowywania i trudno\u015bci z tym zwi\u0105zanych. Mam nadziej\u0119, \u017ce uda mi si\u0119 z nich skorzysta\u0107 jak najwi\u0119cej, co uczyni mnie &#8222;lepsz\u0105&#8221; mam\u0105. B\u0119d\u0119 na pewno poleca\u0107 wzi\u0119cie udzia\u0142u w tym przedsi\u0119wzi\u0119ciu. Moim skromnym zdaniem ka\u017cdy rodzic powinien si\u0119 znale\u017a\u0107 na tych warsztatach. By\u0142o cudownie sp\u0119dza\u0107 czas z tak wspania\u0142\u0105 ekip\u0105, co prawda on-line, ale mam nadziej\u0119, \u017ce uda nam si\u0119 spotka\u0107 &#8222;na \u017cywo&#8221; i podyskutowa\u0107\u201d.<\/span><\/div>\n<div dir=\"auto\"><span style=\"color: #333399;\">II. \u201eWarsztaty \u201eM\u0105drzy Rodzice\u201d da\u0142y mi przede wszystkim wiele \u201edo my\u015blenia\u201d. Tematy poruszane na warsztatach by\u0142y bardzo r\u00f3\u017cne, dzi\u0119ki temu mog\u0142am \u201ewyci\u0105gn\u0105\u0107\u201d dla siebie to, co najcenniejsze, aby rozwi\u0105za\u0107 swoje problemy w byciu rodzicem. Powroty do mojego dzieci\u0144stwa pozwoli\u0142y mi na zrozumienie pewnych rzeczy, tematy z\u0142o\u015bci i konsekwencji bardzo mnie zainteresowa\u0142y. Uwa\u017cam, \u017ce warsztaty M\u0105drzy Rodzice s\u0105 bardzo potrzebne <\/span><span style=\"color: #333399;\">w naszej spo\u0142eczno\u015bci. Ka\u017cdy kto ma jakiekolwiek problemy, rozterki zwi\u0105zane z rodzicielstwem, z pewno\u015bci\u0105 znajdzie co\u015b dla siebie. Uzyska pomoc, wsparcie i wskaz\u00f3wki na dalsz\u0105 drog\u0119. My\u015bl\u0119, \u017ce to super sprawa, ciesz\u0119 si\u0119, \u017ce skorzysta\u0142am z warsztat\u00f3w, bardzo dzi\u0119kuj\u0119 i oczywi\u015bcie gor\u0105co polecam\uf04a\u201d<\/span><\/div>\n<div dir=\"auto\"><span style=\"color: #333399;\">III. \u201eWarsztaty pokaza\u0142y mi gdzie jeszcze pope\u0142niam b\u0142\u0119dy i jak je wyprostowa\u0107. Dosta\u0142am gotowe metody post\u0119powania z dzieckiem, rady, kt\u00f3re s\u0105 praktyczne. Zdecydowanie polecam te warsztaty wszystkim rodzicom. Owe warsztaty pokazuj\u0105 jak nale\u017cy post\u0119powa\u0107 z w\u0142asnym dzieckiem. Poruszane tematy s\u0105 dopasowane do potrzeb grupy, zawsze jest miejsce na to, \u017ceby dopyta\u0107 i uzyska\u0107 wyja\u015bnienie. Profesjonalni wyk\u0142adowcy, kt\u00f3rzy w jasny spos\u00f3b wyja\u015bni\u0105 nawet bardzo problematyczny temat. Udzia\u0142 w tych warsztatach na pewno przyda si\u0119 ka\u017cdemu rodzicowi, warsztaty wyja\u015bni\u0105 problematyczne kwestie oraz w otwarty <\/span><span style=\"color: #333399;\">i bezkrytyczny spos\u00f3b przeka\u017c\u0105 potrzebna i interesuj\u0105c\u0105 wiedz\u0119\u201d.<\/span><\/div>\n<div dir=\"auto\"><span style=\"color: #333399;\">IV. \u201eDzi\u0119ki warsztatom uczestnicy nie tylko wzbogac\u0105 swoj\u0105 wiedz\u0119 teoretyczn\u0105 zakresie wychowania i opieki nad dzie\u0107mi, ale te\u017c otrzymaj\u0105 cenne wskaz\u00f3wki praktyczne. Panie prowadz\u0105c w klarowny spos\u00f3b przekazuj\u0105 tre\u015bci, oferuj\u0105 pomoc zar\u00f3wno podczas zaj\u0119\u0107 grupowych, jak i indywidualnie. Z ca\u0142ego serca polecam warsztaty \u201eM\u0105drzy Rodzice\u201d!<\/span><\/div>\n<div dir=\"auto\">&nbsp;<\/div>\n<\/div>\n<div class=\"o9v6fnle cxmmr5t8 oygrvhab hcukyx3x c1et5uql ii04i59q\">\n<div dir=\"auto\"><span style=\"color: #333399;\">Dzi\u0119kujemy wszystkim uczestnikom tegorocznych warsztat\u00f3w za aktywny udzia\u0142 w zaj\u0119ciach oraz za stworzenie niepowtarzalnej i wspieraj\u0105cej atmosfery w grupie. \u017byczymy wszystkiego najlepszego w \u017cyciu osobistym oraz owocnego wdra\u017cania w \u017cycie zdobytej na warsztatach wiedzy. Zapraszamy do pozostania z nami w atmosferze warsztat\u00f3w, poprzez do\u0142\u0105czenie do grupy na fb \u201eGrupa Wsparcia M\u0105drzy Rodzice po warsztatach\u201d, kt\u00f3ra zrzesza uczestnik\u00f3w wszystkich edycji zorganizowanych dotychczas warsztat\u00f3w.<\/span><\/div>\n<div dir=\"auto\">&nbsp;<\/div>\n<\/div>\n<div class=\"o9v6fnle cxmmr5t8 oygrvhab hcukyx3x c1et5uql ii04i59q\">\n<div dir=\"auto\" style=\"text-align: right;\"><span style=\"color: #333399;\">Lider warsztat\u00f3w \u201eM\u0105drzy Rodzice&#8221;- Marta Kuczy\u0144ska<\/span><\/div>\n<div dir=\"auto\">\nngg_shortcode_0_placeholder\n<\/div>\n<\/div>\n","protected":false},"excerpt":{"rendered":"<p>\u201eRodzice nie wychowuj\u0105 dzieci dla siebie, tylko dla \u015bwiata i dla nich samych. Kiedy chc\u0105 by\u0107 dobrymi rodzicami, staraj\u0105 si\u0119 opr\u00f3cz korzeni dawa\u0107 dzieciom tak\u017ce skrzyd\u0142a\u201d Agnieszka Stein &nbsp; W dniu 24.04.2021r.,w Szkole Podstawowej nr 1 w Hrubieszowie, zako\u0144czy\u0142a si\u0119 realizacja IX edycji warsztat\u00f3w \u201eM\u0105drzy Rodzice\u201d, kt\u00f3re odbywa\u0142y si\u0119 w miesi\u0105cach marcu i kwietniu 2021r. [&hellip;]<\/p>\n","protected":false},"author":2,"featured_media":0,"parent":5983,"menu_order":0,"comment_status":"closed","ping_status":"closed","template":"","meta":{"ngg_post_thumbnail":0,"footnotes":""},"class_list":["post-9154","page","type-page","status-publish","hentry"],"_links":{"self":[{"href":"https:\/\/sp1hrubieszow.pl\/index.php\/wp-json\/wp\/v2\/pages\/9154","targetHints":{"allow":["GET"]}}],"collection":[{"href":"https:\/\/sp1hrubieszow.pl\/index.php\/wp-json\/wp\/v2\/pages"}],"about":[{"href":"https:\/\/sp1hrubieszow.pl\/index.php\/wp-json\/wp\/v2\/types\/page"}],"author":[{"embeddable":true,"href":"https:\/\/sp1hrubieszow.pl\/index.php\/wp-json\/wp\/v2\/users\/2"}],"replies":[{"embeddable":true,"href":"https:\/\/sp1hrubieszow.pl\/index.php\/wp-json\/wp\/v2\/comments?post=9154"}],"version-history":[{"count":1,"href":"https:\/\/sp1hrubieszow.pl\/index.php\/wp-json\/wp\/v2\/pages\/9154\/revisions"}],"predecessor-version":[{"id":9155,"href":"https:\/\/sp1hrubieszow.pl\/index.php\/wp-json\/wp\/v2\/pages\/9154\/revisions\/9155"}],"up":[{"embeddable":true,"href":"https:\/\/sp1hrubieszow.pl\/index.php\/wp-json\/wp\/v2\/pages\/5983"}],"wp:attachment":[{"href":"https:\/\/sp1hrubieszow.pl\/index.php\/wp-json\/wp\/v2\/media?parent=9154"}],"curies":[{"name":"wp","href":"https:\/\/api.w.org\/{rel}","templated":true}]}}