{"id":9071,"date":"2021-04-27T16:04:26","date_gmt":"2021-04-27T14:04:26","guid":{"rendered":"http:\/\/sp1.hrubieszow.info\/?page_id=9071"},"modified":"2021-04-27T16:04:42","modified_gmt":"2021-04-27T14:04:42","slug":"edukacja-zdrowotna-w-zakresie-prawidlowego-zywienia","status":"publish","type":"page","link":"https:\/\/sp1hrubieszow.pl\/index.php\/kronika-2020-2021\/edukacja-zdrowotna-w-zakresie-prawidlowego-zywienia\/","title":{"rendered":"Edukacja zdrowotna w zakresie prawid\u0142owego \u017cywienia."},"content":{"rendered":"\n<div dir=\"auto\"><span style=\"color: #000080;\">W miesi\u0105cu kwietniu 2021r., uczniowie klas trzecich i czwartych Szko\u0142y Podstawowej Nr 1 im. Boles\u0142awa Prusa w Hrubieszowie uczestniczyli w zaj\u0119ciach profilaktycznych-pokazach, przeprowadzonych przez dietetyka. Zaj\u0119cia by\u0142y wspania\u0142ym uzupe\u0142nieniem tre\u015bci programowych realizowanych przez uczni\u00f3w w ramach program\u00f3w profilaktycznych &#8222;Nie pal przy mnie, prosz\u0119&#8230;&#8221; oraz &#8222;Bieg po zdrowie&#8221;. Podczas zaj\u0119\u0107 uczniowie zapoznali si\u0119 z podstawowymi zasadami zdrowego trybu \u017cycia, w tym prawid\u0142owego od\u017cywiania si\u0119 oraz dbania o zdrowie poprzez w\u0142a\u015bciw\u0105 ilo\u015b\u0107 snu i aktywno\u015bci fizycznej. Uczestnicy zaj\u0119\u0107 bardzo aktywnie w\u0142\u0105czali si\u0119 w dyskusj\u0119, dotycz\u0105c\u0105 racjonalnego \u017cywienia oraz poznawali proste przepisy na zdrowe przek\u0105ski. Zaj\u0119cia przeprowadzi\u0142a p. Marta Szumiata, specjalizuj\u0105ca si\u0119 w technologii \u017cywno\u015bci i \u017cywieniu cz\u0142owieka, autorka ciekawego bloga o tematyce naukowo \u2013 kulinarnej o nazwie: naukanatalerzu.pl.<\/span><\/div>\n<div dir=\"auto\">&nbsp;<\/div>\n<div dir=\"auto\"><span style=\"color: #000080;\">Zaj\u0119cia z zakresu zdrowego od\u017cywiania zosta\u0142y sfinansowane przez Gmin\u0119 Miejsk\u0105 Hrubiesz\u00f3w w ramach programu profilaktycznego, koordynowanego przez pedagoga szkolnego, Mart\u0119 Kuczy\u0144sk\u0105.<\/span><\/div>\n<div dir=\"auto\">\nngg_shortcode_0_placeholder\n<\/div>\n","protected":false},"excerpt":{"rendered":"<p>W miesi\u0105cu kwietniu 2021r., uczniowie klas trzecich i czwartych Szko\u0142y Podstawowej Nr 1 im. Boles\u0142awa Prusa w Hrubieszowie uczestniczyli w zaj\u0119ciach profilaktycznych-pokazach, przeprowadzonych przez dietetyka. Zaj\u0119cia by\u0142y wspania\u0142ym uzupe\u0142nieniem tre\u015bci programowych realizowanych przez uczni\u00f3w w ramach program\u00f3w profilaktycznych &#8222;Nie pal przy mnie, prosz\u0119&#8230;&#8221; oraz &#8222;Bieg po zdrowie&#8221;. Podczas zaj\u0119\u0107 uczniowie zapoznali si\u0119 z podstawowymi zasadami [&hellip;]<\/p>\n","protected":false},"author":2,"featured_media":0,"parent":5983,"menu_order":0,"comment_status":"closed","ping_status":"closed","template":"","meta":{"ngg_post_thumbnail":0,"footnotes":""},"class_list":["post-9071","page","type-page","status-publish","hentry"],"_links":{"self":[{"href":"https:\/\/sp1hrubieszow.pl\/index.php\/wp-json\/wp\/v2\/pages\/9071","targetHints":{"allow":["GET"]}}],"collection":[{"href":"https:\/\/sp1hrubieszow.pl\/index.php\/wp-json\/wp\/v2\/pages"}],"about":[{"href":"https:\/\/sp1hrubieszow.pl\/index.php\/wp-json\/wp\/v2\/types\/page"}],"author":[{"embeddable":true,"href":"https:\/\/sp1hrubieszow.pl\/index.php\/wp-json\/wp\/v2\/users\/2"}],"replies":[{"embeddable":true,"href":"https:\/\/sp1hrubieszow.pl\/index.php\/wp-json\/wp\/v2\/comments?post=9071"}],"version-history":[{"count":1,"href":"https:\/\/sp1hrubieszow.pl\/index.php\/wp-json\/wp\/v2\/pages\/9071\/revisions"}],"predecessor-version":[{"id":9072,"href":"https:\/\/sp1hrubieszow.pl\/index.php\/wp-json\/wp\/v2\/pages\/9071\/revisions\/9072"}],"up":[{"embeddable":true,"href":"https:\/\/sp1hrubieszow.pl\/index.php\/wp-json\/wp\/v2\/pages\/5983"}],"wp:attachment":[{"href":"https:\/\/sp1hrubieszow.pl\/index.php\/wp-json\/wp\/v2\/media?parent=9071"}],"curies":[{"name":"wp","href":"https:\/\/api.w.org\/{rel}","templated":true}]}}