{"id":8907,"date":"2021-04-16T08:02:28","date_gmt":"2021-04-16T06:02:28","guid":{"rendered":"http:\/\/sp1.hrubieszow.info\/?page_id=8907"},"modified":"2021-04-16T08:02:46","modified_gmt":"2021-04-16T06:02:46","slug":"film-edukacyjny-dla-rodzicow-rozwoj-dziecka","status":"publish","type":"page","link":"https:\/\/sp1hrubieszow.pl\/index.php\/kronika-2020-2021\/film-edukacyjny-dla-rodzicow-rozwoj-dziecka\/","title":{"rendered":"Film edukacyjny dla rodzic\u00f3w &#8222;Rozw\u00f3j dziecka&#8221;"},"content":{"rendered":"\n<p><span style=\"color: #000080;\">Centrum Rozwoju Lokalnego wsp\u00f3lnie z psycholog Beat\u0105 Liwowsk\u0105 przygotowa\u0142o filmik w ramach cyklu poradnik\u00f3w edukacyjnych adresowanych do rodzic\u00f3w. Motywem przewodnim filmu jest rozw\u00f3j dziecka.&nbsp;&nbsp;<\/span><br><span style=\"color: #000080;\">Serdecznie zapraszamy do obejrzenia filmu.&nbsp;<\/span><\/p>\n<p><span style=\"color: #000080;\">Link do filmu:<strong>&nbsp;<\/strong><a style=\"color: #000080;\" href=\"https:\/\/link.freshmail.mx\/c\/cn31cf657z\/ohou6xvwrm\" rel=\"noopener\" data-saferedirecturl=\"https:\/\/zasobygwp.pl\/redirect?sig=ebfb893a91bb842fdb9b2037a12919da2297f7cc9a3236ea1ed6f6e5cec710ba&amp;url=aHR0cHM6Ly9saW5rLmZyZXNobWFpbC5teC9jL2NuMzFjZjY1N3ovb2hvdTZ4dndybQ==&amp;platform=desktop&amp;brand=wp\"><strong>https:\/\/youtu.be\/Eao2j4IoKPg<\/strong><br><\/a>Wszystkie filmy przygotowane w ramach cyklu &#8222;CRL uczy rodzic\u00f3w&#8221; dost\u0119pne s\u0105 na stronie:&nbsp;<strong><a style=\"color: #000080;\" href=\"https:\/\/link.freshmail.mx\/c\/aq6vkgzpt5\/ohou6xvwrm\" rel=\"noopener\" data-saferedirecturl=\"https:\/\/zasobygwp.pl\/redirect?sig=9c13245b1983011ded12c7ba9a1584228da4981e90e6a71b6b6aa7bc5d0af79b&amp;url=aHR0cHM6Ly9saW5rLmZyZXNobWFpbC5teC9jL2FxNnZrZ3pwdDUvb2hvdTZ4dndybQ==&amp;platform=desktop&amp;brand=wp\">wspierajmarzenia.pl<\/a><\/strong><\/span><\/p>\n","protected":false},"excerpt":{"rendered":"<p>Centrum Rozwoju Lokalnego wsp\u00f3lnie z psycholog Beat\u0105 Liwowsk\u0105 przygotowa\u0142o filmik w ramach cyklu poradnik\u00f3w edukacyjnych adresowanych do rodzic\u00f3w. Motywem przewodnim filmu jest rozw\u00f3j dziecka.&nbsp;&nbsp;Serdecznie zapraszamy do obejrzenia filmu.&nbsp; Link do filmu:&nbsp;https:\/\/youtu.be\/Eao2j4IoKPgWszystkie filmy przygotowane w ramach cyklu &#8222;CRL uczy rodzic\u00f3w&#8221; dost\u0119pne s\u0105 na stronie:&nbsp;wspierajmarzenia.pl<\/p>\n","protected":false},"author":2,"featured_media":0,"parent":5983,"menu_order":0,"comment_status":"closed","ping_status":"closed","template":"","meta":{"ngg_post_thumbnail":0,"footnotes":""},"class_list":["post-8907","page","type-page","status-publish","hentry"],"_links":{"self":[{"href":"https:\/\/sp1hrubieszow.pl\/index.php\/wp-json\/wp\/v2\/pages\/8907","targetHints":{"allow":["GET"]}}],"collection":[{"href":"https:\/\/sp1hrubieszow.pl\/index.php\/wp-json\/wp\/v2\/pages"}],"about":[{"href":"https:\/\/sp1hrubieszow.pl\/index.php\/wp-json\/wp\/v2\/types\/page"}],"author":[{"embeddable":true,"href":"https:\/\/sp1hrubieszow.pl\/index.php\/wp-json\/wp\/v2\/users\/2"}],"replies":[{"embeddable":true,"href":"https:\/\/sp1hrubieszow.pl\/index.php\/wp-json\/wp\/v2\/comments?post=8907"}],"version-history":[{"count":1,"href":"https:\/\/sp1hrubieszow.pl\/index.php\/wp-json\/wp\/v2\/pages\/8907\/revisions"}],"predecessor-version":[{"id":8908,"href":"https:\/\/sp1hrubieszow.pl\/index.php\/wp-json\/wp\/v2\/pages\/8907\/revisions\/8908"}],"up":[{"embeddable":true,"href":"https:\/\/sp1hrubieszow.pl\/index.php\/wp-json\/wp\/v2\/pages\/5983"}],"wp:attachment":[{"href":"https:\/\/sp1hrubieszow.pl\/index.php\/wp-json\/wp\/v2\/media?parent=8907"}],"curies":[{"name":"wp","href":"https:\/\/api.w.org\/{rel}","templated":true}]}}