{"id":8886,"date":"2021-04-14T17:46:35","date_gmt":"2021-04-14T15:46:35","guid":{"rendered":"http:\/\/sp1.hrubieszow.info\/?page_id=8886"},"modified":"2021-04-14T17:47:07","modified_gmt":"2021-04-14T15:47:07","slug":"zmarla-pani-halina-pilipczuk","status":"publish","type":"page","link":"https:\/\/sp1hrubieszow.pl\/index.php\/kronika-2020-2021\/zmarla-pani-halina-pilipczuk\/","title":{"rendered":"Zmar\u0142a Pani Halina Pilipczuk"},"content":{"rendered":"\n<p style=\"text-align: right;\"><strong><img loading=\"lazy\" decoding=\"async\" class=\"size-medium wp-image-5861 alignleft\" src=\"http:\/\/sp1.hrubieszow.info\/wp-content\/uploads\/2020\/07\/r\u00f3\u017ca-300x191.jpg\" alt=\"\" width=\"300\" height=\"191\">&nbsp; &nbsp; &nbsp; &nbsp;<\/strong><\/p>\n<p>&nbsp;<\/p>\n<p style=\"text-align: right;\"><strong> &#8222;Odesz\u0142a\u015b cicho, bez s\u0142\u00f3w po\u017cegnania. <\/strong><br><strong>(&#8230;)jakby\u015b nie chcia\u0142a, swym odej\u015bciem smuci\u0107&#8230;<\/strong><br><strong>(&#8230;)jakby\u015b wierzy\u0142a w godzin\u0119 rozstania,<\/strong><br><strong>\u017ce masz niebawem z dobr\u0105 wie\u015bci\u0105 wr\u00f3ci\u0107&#8221;<\/strong><br><strong>&nbsp;&nbsp;&nbsp;&nbsp;&nbsp;&nbsp;&nbsp;&nbsp;&nbsp;&nbsp;&nbsp;&nbsp;&nbsp;&nbsp;&nbsp;&nbsp;&nbsp;&nbsp;&nbsp;&nbsp;&nbsp;&nbsp;&nbsp;&nbsp;&nbsp;&nbsp;&nbsp;&nbsp;&nbsp;&nbsp;&nbsp;&nbsp;&nbsp;&nbsp;&nbsp;&nbsp;&nbsp;&nbsp;&nbsp;&nbsp;&nbsp;&nbsp;&nbsp;&nbsp; Ks. J. Twardowski<\/strong><\/p>\n<p style=\"text-align: center;\"><strong>Z g\u0142\u0119bokim \u017calem zawiadamiamy, \u017ce&nbsp;14&nbsp;kwietnia &nbsp;2021r.<\/strong><br><strong>zmar\u0142a \u015b. p. Pani Halina Pilipczuk <\/strong><br><strong>emerytowana nauczycielka j\u0119zyka polskiego, techniki, <\/strong><br><strong>kt\u00f3rej ca\u0142e \u017cycie zawodowe zwi\u0105zane by\u0142o <\/strong><br><strong>ze Szko\u0142\u0105 Podstawowa Nr 1 w Hrubieszowie. <\/strong><br><strong>\u017begnamy wspania\u0142ego cz\u0142owieka, Pani\u0105 Halink\u0119, kt\u00f3ra \u017cy\u0142a i pracowa\u0142a <\/strong><strong>w\u015br\u00f3d nas&nbsp; &nbsp; &nbsp; &nbsp; &nbsp; &nbsp; &nbsp; &nbsp; i z nami.<\/strong><br><strong>Pozostanie na zawsze w pami\u0119ci przyjaci\u00f3\u0142 , wdzi\u0119cznych uczni\u00f3w, rodzic\u00f3w i nauczycieli.<\/strong><\/p>\n<p style=\"text-align: right;\"><br><strong>Pogr\u0105\u017ceni w g\u0142\u0119bokim smutku &#8211;<\/strong><br><strong>dyrekcja, nauczyciele, pracownicy obs\u0142ugi i administracji, <\/strong><br><strong>Szko\u0142y Podstawowej Nr 1 w Hrubieszowie.<\/strong> <\/p>\n<p>&nbsp;<\/p>\n","protected":false},"excerpt":{"rendered":"<p>&nbsp; &nbsp; &nbsp; &nbsp; &nbsp; &#8222;Odesz\u0142a\u015b cicho, bez s\u0142\u00f3w po\u017cegnania. (&#8230;)jakby\u015b nie chcia\u0142a, swym odej\u015bciem smuci\u0107&#8230;(&#8230;)jakby\u015b wierzy\u0142a w godzin\u0119 rozstania,\u017ce masz niebawem z dobr\u0105 wie\u015bci\u0105 wr\u00f3ci\u0107&#8221;&nbsp;&nbsp;&nbsp;&nbsp;&nbsp;&nbsp;&nbsp;&nbsp;&nbsp;&nbsp;&nbsp;&nbsp;&nbsp;&nbsp;&nbsp;&nbsp;&nbsp;&nbsp;&nbsp;&nbsp;&nbsp;&nbsp;&nbsp;&nbsp;&nbsp;&nbsp;&nbsp;&nbsp;&nbsp;&nbsp;&nbsp;&nbsp;&nbsp;&nbsp;&nbsp;&nbsp;&nbsp;&nbsp;&nbsp;&nbsp;&nbsp;&nbsp;&nbsp;&nbsp; Ks. J. Twardowski Z g\u0142\u0119bokim \u017calem zawiadamiamy, \u017ce&nbsp;14&nbsp;kwietnia &nbsp;2021r.zmar\u0142a \u015b. p. Pani Halina Pilipczuk emerytowana nauczycielka j\u0119zyka polskiego, techniki, kt\u00f3rej ca\u0142e \u017cycie zawodowe zwi\u0105zane by\u0142o ze Szko\u0142\u0105 Podstawowa Nr [&hellip;]<\/p>\n","protected":false},"author":2,"featured_media":0,"parent":5983,"menu_order":0,"comment_status":"closed","ping_status":"closed","template":"","meta":{"ngg_post_thumbnail":0,"footnotes":""},"class_list":["post-8886","page","type-page","status-publish","hentry"],"_links":{"self":[{"href":"https:\/\/sp1hrubieszow.pl\/index.php\/wp-json\/wp\/v2\/pages\/8886","targetHints":{"allow":["GET"]}}],"collection":[{"href":"https:\/\/sp1hrubieszow.pl\/index.php\/wp-json\/wp\/v2\/pages"}],"about":[{"href":"https:\/\/sp1hrubieszow.pl\/index.php\/wp-json\/wp\/v2\/types\/page"}],"author":[{"embeddable":true,"href":"https:\/\/sp1hrubieszow.pl\/index.php\/wp-json\/wp\/v2\/users\/2"}],"replies":[{"embeddable":true,"href":"https:\/\/sp1hrubieszow.pl\/index.php\/wp-json\/wp\/v2\/comments?post=8886"}],"version-history":[{"count":1,"href":"https:\/\/sp1hrubieszow.pl\/index.php\/wp-json\/wp\/v2\/pages\/8886\/revisions"}],"predecessor-version":[{"id":8887,"href":"https:\/\/sp1hrubieszow.pl\/index.php\/wp-json\/wp\/v2\/pages\/8886\/revisions\/8887"}],"up":[{"embeddable":true,"href":"https:\/\/sp1hrubieszow.pl\/index.php\/wp-json\/wp\/v2\/pages\/5983"}],"wp:attachment":[{"href":"https:\/\/sp1hrubieszow.pl\/index.php\/wp-json\/wp\/v2\/media?parent=8886"}],"curies":[{"name":"wp","href":"https:\/\/api.w.org\/{rel}","templated":true}]}}