{"id":8872,"date":"2021-04-09T20:36:54","date_gmt":"2021-04-09T18:36:54","guid":{"rendered":"http:\/\/sp1.hrubieszow.info\/?page_id=8872"},"modified":"2021-04-09T20:37:10","modified_gmt":"2021-04-09T18:37:10","slug":"opowiesc-o-czujatkach","status":"publish","type":"page","link":"https:\/\/sp1hrubieszow.pl\/index.php\/kronika-2020-2021\/opowiesc-o-czujatkach\/","title":{"rendered":"&#8222;Opowie\u015b\u0107 o Czuj\u0105tkach&#8221;"},"content":{"rendered":"\n<p><span style=\"color: #000080;\">&#8222;Opowie\u015b\u0107 o Czuj\u0105tkach&#8221; to nazwa cyklu spotka\u0144 uczni\u00f3w klasy 3c z p. Beat\u0105 Panasiewicz, pracownikiem MBP oraz psycholog p. Anet\u0105 Dyl &#8211; Tarnawsk\u0105 z PPP w Hrubieszowie. Warsztaty mia\u0142y przybli\u017cy\u0107 dzieciom &#8222;niechciane&#8221; uczucia, takie jak: smutek, z\u0142o\u015b\u0107, wstyd i l\u0119k. Ka\u017cde ze spotka\u0144 mia\u0142o na celu u\u015bwiadomienie dzieciom, \u017ce przykre emocje, kt\u00f3re czasem odczuwaj\u0105, nie s\u0105 z\u0142e i \u017ce mo\u017cna sobie z nimi poradzi\u0107. Na zako\u0144czenie ka\u017cdy ucze\u0144 otrzyma\u0142 dyplom uczuciowy za gruntowne poznanie trudnych emocji. To by\u0142y bardzo ciekawe i inspiruj\u0105ce zaj\u0119cia.&nbsp;<\/span><\/p>\nngg_shortcode_0_placeholder\n","protected":false},"excerpt":{"rendered":"<p>&#8222;Opowie\u015b\u0107 o Czuj\u0105tkach&#8221; to nazwa cyklu spotka\u0144 uczni\u00f3w klasy 3c z p. Beat\u0105 Panasiewicz, pracownikiem MBP oraz psycholog p. Anet\u0105 Dyl &#8211; Tarnawsk\u0105 z PPP w Hrubieszowie. Warsztaty mia\u0142y przybli\u017cy\u0107 dzieciom &#8222;niechciane&#8221; uczucia, takie jak: smutek, z\u0142o\u015b\u0107, wstyd i l\u0119k. Ka\u017cde ze spotka\u0144 mia\u0142o na celu u\u015bwiadomienie dzieciom, \u017ce przykre emocje, kt\u00f3re czasem odczuwaj\u0105, nie [&hellip;]<\/p>\n","protected":false},"author":2,"featured_media":0,"parent":5983,"menu_order":0,"comment_status":"closed","ping_status":"closed","template":"","meta":{"ngg_post_thumbnail":0,"footnotes":""},"class_list":["post-8872","page","type-page","status-publish","hentry"],"_links":{"self":[{"href":"https:\/\/sp1hrubieszow.pl\/index.php\/wp-json\/wp\/v2\/pages\/8872","targetHints":{"allow":["GET"]}}],"collection":[{"href":"https:\/\/sp1hrubieszow.pl\/index.php\/wp-json\/wp\/v2\/pages"}],"about":[{"href":"https:\/\/sp1hrubieszow.pl\/index.php\/wp-json\/wp\/v2\/types\/page"}],"author":[{"embeddable":true,"href":"https:\/\/sp1hrubieszow.pl\/index.php\/wp-json\/wp\/v2\/users\/2"}],"replies":[{"embeddable":true,"href":"https:\/\/sp1hrubieszow.pl\/index.php\/wp-json\/wp\/v2\/comments?post=8872"}],"version-history":[{"count":1,"href":"https:\/\/sp1hrubieszow.pl\/index.php\/wp-json\/wp\/v2\/pages\/8872\/revisions"}],"predecessor-version":[{"id":8873,"href":"https:\/\/sp1hrubieszow.pl\/index.php\/wp-json\/wp\/v2\/pages\/8872\/revisions\/8873"}],"up":[{"embeddable":true,"href":"https:\/\/sp1hrubieszow.pl\/index.php\/wp-json\/wp\/v2\/pages\/5983"}],"wp:attachment":[{"href":"https:\/\/sp1hrubieszow.pl\/index.php\/wp-json\/wp\/v2\/media?parent=8872"}],"curies":[{"name":"wp","href":"https:\/\/api.w.org\/{rel}","templated":true}]}}