{"id":8627,"date":"2021-03-27T20:29:26","date_gmt":"2021-03-27T19:29:26","guid":{"rendered":"http:\/\/sp1.hrubieszow.info\/?page_id=8627"},"modified":"2021-03-27T20:30:47","modified_gmt":"2021-03-27T19:30:47","slug":"rozstrzygniecie-konkursu-plastycznego-wielkanocne-zwierzatko","status":"publish","type":"page","link":"https:\/\/sp1hrubieszow.pl\/index.php\/kronika-2020-2021\/rozstrzygniecie-konkursu-plastycznego-wielkanocne-zwierzatko\/","title":{"rendered":"Rozstrzygni\u0119cie konkursu plastycznego \u201eWielkanocne zwierz\u0105tko\u201d"},"content":{"rendered":"\n<p><span style=\"color: #000080;\">22 marca 2021 r. zosta\u0142 rozstrzygni\u0119ty konkurs pt. \u201eWielkanocne zwierz\u0105tko\u201d. Zadaniem uczestnik\u00f3w konkursu by\u0142o wykonanie dowoln\u0105 technik\u0105 plastyczn\u0105 w formie przestrzennej lub p\u00f3\u0142 przestrzennej zwierz\u0105tka, kt\u00f3re kojarzy nam si\u0119 z Wielkanoc\u0105 ( baranka, kurczaka, zaj\u0105czka). <\/span><br><span style=\"color: #000080;\">W konkursie wzi\u0119\u0142o udzia\u0142 18 prac, z kt\u00f3rych ka\u017cda by\u0142a wykonana w ciekawy spos\u00f3b. Zwyci\u0119zc\u00f3w konkursu wy\u0142oniono w dw\u00f3ch kategoriach klasy IV<\/span><br><span style=\"color: #000080;\">i klasy V-VII.<\/span><\/p>\n<p><span style=\"color: #000080;\">Nagrody: klasy IV<\/span><br><span style=\"color: #000080;\">Miejsce: Oskar Urbaniak kl.4a<\/span><br><span style=\"color: #000080;\">Miejsce: Dworak Dawid kl.4b i Szyma\u0144ska Agata kl.4b<\/span><br><span style=\"color: #000080;\">Miejsce: Dominik Kowalczuk kl.4b i Miko\u0142aj Gardzio\u0142a kl.4b<\/span><\/p>\n<p><span style=\"color: #000080;\">Nagrody: klasy V-VII<\/span><br><span style=\"color: #000080;\">Miejsce: Zuzanna Wi\u015bniewska kl.7a <\/span><br><span style=\"color: #000080;\">Miejsce: Oliwia M\u0105czka kl.6d<\/span><br><span style=\"color: #000080;\">Miejsce: Ba\u0142szan Patrycja kl.6a i Wiktor Konopko kl.5a<\/span><\/p>\n<p><span style=\"color: #000080;\">Wyr\u00f3\u017cnienia:<\/span><\/p>\n<p><span style=\"color: #000080;\">Stadnicki Karol kl.5a<\/span><br><span style=\"color: #000080;\">Kacper Maciejczyk kl.7c<\/span><br><span style=\"color: #000080;\">Zofia \u015aliwa kl.7b<\/span><br><span style=\"color: #000080;\">Arkadiusz Wieczorek kl.4a<\/span><br><span style=\"color: #000080;\">Szymczuk Magdalena kl.4b<\/span><br><span style=\"color: #000080;\">\u0141ukasz D\u0105browski kl.4b<\/span><br><span style=\"color: #000080;\">Ka\u0144ski Dawid kl.4c<\/span><br><span style=\"color: #000080;\">Emilia Malinowska kl.7b<\/span><br><span style=\"color: #000080;\">Maciejczyk Maciej kl.4c<\/span><\/p>\n<p><span style=\"color: #000080;\">Wszystkim uczestnikom i zwyci\u0119zcom serdecznie gratulujemy !<\/span><\/p>\nngg_shortcode_0_placeholder\n","protected":false},"excerpt":{"rendered":"<p>22 marca 2021 r. zosta\u0142 rozstrzygni\u0119ty konkurs pt. \u201eWielkanocne zwierz\u0105tko\u201d. Zadaniem uczestnik\u00f3w konkursu by\u0142o wykonanie dowoln\u0105 technik\u0105 plastyczn\u0105 w formie przestrzennej lub p\u00f3\u0142 przestrzennej zwierz\u0105tka, kt\u00f3re kojarzy nam si\u0119 z Wielkanoc\u0105 ( baranka, kurczaka, zaj\u0105czka). W konkursie wzi\u0119\u0142o udzia\u0142 18 prac, z kt\u00f3rych ka\u017cda by\u0142a wykonana w ciekawy spos\u00f3b. Zwyci\u0119zc\u00f3w konkursu wy\u0142oniono w dw\u00f3ch kategoriach [&hellip;]<\/p>\n","protected":false},"author":2,"featured_media":0,"parent":5983,"menu_order":0,"comment_status":"closed","ping_status":"closed","template":"","meta":{"ngg_post_thumbnail":0,"footnotes":""},"class_list":["post-8627","page","type-page","status-publish","hentry"],"_links":{"self":[{"href":"https:\/\/sp1hrubieszow.pl\/index.php\/wp-json\/wp\/v2\/pages\/8627","targetHints":{"allow":["GET"]}}],"collection":[{"href":"https:\/\/sp1hrubieszow.pl\/index.php\/wp-json\/wp\/v2\/pages"}],"about":[{"href":"https:\/\/sp1hrubieszow.pl\/index.php\/wp-json\/wp\/v2\/types\/page"}],"author":[{"embeddable":true,"href":"https:\/\/sp1hrubieszow.pl\/index.php\/wp-json\/wp\/v2\/users\/2"}],"replies":[{"embeddable":true,"href":"https:\/\/sp1hrubieszow.pl\/index.php\/wp-json\/wp\/v2\/comments?post=8627"}],"version-history":[{"count":1,"href":"https:\/\/sp1hrubieszow.pl\/index.php\/wp-json\/wp\/v2\/pages\/8627\/revisions"}],"predecessor-version":[{"id":8628,"href":"https:\/\/sp1hrubieszow.pl\/index.php\/wp-json\/wp\/v2\/pages\/8627\/revisions\/8628"}],"up":[{"embeddable":true,"href":"https:\/\/sp1hrubieszow.pl\/index.php\/wp-json\/wp\/v2\/pages\/5983"}],"wp:attachment":[{"href":"https:\/\/sp1hrubieszow.pl\/index.php\/wp-json\/wp\/v2\/media?parent=8627"}],"curies":[{"name":"wp","href":"https:\/\/api.w.org\/{rel}","templated":true}]}}