{"id":8611,"date":"2021-03-27T19:56:38","date_gmt":"2021-03-27T18:56:38","guid":{"rendered":"http:\/\/sp1.hrubieszow.info\/?page_id=8611"},"modified":"2021-03-27T19:57:15","modified_gmt":"2021-03-27T18:57:15","slug":"rozstrzygniecie-konkursu-na-stroik-wielkanocny","status":"publish","type":"page","link":"https:\/\/sp1hrubieszow.pl\/index.php\/kronika-2020-2021\/rozstrzygniecie-konkursu-na-stroik-wielkanocny\/","title":{"rendered":"Rozstrzygni\u0119cie konkursu na stroik wielkanocny"},"content":{"rendered":"\n<div><span style=\"color: #000080;\">Przedstawiamy wyniki konkursu na najpi\u0119kniejszy stroik wielkanocny w poszczeg\u00f3lnych grupach wiekowych.<\/span><\/div>\n<div>&nbsp;<\/div>\n<div><span style=\"color: #000080;\">Oddzia\u0142 przedszkolny &#8211; klasy 1:<\/span><\/div>\n<div><span style=\"color: #000080;\">I miejsce &#8211; Jagoda Szczepanik z klasy 1a,<\/span><\/div>\n<div><span style=\"color: #000080;\">II miejsce &#8211; Ada Kowalczuk z klasy 1a,<\/span><\/div>\n<div><span style=\"color: #000080;\">III miejsce &#8211; Dawid Go\u0142\u0119biowski z oddzia\u0142u przedszkolnego.<\/span><\/div>\n<div><span style=\"color: #000080;\">Wyr\u00f3\u017cnienia:<\/span><\/div>\n<div><span style=\"color: #000080;\">&#8211; Wiktor Rzepka z oddzia\u0142u przedszkolnego,<\/span><\/div>\n<div><span style=\"color: #000080;\">&#8211; Jakub Karpiuk z oddzia\u0142u przedszkolnego,<\/span><\/div>\n<div><span style=\"color: #000080;\">&#8211; Lena Sawicka z klasy 1a,<\/span><\/div>\n<div><span style=\"color: #000080;\">&#8211; Iga Rutkowska z klasy 1a,<\/span><\/div>\n<div><span style=\"color: #000080;\">&#8211; Magdalena Konopko z klasy 1b,<\/span><\/div>\n<div><span style=\"color: #000080;\">&#8211; Alicja Rudek z klasy 1b.<\/span><\/div>\n<div>&nbsp;<\/div>\n<div><span style=\"color: #000080;\">Klasy 2 &#8211; 3:<\/span><\/div>\n<div><span style=\"color: #000080;\">I miejsce &#8211; Iga Nowosad z klasy 3a,<\/span><\/div>\n<div><span style=\"color: #000080;\">II miejsce &#8211; Julia Horajecka z klasy 3c,<\/span><\/div>\n<div><span style=\"color: #000080;\">II miejsce &#8211; Julia Wi\u015bniewska z klasy 2a.<\/span><\/div>\n<div><span style=\"color: #000080;\">Wyr\u00f3\u017cnienia:<\/span><\/div>\n<div><span style=\"color: #000080;\">&#8211; Aleksandra Paczos z klasy 2a,<\/span><\/div>\n<div><span style=\"color: #000080;\">&#8211; Wiktoria Ha\u0142asa z klasy 2a,<\/span><\/div>\n<div><span style=\"color: #000080;\">&#8211; Adam Szczur z klasy 2b,<\/span><\/div>\n<div><span style=\"color: #000080;\">&#8211; Anastazja Szczur z klasy 2b,<\/span><\/div>\n<div><span style=\"color: #000080;\">&#8211; Miko\u0142aj Zaj\u0105c z klasy 2c,<\/span><\/div>\n<div><span style=\"color: #000080;\">&#8211; Miko\u0142aj Karpiuk z klasy 3b,<\/span><\/div>\n<div><span style=\"color: #000080;\">&#8211; Julia Kiszel.<\/span><\/div>\n<div>&nbsp;<\/div>\n<div><span style=\"color: #000080;\">Klasy 4 &#8211; 8:<\/span><\/div>\n<div><span style=\"color: #000080;\">I miejsce &#8211; Nikola Nowak z klasy 4a,<\/span><\/div>\n<div><span style=\"color: #000080;\">II miejsce &#8211; Agata Szyma\u0144ska z klasy 4b,<\/span><\/div>\n<div><span style=\"color: #000080;\">III miejsce &#8211; Karol Stadnicki z klasy 5a.<\/span><\/div>\n<div>&nbsp;<\/div>\n<div><span style=\"color: #000080;\">Wszystkie stroiki s\u0105 bardzo pi\u0119kne. Komisja konkursowa zwraca\u0142a jednak uwag\u0119 przede wszystkim na samodzielno\u015b\u0107 wykonanej pracy, oryginalno\u015b\u0107 techniki i zastosowanych materia\u0142\u00f3w oraz estetyk\u0119 wykonania.<\/span><\/div>\n<div>&nbsp;<\/div>\n<div><span style=\"color: #000080;\">Za zgod\u0105 uczestnik\u00f3w, stroiki zostan\u0105 wystawione na kiermaszu wielkanocnym, kt\u00f3ry odb\u0119dzie si\u0119 w poniedzia\u0142ek 29 marca po godzinie 11.00 oraz we wtorek 30 marca. Prace zostan\u0105 wyeksponowane przed budynkiem szko\u0142y lub w jej holu. Zebrane \u015brodki zostan\u0105 przekazane na cele \u015bwietlicy szkolnej.<\/span><\/div>\n<div>&nbsp;<\/div>\n<div><span style=\"color: #000080;\">Dzi\u0119kujemy za zaanga\u017cowanie i liczne dzie\u0142a, kt\u00f3re do nas wp\u0142yn\u0119\u0142y.<\/span><\/div>\n<div>\nngg_shortcode_0_placeholder\n<\/div>\n","protected":false},"excerpt":{"rendered":"<p>Przedstawiamy wyniki konkursu na najpi\u0119kniejszy stroik wielkanocny w poszczeg\u00f3lnych grupach wiekowych. &nbsp; Oddzia\u0142 przedszkolny &#8211; klasy 1: I miejsce &#8211; Jagoda Szczepanik z klasy 1a, II miejsce &#8211; Ada Kowalczuk z klasy 1a, III miejsce &#8211; Dawid Go\u0142\u0119biowski z oddzia\u0142u przedszkolnego. Wyr\u00f3\u017cnienia: &#8211; Wiktor Rzepka z oddzia\u0142u przedszkolnego, &#8211; Jakub Karpiuk z oddzia\u0142u przedszkolnego, &#8211; [&hellip;]<\/p>\n","protected":false},"author":2,"featured_media":0,"parent":5983,"menu_order":0,"comment_status":"closed","ping_status":"closed","template":"","meta":{"ngg_post_thumbnail":0,"footnotes":""},"class_list":["post-8611","page","type-page","status-publish","hentry"],"_links":{"self":[{"href":"https:\/\/sp1hrubieszow.pl\/index.php\/wp-json\/wp\/v2\/pages\/8611","targetHints":{"allow":["GET"]}}],"collection":[{"href":"https:\/\/sp1hrubieszow.pl\/index.php\/wp-json\/wp\/v2\/pages"}],"about":[{"href":"https:\/\/sp1hrubieszow.pl\/index.php\/wp-json\/wp\/v2\/types\/page"}],"author":[{"embeddable":true,"href":"https:\/\/sp1hrubieszow.pl\/index.php\/wp-json\/wp\/v2\/users\/2"}],"replies":[{"embeddable":true,"href":"https:\/\/sp1hrubieszow.pl\/index.php\/wp-json\/wp\/v2\/comments?post=8611"}],"version-history":[{"count":1,"href":"https:\/\/sp1hrubieszow.pl\/index.php\/wp-json\/wp\/v2\/pages\/8611\/revisions"}],"predecessor-version":[{"id":8612,"href":"https:\/\/sp1hrubieszow.pl\/index.php\/wp-json\/wp\/v2\/pages\/8611\/revisions\/8612"}],"up":[{"embeddable":true,"href":"https:\/\/sp1hrubieszow.pl\/index.php\/wp-json\/wp\/v2\/pages\/5983"}],"wp:attachment":[{"href":"https:\/\/sp1hrubieszow.pl\/index.php\/wp-json\/wp\/v2\/media?parent=8611"}],"curies":[{"name":"wp","href":"https:\/\/api.w.org\/{rel}","templated":true}]}}