{"id":8585,"date":"2021-03-24T09:12:43","date_gmt":"2021-03-24T08:12:43","guid":{"rendered":"http:\/\/sp1.hrubieszow.info\/?page_id=8585"},"modified":"2021-03-24T09:13:12","modified_gmt":"2021-03-24T08:13:12","slug":"prace-uczniow-klasy-4a-lektura-pinokio","status":"publish","type":"page","link":"https:\/\/sp1hrubieszow.pl\/index.php\/kronika-2020-2021\/prace-uczniow-klasy-4a-lektura-pinokio\/","title":{"rendered":"Prace uczni\u00f3w klasy 4a &#8211; lektura &#8222;Pinokio&#8221;"},"content":{"rendered":"\n<p><span style=\"color: #000080;\">Zapraszamy do zapoznania si\u0119 z prezentacj\u0105 przedstawiaj\u0105c\u0105 tw\u00f3rczo\u015b\u0107 uczni\u00f3w z klasy 4a.&nbsp;<\/span><\/p>\n<p><span style=\"color: #000080;\"><strong><a style=\"color: #000080;\" href=\"http:\/\/sp1.hrubieszow.info\/wp-content\/uploads\/2021\/03\/Lektura-Pinokio\u2019\u2019-klasa-4a.pptx\">Lektura ,,Pinokio\u2019\u2019 klasa 4a<\/a><\/strong><\/span><\/p>\n","protected":false},"excerpt":{"rendered":"<p>Zapraszamy do zapoznania si\u0119 z prezentacj\u0105 przedstawiaj\u0105c\u0105 tw\u00f3rczo\u015b\u0107 uczni\u00f3w z klasy 4a.&nbsp; Lektura ,,Pinokio\u2019\u2019 klasa 4a<\/p>\n","protected":false},"author":2,"featured_media":0,"parent":5983,"menu_order":0,"comment_status":"closed","ping_status":"closed","template":"","meta":{"ngg_post_thumbnail":0,"footnotes":""},"class_list":["post-8585","page","type-page","status-publish","hentry"],"_links":{"self":[{"href":"https:\/\/sp1hrubieszow.pl\/index.php\/wp-json\/wp\/v2\/pages\/8585","targetHints":{"allow":["GET"]}}],"collection":[{"href":"https:\/\/sp1hrubieszow.pl\/index.php\/wp-json\/wp\/v2\/pages"}],"about":[{"href":"https:\/\/sp1hrubieszow.pl\/index.php\/wp-json\/wp\/v2\/types\/page"}],"author":[{"embeddable":true,"href":"https:\/\/sp1hrubieszow.pl\/index.php\/wp-json\/wp\/v2\/users\/2"}],"replies":[{"embeddable":true,"href":"https:\/\/sp1hrubieszow.pl\/index.php\/wp-json\/wp\/v2\/comments?post=8585"}],"version-history":[{"count":1,"href":"https:\/\/sp1hrubieszow.pl\/index.php\/wp-json\/wp\/v2\/pages\/8585\/revisions"}],"predecessor-version":[{"id":8586,"href":"https:\/\/sp1hrubieszow.pl\/index.php\/wp-json\/wp\/v2\/pages\/8585\/revisions\/8586"}],"up":[{"embeddable":true,"href":"https:\/\/sp1hrubieszow.pl\/index.php\/wp-json\/wp\/v2\/pages\/5983"}],"wp:attachment":[{"href":"https:\/\/sp1hrubieszow.pl\/index.php\/wp-json\/wp\/v2\/media?parent=8585"}],"curies":[{"name":"wp","href":"https:\/\/api.w.org\/{rel}","templated":true}]}}