{"id":8459,"date":"2021-03-12T18:54:03","date_gmt":"2021-03-12T17:54:03","guid":{"rendered":"http:\/\/sp1.hrubieszow.info\/?page_id=8459"},"modified":"2021-03-12T18:54:35","modified_gmt":"2021-03-12T17:54:35","slug":"zawodowy-strzal-w-10-wybierz-swoja-przyszlosc","status":"publish","type":"page","link":"https:\/\/sp1hrubieszow.pl\/index.php\/kronika-2020-2021\/zawodowy-strzal-w-10-wybierz-swoja-przyszlosc\/","title":{"rendered":"&#8222;Zawodowy strza\u0142 w 10! &#8211; wybierz swoj\u0105 przysz\u0142o\u015b\u0107&#8221;"},"content":{"rendered":"\n<p><span style=\"color: #000080;\">12 marca klasy 8 naszej szko\u0142y uczestniczy\u0142y w wydarzeniu &#8222;Zawodowy strza\u0142 w 10! &#8211; wybierz swoj\u0105 przysz\u0142o\u015b\u0107&#8221;. By\u0142o to spotkanie przygotowane przez Kuratorium O\u015bwiaty &#8211; Delegatura w Zamo\u015bciu i odby\u0142o si\u0119 z wykorzystaniem platformy Teams.<\/span><\/p>\n<p><span style=\"color: #000080;\">Wydarzenie rozpocz\u0119\u0142a pani Monika \u017bur &#8211; Dyrektor Delegatury w Zamo\u015bciu. Nast\u0119pnie uczniowie wys\u0142uchali wyst\u0105pienia Lubelskiego Kuratora O\u015bwiaty pani Teresy Misiuk.<\/span><\/p>\n<p><span style=\"color: #000080;\">W dalszej cz\u0119\u015bci spotkanie prowadzi\u0142a pani Barbara Krawczyk &#8211; starszy wizytator. Uczniom zosta\u0142y przedstawione prezentacje przygotowane przez szko\u0142y ponadpodstawowe powiatu hrubieszowskiego oraz tomaszowskiego. Dokonana zosta\u0142a tak\u017ce prezentacja materia\u0142\u00f3w \u017ar\u00f3d\u0142owych stanowi\u0105cych pomoc w wyborze zawodu: &#8222;Informator o szko\u0142ach ponadpodstawowych wojew\u00f3dztwa lubelskiego na rok szkolny 2021\/2022&#8221; oraz &#8222;Informator o zawodach szkolnictwa bran\u017cowego&#8221; O\u015brodka Rozwoju Edukacji.<\/span><\/p>\n<p><span style=\"color: #000080;\">Bardzo si\u0119 cieszymy, \u017ce nasi uczniowie mogli uczestniczy\u0107 w&nbsp; tym wydarzeniu.&nbsp;<\/span><\/p>\nngg_shortcode_0_placeholder\n<p>&nbsp;<\/p>\n","protected":false},"excerpt":{"rendered":"<p>12 marca klasy 8 naszej szko\u0142y uczestniczy\u0142y w wydarzeniu &#8222;Zawodowy strza\u0142 w 10! &#8211; wybierz swoj\u0105 przysz\u0142o\u015b\u0107&#8221;. By\u0142o to spotkanie przygotowane przez Kuratorium O\u015bwiaty &#8211; Delegatura w Zamo\u015bciu i odby\u0142o si\u0119 z wykorzystaniem platformy Teams. Wydarzenie rozpocz\u0119\u0142a pani Monika \u017bur &#8211; Dyrektor Delegatury w Zamo\u015bciu. Nast\u0119pnie uczniowie wys\u0142uchali wyst\u0105pienia Lubelskiego Kuratora O\u015bwiaty pani Teresy Misiuk. [&hellip;]<\/p>\n","protected":false},"author":2,"featured_media":0,"parent":5983,"menu_order":0,"comment_status":"closed","ping_status":"closed","template":"","meta":{"ngg_post_thumbnail":0,"footnotes":""},"class_list":["post-8459","page","type-page","status-publish","hentry"],"_links":{"self":[{"href":"https:\/\/sp1hrubieszow.pl\/index.php\/wp-json\/wp\/v2\/pages\/8459","targetHints":{"allow":["GET"]}}],"collection":[{"href":"https:\/\/sp1hrubieszow.pl\/index.php\/wp-json\/wp\/v2\/pages"}],"about":[{"href":"https:\/\/sp1hrubieszow.pl\/index.php\/wp-json\/wp\/v2\/types\/page"}],"author":[{"embeddable":true,"href":"https:\/\/sp1hrubieszow.pl\/index.php\/wp-json\/wp\/v2\/users\/2"}],"replies":[{"embeddable":true,"href":"https:\/\/sp1hrubieszow.pl\/index.php\/wp-json\/wp\/v2\/comments?post=8459"}],"version-history":[{"count":1,"href":"https:\/\/sp1hrubieszow.pl\/index.php\/wp-json\/wp\/v2\/pages\/8459\/revisions"}],"predecessor-version":[{"id":8460,"href":"https:\/\/sp1hrubieszow.pl\/index.php\/wp-json\/wp\/v2\/pages\/8459\/revisions\/8460"}],"up":[{"embeddable":true,"href":"https:\/\/sp1hrubieszow.pl\/index.php\/wp-json\/wp\/v2\/pages\/5983"}],"wp:attachment":[{"href":"https:\/\/sp1hrubieszow.pl\/index.php\/wp-json\/wp\/v2\/media?parent=8459"}],"curies":[{"name":"wp","href":"https:\/\/api.w.org\/{rel}","templated":true}]}}