{"id":8230,"date":"2021-02-25T20:54:28","date_gmt":"2021-02-25T19:54:28","guid":{"rendered":"http:\/\/sp1.hrubieszow.info\/?page_id=8230"},"modified":"2021-02-25T20:58:30","modified_gmt":"2021-02-25T19:58:30","slug":"certyfikaty-szkoly-myslenia-pozytywnego-dla-sp-nr-1-hrubieszow","status":"publish","type":"page","link":"https:\/\/sp1hrubieszow.pl\/index.php\/kronika-2020-2021\/certyfikaty-szkoly-myslenia-pozytywnego-dla-sp-nr-1-hrubieszow\/","title":{"rendered":"Certyfikaty Szko\u0142y My\u015blenia Pozytywnego dla SP Nr 1 Hrubiesz\u00f3w"},"content":{"rendered":"\n<p><span style=\"color: #000080;\">Szko\u0142a Podstawowa Nr 1 im. Boles\u0142awa Prusa w Hrubieszowie zosta\u0142a doceniona Certyfikatem Szko\u0142y My\u015blenia Pozytywnego 2020! Dokument ten potwierdza, \u017ce szko\u0142a aktywnie uczestniczy w dzia\u0142aniach, maj\u0105cych na celu popraw\u0119 dobrostanu i zdrowia psychicznego dzieci i m\u0142odzie\u017cy. Program &#8222;Szko\u0142a My\u015blenia Pozytywnego&#8221; oraz projekt &#8222;My\u015bl\u0119 Pozytywnie&#8221;, s\u0105 wsp\u00f3\u0142finansowane ze \u015brodk\u00f3w Ministerstwa &nbsp;Edukacji Narodowej oraz Narodowego Programu Zdrowia i odpowiadaj\u0105 na potrzeby wsp\u00f3\u0142czesnego, rozwijaj\u0105cego si\u0119 spo\u0142ecze\u0144stwa, w kt\u00f3rym niezmiernie istotne staje si\u0119 wspieranie zdrowia psychicznego oraz kompetencji emocjonalno-spo\u0142ecznych m\u0142odego pokolenia. Szko\u0142a Podstawowa Nr 1 im. Boles\u0142awa Prusa w Hrubieszowie uczestniczy w tym programie od trzech lat, systematycznie wdra\u017caj\u0105c r\u00f3\u017cnego rodzaju dzia\u0142ania w zakresie profilaktyki zdrowia psychicznego, skierowane do uczni\u00f3w, nauczycieli i rodzic\u00f3w. <\/span><br><span style=\"color: #000080;\">W ci\u0105gu ca\u0142ego roku 2020, uczniowie z r\u00f3\u017cnych klas, grup i organizacji szkolnych wraz z nauczycielami w\u0142\u0105czali si\u0119 w realizacj\u0119 zada\u0144 certyfikacyjnych, proponowanych przez organizator\u00f3w programu-Instytut Edukacji Pozytywnej. Uczniowie wykonywali zadania indywidualnie i w zespo\u0142ach, tak\u017ce podczas edukacji zdalnej. Podczas nauki w trybie stacjonarnym organizowano warsztaty, zaj\u0119cia i spotkania ze specjalistami, kt\u00f3rych tematyk\u0105 by\u0142y emocje, wewn\u0119trzna motywacja i pozytywne nastawienie w codziennym \u017cyciu ale tak\u017ce najwa\u017cniejsze warto\u015bci w \u017cyciu cz\u0142owieka. Na pocz\u0105tku roku 2020, w ramach nagrodzonej inicjatywy, powo\u0142ano &#8222;Szkolny Klub Lider\u00f3w Szko\u0142y My\u015blenia Pozytywnego&#8221;; w ka\u017cdej klasie wybrano uczni\u00f3w, kt\u00f3rzy zostali \u0142\u0105cznikami klasowymi i we wsp\u00f3\u0142pracy z koordynatorem programu przekazywali w swoich zespo\u0142ach informacje o aktualnych zadaniach, <\/span><span style=\"color: #000080;\">w ramach programu. W lutym 2020r., z inicjatywy klasowych lider\u00f3w zorganizowano dzia\u0142ania w ramach \u201eDnia Bezpiecznego Internetu\u201d, w tym konkurs na klasowy plakat\u201d Dzia\u0142amy razem dla bezpiecze\u0144stwa w Internecie\u201d.<\/span><\/p>\n<p><span style=\"color: #000080;\">Na pocz\u0105tku roku szkolnego 2020\/2021 w szkole urz\u0105dzono K\u0105ciki Wyciszenia, wyposa\u017caj\u0105c je w pufy relaksacyjne, kt\u00f3re pomagaj\u0105 uczniom w relaksowaniu si\u0119 podczas przerw. Uczniowie, rodzice i nauczyciele mogli skorzysta\u0107 z porad eksperckich oraz pomocy w sytuacjach kryzysowych w ramach Poradni On-line.<\/span><\/p>\n<p><span style=\"color: #000080;\">W dzia\u0142ania w ramach \u201eSzko\u0142y My\u015blenia Pozytywnego\u201d anga\u017cowali si\u0119 tak\u017ce rodzice, bior\u0105c udzia\u0142 w przedsi\u0119wzi\u0119ciach, maj\u0105cych na celu wspieranie pozytywnych inicjatyw szko\u0142y w zakresie ochrony zdrowia psychicznego dzieci i m\u0142odzie\u017cy. W trudnym okresie izolacji, spowodowanej pandemi\u0105, na szkolnym profilu fb pojawia\u0142y si\u0119 systematycznie infografiki w zakresie radzenia sobie z trudnymi emocjami i stresem a tak\u017ce cykl pod nazw\u0105 \u201ePozytywna my\u015bl na dzi\u015b\u201d i \u201ePozytywny kalendarz\u201d.<\/span><\/p>\n<p><span style=\"color: #000080;\">Jesieni\u0105 2020r. Szko\u0142a Podstawowa Nr 1 w Hrubieszowie przyst\u0105pi\u0142a dodatkowo do warto\u015bciowego projektu &#8222;Szko\u0142a My\u015blenia Pozytywnego -Komunikacja bez przemocy i Mediacje&#8221; i otrzyma\u0142a pami\u0105tkowy Certyfikat.<\/span><\/p>\n<p><span style=\"color: #000080;\">&nbsp;W ramach programu nauczyciele, uczniowie i rodzice mieli mo\u017cliwo\u015b\u0107 wzi\u0119cia udzia\u0142u w szkoleniach z zakresu &#8222;Komunikacji bez przemocy NVC&#8221; oraz &#8222;Mediacji szkolnych&#8221;, kt\u00f3re odby\u0142y si\u0119 na platformie edukacyjnej on-line, w zakresie podstawowym i rozszerzonym. Szko\u0142a skorzysta\u0142a tak\u017ce z pomocy ekspert\u00f3w programu oraz wzi\u0119\u0142a udzia\u0142 w superwizji za po\u015brednictwem Zoom.<\/span><\/p>\n<p><span style=\"color: #000080;\">W ramach udzia\u0142u w tym programie odbywa si\u0119 szkolenie kandydat\u00f3w na mediator\u00f3w r\u00f3wie\u015bniczych oraz koordynowane s\u0105 dzia\u0142ania Szkolnego Klubu Mediatora, kt\u00f3ry na bie\u017c\u0105co promuje mediacj\u0119, jako konstruktywny spos\u00f3b rozwi\u0105zywania konflikt\u00f3w w szkole. W wybranych oddzia\u0142ach wdra\u017cane s\u0105 tak\u017ce zasady \u201eKomunikacji bez przemocy\u201d, opartej na programie \u201ePorozumienie bez Przemocy NVC\u201d Marshalla B.Rosenberga .<\/span><\/p>\n<p><span style=\"color: #000080;\">Dzia\u0142ania w zakresie profilaktyki i ochrony zdrowia psychicznego dzieci i m\u0142odzie\u017cy oraz og\u00f3lnego dobrostanu spo\u0142eczno\u015bci szkolnej, uwzgl\u0119dnione zosta\u0142y w Szkolnym Programie Wychowawczo-Profilaktycznym.<\/span><\/p>\n<p><span style=\"color: #000080;\">W 2021r. szko\u0142a przyst\u0105pi\u0142a do kolejnej edycji programu. Obecnie poszczeg\u00f3lne zespo\u0142y klasowe w\u0142\u0105czy\u0142y si\u0119 w realizacj\u0119 pierwszego zadania, zaplanowanego na rok 2021.<\/span><\/p>\n<p><span style=\"color: #000080;\">Koordynator programu Szko\u0142a My\u015blenia Pozytywnego w SP Nr 1 Hrubiesz\u00f3w -Marta Kuczy\u0144ska, pedagog szkolny<\/span><\/p>\nngg_shortcode_0_placeholder\n<p>&nbsp;<\/p>\n<p>&nbsp;<\/p>\n","protected":false},"excerpt":{"rendered":"<p>Szko\u0142a Podstawowa Nr 1 im. Boles\u0142awa Prusa w Hrubieszowie zosta\u0142a doceniona Certyfikatem Szko\u0142y My\u015blenia Pozytywnego 2020! Dokument ten potwierdza, \u017ce szko\u0142a aktywnie uczestniczy w dzia\u0142aniach, maj\u0105cych na celu popraw\u0119 dobrostanu i zdrowia psychicznego dzieci i m\u0142odzie\u017cy. Program &#8222;Szko\u0142a My\u015blenia Pozytywnego&#8221; oraz projekt &#8222;My\u015bl\u0119 Pozytywnie&#8221;, s\u0105 wsp\u00f3\u0142finansowane ze \u015brodk\u00f3w Ministerstwa &nbsp;Edukacji Narodowej oraz Narodowego Programu Zdrowia [&hellip;]<\/p>\n","protected":false},"author":2,"featured_media":0,"parent":5983,"menu_order":0,"comment_status":"closed","ping_status":"closed","template":"","meta":{"ngg_post_thumbnail":0,"footnotes":""},"class_list":["post-8230","page","type-page","status-publish","hentry"],"_links":{"self":[{"href":"https:\/\/sp1hrubieszow.pl\/index.php\/wp-json\/wp\/v2\/pages\/8230","targetHints":{"allow":["GET"]}}],"collection":[{"href":"https:\/\/sp1hrubieszow.pl\/index.php\/wp-json\/wp\/v2\/pages"}],"about":[{"href":"https:\/\/sp1hrubieszow.pl\/index.php\/wp-json\/wp\/v2\/types\/page"}],"author":[{"embeddable":true,"href":"https:\/\/sp1hrubieszow.pl\/index.php\/wp-json\/wp\/v2\/users\/2"}],"replies":[{"embeddable":true,"href":"https:\/\/sp1hrubieszow.pl\/index.php\/wp-json\/wp\/v2\/comments?post=8230"}],"version-history":[{"count":3,"href":"https:\/\/sp1hrubieszow.pl\/index.php\/wp-json\/wp\/v2\/pages\/8230\/revisions"}],"predecessor-version":[{"id":8235,"href":"https:\/\/sp1hrubieszow.pl\/index.php\/wp-json\/wp\/v2\/pages\/8230\/revisions\/8235"}],"up":[{"embeddable":true,"href":"https:\/\/sp1hrubieszow.pl\/index.php\/wp-json\/wp\/v2\/pages\/5983"}],"wp:attachment":[{"href":"https:\/\/sp1hrubieszow.pl\/index.php\/wp-json\/wp\/v2\/media?parent=8230"}],"curies":[{"name":"wp","href":"https:\/\/api.w.org\/{rel}","templated":true}]}}