{"id":8141,"date":"2021-02-19T20:11:48","date_gmt":"2021-02-19T19:11:48","guid":{"rendered":"http:\/\/sp1.hrubieszow.info\/?page_id=8141"},"modified":"2021-02-19T20:12:20","modified_gmt":"2021-02-19T19:12:20","slug":"akcja-dokarmiamy-ptaki-zima","status":"publish","type":"page","link":"https:\/\/sp1hrubieszow.pl\/index.php\/kronika-2020-2021\/akcja-dokarmiamy-ptaki-zima\/","title":{"rendered":"Akcja ,,Dokarmiamy ptaki zim\u0105\u201d"},"content":{"rendered":"\n<p><span style=\"color: #000080;\">Szkolne Ko\u0142o Wolontariatu zach\u0119ca ca\u0142\u0105 spo\u0142eczno\u015b\u0107 szkoln\u0105 do w\u0142\u0105czenia si\u0119 w akcj\u0119 dokarmiania ptak\u00f3w. Zima jest dla nich szczeg\u00f3lnie ci\u0119\u017ckim okresem ze wzgl\u0119du na nisk\u0105 temperatur\u0119 oraz obfite opady \u015bniegu. Bior\u0105c ten fakt pod uwag\u0119 wolontariusze z du\u017cym zaanga\u017cowaniem wykonali karmniki, aby pom\u00f3c ptakom przetra\u0107 zim\u0119.<\/span><\/p>\n<p><span style=\"color: #000080;\">Karmniki przygotowali: Zuzanna Wi\u015bniewska, Pawe\u0142 Karkuszewski, Antonina Suchecka, Stefania Suchecka, Maja Wilkos, Wiktoria Daciuk, Aleksandra Szymko.<\/span><\/p>\n<p><span style=\"color: #000080;\">Pami\u0119tajmy, \u017ce pokarm dla ptak\u00f3w powinien by\u0107 jak najbardziej zbli\u017cony do tego, co jedz\u0105 w naturze. Nasi skrzydlaci s\u0105siedzi b\u0119d\u0105 wdzi\u0119czni za ziarna prosa, nie\u0142uskanego s\u0142onecznika, nasiona konopi, siemi\u0119, owies, pszenic\u0119, owoce czy orzechy. Taki pokarm ptaki znajduj\u0105 na \u0142\u0105kach i drzewach. Ptak\u00f3w nie wolno karmi\u0107 zepsutym jedzeniem, bo ple\u015b\u0144 mo\u017ce im tak samo zaszkodzi\u0107 jak ludziom.<\/span><\/p>\n<p><span style=\"color: #000080;\">Zach\u0119camy Pa\u0144stwa, do wsp\u00f3lnego z dzie\u0107mi dokarmiania ptak\u00f3w we w\u0142asnych karmnikach. Takie dzia\u0142ania nios\u0105 ze sob\u0105 wspania\u0142y walor edukacyjny, ucz\u0105 odpowiedzialno\u015bci, dbania o \u015brodowisko naturalne, daj\u0105 mo\u017cliwo\u015b\u0107 obserwacji, ale tak\u017ce, satysfakcj\u0119 i wiele rado\u015bci.<\/span><\/p>\n<p><span style=\"color: #000080;\">Opiekun SKW Anna Karkuszewska<\/span><\/p>\nngg_shortcode_0_placeholder\n","protected":false},"excerpt":{"rendered":"<p>Szkolne Ko\u0142o Wolontariatu zach\u0119ca ca\u0142\u0105 spo\u0142eczno\u015b\u0107 szkoln\u0105 do w\u0142\u0105czenia si\u0119 w akcj\u0119 dokarmiania ptak\u00f3w. Zima jest dla nich szczeg\u00f3lnie ci\u0119\u017ckim okresem ze wzgl\u0119du na nisk\u0105 temperatur\u0119 oraz obfite opady \u015bniegu. Bior\u0105c ten fakt pod uwag\u0119 wolontariusze z du\u017cym zaanga\u017cowaniem wykonali karmniki, aby pom\u00f3c ptakom przetra\u0107 zim\u0119. Karmniki przygotowali: Zuzanna Wi\u015bniewska, Pawe\u0142 Karkuszewski, Antonina Suchecka, Stefania [&hellip;]<\/p>\n","protected":false},"author":2,"featured_media":0,"parent":5983,"menu_order":0,"comment_status":"closed","ping_status":"closed","template":"","meta":{"ngg_post_thumbnail":0,"footnotes":""},"class_list":["post-8141","page","type-page","status-publish","hentry"],"_links":{"self":[{"href":"https:\/\/sp1hrubieszow.pl\/index.php\/wp-json\/wp\/v2\/pages\/8141","targetHints":{"allow":["GET"]}}],"collection":[{"href":"https:\/\/sp1hrubieszow.pl\/index.php\/wp-json\/wp\/v2\/pages"}],"about":[{"href":"https:\/\/sp1hrubieszow.pl\/index.php\/wp-json\/wp\/v2\/types\/page"}],"author":[{"embeddable":true,"href":"https:\/\/sp1hrubieszow.pl\/index.php\/wp-json\/wp\/v2\/users\/2"}],"replies":[{"embeddable":true,"href":"https:\/\/sp1hrubieszow.pl\/index.php\/wp-json\/wp\/v2\/comments?post=8141"}],"version-history":[{"count":1,"href":"https:\/\/sp1hrubieszow.pl\/index.php\/wp-json\/wp\/v2\/pages\/8141\/revisions"}],"predecessor-version":[{"id":8142,"href":"https:\/\/sp1hrubieszow.pl\/index.php\/wp-json\/wp\/v2\/pages\/8141\/revisions\/8142"}],"up":[{"embeddable":true,"href":"https:\/\/sp1hrubieszow.pl\/index.php\/wp-json\/wp\/v2\/pages\/5983"}],"wp:attachment":[{"href":"https:\/\/sp1hrubieszow.pl\/index.php\/wp-json\/wp\/v2\/media?parent=8141"}],"curies":[{"name":"wp","href":"https:\/\/api.w.org\/{rel}","templated":true}]}}

Akcja ,,Dokarmiamy ptaki zimą”

<p><span style="color: #000080;">Szkolne Koło Wolontariatu zachęca całą społeczność szkolną do włączenia się w akcję dokarmiania ptaków. Zima jest dla nich szczególnie ciężkim okresem ze względu na niską temperaturę oraz obfite opady śniegu. Biorąc ten fakt pod uwagę wolontariusze z dużym zaangażowaniem wykonali karmniki, aby pomóc ptakom przetrać zimę.</span></p>
<p><span style="color: #000080;">Karmniki przygotowali: Zuzanna Wiśniewska, Paweł Karkuszewski, Antonina Suchecka, Stefania Suchecka, Maja Wilkos, Wiktoria Daciuk, Aleksandra Szymko.</span></p>
<p><span style="color: #000080;">Pamiętajmy, że pokarm dla ptaków powinien być jak najbardziej zbliżony do tego, co jedzą w naturze. Nasi skrzydlaci sąsiedzi będą wdzięczni za ziarna prosa, niełuskanego słonecznika, nasiona konopi, siemię, owies, pszenicę, owoce czy orzechy. Taki pokarm ptaki znajdują na łąkach i drzewach. Ptaków nie wolno karmić zepsutym jedzeniem, bo pleśń może im tak samo zaszkodzić jak ludziom.</span></p>
<p><span style="color: #000080;">Zachęcamy Państwa, do wspólnego z dziećmi dokarmiania ptaków we własnych karmnikach. Takie działania niosą ze sobą wspaniały walor edukacyjny, uczą odpowiedzialności, dbania o środowisko naturalne, dają możliwość obserwacji, ale także, satysfakcję i wiele radości.</span></p>
<p><span style="color: #000080;">Opiekun SKW Anna Karkuszewska</span></p>
ngg_shortcode_0_placeholder

<p>Szkolne Koło Wolontariatu zachęca całą społeczność szkolną do włączenia się w akcję dokarmiania ptaków. Zima jest dla nich szczególnie ciężkim okresem ze względu na niską temperaturę oraz obfite opady śniegu. Biorąc ten fakt pod uwagę wolontariusze z dużym zaangażowaniem wykonali karmniki, aby pomóc ptakom przetrać zimę. Karmniki przygotowali: Zuzanna Wiśniewska, Paweł Karkuszewski, Antonina Suchecka, Stefania [&hellip;]</p>
