{"id":7976,"date":"2021-02-10T15:51:20","date_gmt":"2021-02-10T14:51:20","guid":{"rendered":"http:\/\/sp1.hrubieszow.info\/?page_id=7976"},"modified":"2021-02-10T15:51:50","modified_gmt":"2021-02-10T14:51:50","slug":"wymiana-listow-w-jezyku-angielskim","status":"publish","type":"page","link":"https:\/\/sp1hrubieszow.pl\/index.php\/kronika-2020-2021\/wymiana-listow-w-jezyku-angielskim\/","title":{"rendered":"Wymiana list\u00f3w w j\u0119zyku angielskim"},"content":{"rendered":"\n<p><span style=\"color: #000080;\">Wyszed\u0142em z pewnym projektem dotycz\u0105cym nauki j\u0119zyka angielskiego. Chcia\u0142em troch\u0119 uatrakcyjni\u0107 nauk\u0119 w takich czasach, jakie mamy&#8230;<\/span><br><span style=\"color: #000080;\">Skontaktowa\u0142em si\u0119 ze swoim znajomym, kt\u00f3ry jest rodowitym Hiszpanem i jest tak\u017ce nauczycielem angielskiego w hiszpa\u0144skim mie\u015bcie Vigo, aby nasi uczniowie wymielili si\u0119 listami, pisanymi w starej, tradycyjnej, papierowej formie. Z ch\u0119ci\u0105 si\u0119 zgodzi\u0142. <\/span><br><span style=\"color: #000080;\">Ka\u017cdy ucze\u0144, kt\u00f3ry zg\u0142osi\u0142 si\u0119 do projektu, otrzyma osobisty list od ucznia z Hiszpanii z 5 lub 6 klasy. Gdy listy dotr\u0105 do Hrubieszowa (a zosta\u0142y wys\u0142ane w poniedzia\u0142ek 8 lutego), ka\u017cdy otrzyma jeden list i musi na niego odpowiedzie\u0107 (jak ma na imi\u0119, co lubi, jakie ma plany, gdzie mieszka itd&#8230;). B\u0141\u0118DY POPRAWI\u0118 TYLKO POWIERZCHOWNIE, poniewa\u017c nie chodzi o to , aby praca by\u0142a idealna, tylko, aby dzieci zmotywowa\u0107 do wi\u0119kszej kreatywno\u015bci i odpowiedzialno\u015bci&nbsp; ( wywi\u0105zania si\u0119 z zobowi\u0105zania). Dostaniemy 25 list\u00f3w i 25 list\u00f3w musz\u0119 odes\u0142a\u0107 przez Poczt\u0119 Polsk\u0105, bo b\u0119d\u0105 na nie oczekiwa\u0107 hiszpa\u0144scy uczniowie. <\/span><br><span style=\"color: #000080;\">Dosta\u0142em ju\u017c zdj\u0119cie kilku list\u00f3w, aby zobaczy\u0107 jak wygl\u0105daj\u0105. S\u0105 to prace bardzo pracoch\u0142onne, a dzieci nawet wklei\u0142y swoje zdj\u0119cia i adresy e-mail, by w przysz\u0142o\u015bci nawi\u0105za\u0107 kontakt z r\u00f3wie\u015bnikami z Hrubieszowa.<\/span><\/p>\n<p style=\"text-align: right;\"><span style=\"color: #000080;\">Rafa\u0142 Maksymiuk<\/span><\/p>\nngg_shortcode_0_placeholder\n<p>&nbsp;<\/p>\n","protected":false},"excerpt":{"rendered":"<p>Wyszed\u0142em z pewnym projektem dotycz\u0105cym nauki j\u0119zyka angielskiego. Chcia\u0142em troch\u0119 uatrakcyjni\u0107 nauk\u0119 w takich czasach, jakie mamy&#8230;Skontaktowa\u0142em si\u0119 ze swoim znajomym, kt\u00f3ry jest rodowitym Hiszpanem i jest tak\u017ce nauczycielem angielskiego w hiszpa\u0144skim mie\u015bcie Vigo, aby nasi uczniowie wymielili si\u0119 listami, pisanymi w starej, tradycyjnej, papierowej formie. Z ch\u0119ci\u0105 si\u0119 zgodzi\u0142. Ka\u017cdy ucze\u0144, kt\u00f3ry zg\u0142osi\u0142 si\u0119 [&hellip;]<\/p>\n","protected":false},"author":2,"featured_media":0,"parent":5983,"menu_order":0,"comment_status":"closed","ping_status":"closed","template":"","meta":{"ngg_post_thumbnail":0,"footnotes":""},"class_list":["post-7976","page","type-page","status-publish","hentry"],"_links":{"self":[{"href":"https:\/\/sp1hrubieszow.pl\/index.php\/wp-json\/wp\/v2\/pages\/7976","targetHints":{"allow":["GET"]}}],"collection":[{"href":"https:\/\/sp1hrubieszow.pl\/index.php\/wp-json\/wp\/v2\/pages"}],"about":[{"href":"https:\/\/sp1hrubieszow.pl\/index.php\/wp-json\/wp\/v2\/types\/page"}],"author":[{"embeddable":true,"href":"https:\/\/sp1hrubieszow.pl\/index.php\/wp-json\/wp\/v2\/users\/2"}],"replies":[{"embeddable":true,"href":"https:\/\/sp1hrubieszow.pl\/index.php\/wp-json\/wp\/v2\/comments?post=7976"}],"version-history":[{"count":1,"href":"https:\/\/sp1hrubieszow.pl\/index.php\/wp-json\/wp\/v2\/pages\/7976\/revisions"}],"predecessor-version":[{"id":7977,"href":"https:\/\/sp1hrubieszow.pl\/index.php\/wp-json\/wp\/v2\/pages\/7976\/revisions\/7977"}],"up":[{"embeddable":true,"href":"https:\/\/sp1hrubieszow.pl\/index.php\/wp-json\/wp\/v2\/pages\/5983"}],"wp:attachment":[{"href":"https:\/\/sp1hrubieszow.pl\/index.php\/wp-json\/wp\/v2\/media?parent=7976"}],"curies":[{"name":"wp","href":"https:\/\/api.w.org\/{rel}","templated":true}]}}