{"id":7774,"date":"2021-01-26T11:21:55","date_gmt":"2021-01-26T10:21:55","guid":{"rendered":"http:\/\/sp1.hrubieszow.info\/?page_id=7774"},"modified":"2021-01-26T11:22:21","modified_gmt":"2021-01-26T10:22:21","slug":"uwaga-platnosc-za-obiady","status":"publish","type":"page","link":"https:\/\/sp1hrubieszow.pl\/index.php\/kronika-2020-2021\/uwaga-platnosc-za-obiady\/","title":{"rendered":"Uwaga! &#8211; p\u0142atno\u015b\u0107 za obiady."},"content":{"rendered":"\n<p><span style=\"color: #000080;\"><strong>Uwaga!<\/strong><\/span><\/p>\n<p><span style=\"color: #000080;\"><strong>Ka\u017cdy ucze\u0144 &nbsp;korzystaj\u0105cy z obiad\u00f3w w miesi\u0105cu&nbsp; lutym<\/strong><\/span><\/p>\n<p><span style=\"color: #000080;\"><strong>w poniedzia\u0142ek (01.02.2021r) otrzyma kartk\u0119 z informacj\u0105 &nbsp;jak\u0105 kwot\u0119 nale\u017cy&nbsp; <\/strong><\/span><\/p>\n<p><span style=\"color: #000080;\"><strong>wp\u0142aci\u0107 &nbsp;za obiady w dniach :<\/strong><\/span><\/p>\n<p><span style=\"color: #000080;\"><strong>&nbsp;01.02&nbsp; &#8211; 05.02. 2021 r.<\/strong><\/span><\/p>\n","protected":false},"excerpt":{"rendered":"<p>Uwaga! Ka\u017cdy ucze\u0144 &nbsp;korzystaj\u0105cy z obiad\u00f3w w miesi\u0105cu&nbsp; lutym w poniedzia\u0142ek (01.02.2021r) otrzyma kartk\u0119 z informacj\u0105 &nbsp;jak\u0105 kwot\u0119 nale\u017cy&nbsp; wp\u0142aci\u0107 &nbsp;za obiady w dniach : &nbsp;01.02&nbsp; &#8211; 05.02. 2021 r.<\/p>\n","protected":false},"author":2,"featured_media":0,"parent":5983,"menu_order":0,"comment_status":"closed","ping_status":"closed","template":"","meta":{"ngg_post_thumbnail":0,"footnotes":""},"class_list":["post-7774","page","type-page","status-publish","hentry"],"_links":{"self":[{"href":"https:\/\/sp1hrubieszow.pl\/index.php\/wp-json\/wp\/v2\/pages\/7774","targetHints":{"allow":["GET"]}}],"collection":[{"href":"https:\/\/sp1hrubieszow.pl\/index.php\/wp-json\/wp\/v2\/pages"}],"about":[{"href":"https:\/\/sp1hrubieszow.pl\/index.php\/wp-json\/wp\/v2\/types\/page"}],"author":[{"embeddable":true,"href":"https:\/\/sp1hrubieszow.pl\/index.php\/wp-json\/wp\/v2\/users\/2"}],"replies":[{"embeddable":true,"href":"https:\/\/sp1hrubieszow.pl\/index.php\/wp-json\/wp\/v2\/comments?post=7774"}],"version-history":[{"count":1,"href":"https:\/\/sp1hrubieszow.pl\/index.php\/wp-json\/wp\/v2\/pages\/7774\/revisions"}],"predecessor-version":[{"id":7775,"href":"https:\/\/sp1hrubieszow.pl\/index.php\/wp-json\/wp\/v2\/pages\/7774\/revisions\/7775"}],"up":[{"embeddable":true,"href":"https:\/\/sp1hrubieszow.pl\/index.php\/wp-json\/wp\/v2\/pages\/5983"}],"wp:attachment":[{"href":"https:\/\/sp1hrubieszow.pl\/index.php\/wp-json\/wp\/v2\/media?parent=7774"}],"curies":[{"name":"wp","href":"https:\/\/api.w.org\/{rel}","templated":true}]}}