{"id":7722,"date":"2020-12-28T19:18:50","date_gmt":"2020-12-28T18:18:50","guid":{"rendered":"http:\/\/sp1.hrubieszow.info\/?page_id=7722"},"modified":"2020-12-28T19:19:08","modified_gmt":"2020-12-28T18:19:08","slug":"akcja-pomoc-mlodych","status":"publish","type":"page","link":"https:\/\/sp1hrubieszow.pl\/index.php\/kronika-2020-2021\/akcja-pomoc-mlodych\/","title":{"rendered":"Akcja \u201epoMOC M\u0141ODYCH\u201d"},"content":{"rendered":"\n<p><span style=\"color: #000080;\">W imieniu student\u00f3w psychologii Katolickiego Uniwersytetu Lubelskiego Jana Paw\u0142a II zapraszamy do skorzystania z pomocy w ramach inicjatywy <strong>\u201epoMOC M\u0141ODYCH\u201d<\/strong>. Jest to akcja, w kt\u00f3rej studenci, pod kierunkiem wyk\u0142adowc\u00f3w \u2013 psycholog\u00f3w i psychoterapeut\u00f3w &#8211; oferuj\u0105 <strong>wsparcie r\u00f3wie\u015bnicze<\/strong> dla m\u0142odzie\u017cy szkolnej. Studenci podpowiedz\u0105 co zrobi\u0107 z wolnym czasem, jak odnale\u017a\u0107 si\u0119 w izolacji, jak si\u0119 uczy\u0107 czy zacz\u0105\u0107 studiowa\u0107. <\/span><br><span style=\"color: #000080;\">Akcja obejmuje r\u00f3\u017cne formy wsparcia dla dzieci i m\u0142odzie\u017cy m.in.:<\/span><\/p>\n<ul>\n<li><span style=\"color: #000080;\">rozmowy indywidualne poprzez aplikacje: Skype, Mail b\u0105d\u017a Facebook<\/span><\/li>\n<li><span style=\"color: #000080;\">pomoc w nauce lub odrabianiu zaj\u0119\u0107 domowych<\/span><\/li>\n<li><span style=\"color: #000080;\">wsp\u00f3lne omawianie lektur, powt\u00f3rki maturalne<\/span><\/li>\n<li><span style=\"color: #000080;\">konsultacje dotycz\u0105ce wyboru kierunku studi\u00f3w<\/span><\/li>\n<li><span style=\"color: #000080;\">pomys\u0142y i inspiracje dla rodzic\u00f3w na organizacj\u0119 wolnego czasu dla dzieci<\/span><\/li>\n<\/ul>\n<p><span style=\"color: #000080;\">Szczeg\u00f3\u0142y inicjatywy za\u0142\u0105czamy w broszurach informacyjnych. Wi\u0119cej&nbsp;informacji tak\u017ce na stronie internetowej <a style=\"color: #000080;\" href=\"https:\/\/wsparcie.kul.pl\/\">https:\/\/wsparcie.kul.pl\/<\/a>pomocmlodych.<\/span><\/p>\n<p><span style=\"color: #000080;\"><a style=\"color: #000080;\" href=\"http:\/\/sp1.hrubieszow.info\/wp-content\/uploads\/2020\/12\/Broszura-dla-Rodzic\u00f3w-II-edycja.pdf\"><strong>Broszura dla Rodzic\u00f3w &#8211; II edycja<\/strong><\/a><\/span><\/p>\n<p><strong><span style=\"color: #000080;\"><a style=\"color: #000080;\" href=\"http:\/\/sp1.hrubieszow.info\/wp-content\/uploads\/2020\/12\/Broszura-dla-Uczni\u00f3w-II-edycja.pdf\">Broszura dla Uczni\u00f3w &#8211; II edycja<\/a><\/span><\/strong><\/p>\n<p><strong><span style=\"color: #000080;\"><a style=\"color: #000080;\" href=\"http:\/\/sp1.hrubieszow.info\/wp-content\/uploads\/2020\/12\/poMOC-w-NAUCE-II-edycja.pdf\">poMOC w NAUCE &#8211; II edycja<\/a><\/span><\/strong><\/p>\n","protected":false},"excerpt":{"rendered":"<p>W imieniu student\u00f3w psychologii Katolickiego Uniwersytetu Lubelskiego Jana Paw\u0142a II zapraszamy do skorzystania z pomocy w ramach inicjatywy \u201epoMOC M\u0141ODYCH\u201d. Jest to akcja, w kt\u00f3rej studenci, pod kierunkiem wyk\u0142adowc\u00f3w \u2013 psycholog\u00f3w i psychoterapeut\u00f3w &#8211; oferuj\u0105 wsparcie r\u00f3wie\u015bnicze dla m\u0142odzie\u017cy szkolnej. Studenci podpowiedz\u0105 co zrobi\u0107 z wolnym czasem, jak odnale\u017a\u0107 si\u0119 w izolacji, jak si\u0119 uczy\u0107 [&hellip;]<\/p>\n","protected":false},"author":2,"featured_media":0,"parent":5983,"menu_order":0,"comment_status":"closed","ping_status":"closed","template":"","meta":{"ngg_post_thumbnail":0,"footnotes":""},"class_list":["post-7722","page","type-page","status-publish","hentry"],"_links":{"self":[{"href":"https:\/\/sp1hrubieszow.pl\/index.php\/wp-json\/wp\/v2\/pages\/7722","targetHints":{"allow":["GET"]}}],"collection":[{"href":"https:\/\/sp1hrubieszow.pl\/index.php\/wp-json\/wp\/v2\/pages"}],"about":[{"href":"https:\/\/sp1hrubieszow.pl\/index.php\/wp-json\/wp\/v2\/types\/page"}],"author":[{"embeddable":true,"href":"https:\/\/sp1hrubieszow.pl\/index.php\/wp-json\/wp\/v2\/users\/2"}],"replies":[{"embeddable":true,"href":"https:\/\/sp1hrubieszow.pl\/index.php\/wp-json\/wp\/v2\/comments?post=7722"}],"version-history":[{"count":1,"href":"https:\/\/sp1hrubieszow.pl\/index.php\/wp-json\/wp\/v2\/pages\/7722\/revisions"}],"predecessor-version":[{"id":7723,"href":"https:\/\/sp1hrubieszow.pl\/index.php\/wp-json\/wp\/v2\/pages\/7722\/revisions\/7723"}],"up":[{"embeddable":true,"href":"https:\/\/sp1hrubieszow.pl\/index.php\/wp-json\/wp\/v2\/pages\/5983"}],"wp:attachment":[{"href":"https:\/\/sp1hrubieszow.pl\/index.php\/wp-json\/wp\/v2\/media?parent=7722"}],"curies":[{"name":"wp","href":"https:\/\/api.w.org\/{rel}","templated":true}]}}