{"id":7429,"date":"2020-12-03T20:38:33","date_gmt":"2020-12-03T19:38:33","guid":{"rendered":"http:\/\/sp1.hrubieszow.info\/?page_id=7429"},"modified":"2020-12-03T20:39:01","modified_gmt":"2020-12-03T19:39:01","slug":"hokus-pokus-czary-mary","status":"publish","type":"page","link":"https:\/\/sp1hrubieszow.pl\/index.php\/kronika-2020-2021\/hokus-pokus-czary-mary\/","title":{"rendered":"\u201eHokus pokus, czary mary\u2026\u201d"},"content":{"rendered":"\n<p><span style=\"color: #000080;\">30 listopada przedszkolaki z oddzia\u0142u przedszkolnego wypowiadaj\u0105c to zakl\u0119cie wyra\u017ca\u0142y pragnienie, aby andrzejkowe wr\u00f3\u017cby si\u0119 spe\u0142nia\u0142y. W\u0142a\u015bnie w tym dniu dzieci mia\u0142y okazje przenie\u015b\u0107 si\u0119 w magiczny \u015bwiat wr\u00f3\u017cb i pozna\u0107 swoj\u0105 bli\u017csz\u0105 i dalsz\u0105 przysz\u0142o\u015b\u0107. Nie zabrak\u0142o&nbsp; przek\u0142uwania serduszek z imionami, losowania swoich przysz\u0142ych zawod\u00f3w, a tak\u017ce ustawiania but\u00f3w, aby sprawdzi\u0107, kt\u00f3ry ch\u0142opiec pierwszy si\u0119 o\u017ceni i kt\u00f3ra dziewczynka pierwsza wyjdzie za m\u0105\u017c. Zorganizowane tradycyjne wr\u00f3\u017cby wywo\u0142a\u0142y tajemnicz\u0105 atmosfer\u0119 magii. Przynios\u0142y przedszkolakom wiele rado\u015bci oraz by\u0142y okazj\u0105 do wsp\u00f3lnej zabawy.<\/span><\/p>\n<p><span style=\"color: #000080;\">Czy wr\u00f3\u017cby si\u0119 spe\u0142ni\u0105? Czas poka\u017ce. Pewne jest to, \u017ce przynios\u0142y nam wiele rado\u015bci i by\u0142y okazj\u0105 do wsp\u00f3lnej zabawy.<\/span><\/p>\nngg_shortcode_0_placeholder\n","protected":false},"excerpt":{"rendered":"<p>30 listopada przedszkolaki z oddzia\u0142u przedszkolnego wypowiadaj\u0105c to zakl\u0119cie wyra\u017ca\u0142y pragnienie, aby andrzejkowe wr\u00f3\u017cby si\u0119 spe\u0142nia\u0142y. W\u0142a\u015bnie w tym dniu dzieci mia\u0142y okazje przenie\u015b\u0107 si\u0119 w magiczny \u015bwiat wr\u00f3\u017cb i pozna\u0107 swoj\u0105 bli\u017csz\u0105 i dalsz\u0105 przysz\u0142o\u015b\u0107. Nie zabrak\u0142o&nbsp; przek\u0142uwania serduszek z imionami, losowania swoich przysz\u0142ych zawod\u00f3w, a tak\u017ce ustawiania but\u00f3w, aby sprawdzi\u0107, kt\u00f3ry ch\u0142opiec pierwszy [&hellip;]<\/p>\n","protected":false},"author":2,"featured_media":0,"parent":5983,"menu_order":0,"comment_status":"closed","ping_status":"closed","template":"","meta":{"ngg_post_thumbnail":0,"footnotes":""},"class_list":["post-7429","page","type-page","status-publish","hentry"],"_links":{"self":[{"href":"https:\/\/sp1hrubieszow.pl\/index.php\/wp-json\/wp\/v2\/pages\/7429","targetHints":{"allow":["GET"]}}],"collection":[{"href":"https:\/\/sp1hrubieszow.pl\/index.php\/wp-json\/wp\/v2\/pages"}],"about":[{"href":"https:\/\/sp1hrubieszow.pl\/index.php\/wp-json\/wp\/v2\/types\/page"}],"author":[{"embeddable":true,"href":"https:\/\/sp1hrubieszow.pl\/index.php\/wp-json\/wp\/v2\/users\/2"}],"replies":[{"embeddable":true,"href":"https:\/\/sp1hrubieszow.pl\/index.php\/wp-json\/wp\/v2\/comments?post=7429"}],"version-history":[{"count":1,"href":"https:\/\/sp1hrubieszow.pl\/index.php\/wp-json\/wp\/v2\/pages\/7429\/revisions"}],"predecessor-version":[{"id":7430,"href":"https:\/\/sp1hrubieszow.pl\/index.php\/wp-json\/wp\/v2\/pages\/7429\/revisions\/7430"}],"up":[{"embeddable":true,"href":"https:\/\/sp1hrubieszow.pl\/index.php\/wp-json\/wp\/v2\/pages\/5983"}],"wp:attachment":[{"href":"https:\/\/sp1hrubieszow.pl\/index.php\/wp-json\/wp\/v2\/media?parent=7429"}],"curies":[{"name":"wp","href":"https:\/\/api.w.org\/{rel}","templated":true}]}}