{"id":7320,"date":"2020-11-25T21:49:56","date_gmt":"2020-11-25T20:49:56","guid":{"rendered":"http:\/\/sp1.hrubieszow.info\/?page_id=7320"},"modified":"2020-11-25T21:52:05","modified_gmt":"2020-11-25T20:52:05","slug":"nasza-szkola-laureatem-konkursu-razem-chronimy-srodowisko","status":"publish","type":"page","link":"https:\/\/sp1hrubieszow.pl\/index.php\/kronika-2020-2021\/nasza-szkola-laureatem-konkursu-razem-chronimy-srodowisko\/","title":{"rendered":"NASZA SZKO\u0141A LAUREATEM KONKURSU  \u201eRAZEM CHRONIMY \u015aRODOWISKO!\u201d"},"content":{"rendered":"\n<p><span style=\"color: #000080;\"> <img loading=\"lazy\" decoding=\"async\" class=\"alignnone size-medium wp-image-7319\" src=\"http:\/\/sp1.hrubieszow.info\/wp-content\/uploads\/2020\/11\/2020-11-24_razem_chronimy_srodowisko_wyniki_konkursu-800x445-300x167.jpg\" alt=\"\" width=\"300\" height=\"167\" srcset=\"https:\/\/sp1hrubieszow.pl\/wp-content\/uploads\/2020\/11\/2020-11-24_razem_chronimy_srodowisko_wyniki_konkursu-800x445-300x167.jpg 300w, https:\/\/sp1hrubieszow.pl\/wp-content\/uploads\/2020\/11\/2020-11-24_razem_chronimy_srodowisko_wyniki_konkursu-800x445-768x427.jpg 768w, https:\/\/sp1hrubieszow.pl\/wp-content\/uploads\/2020\/11\/2020-11-24_razem_chronimy_srodowisko_wyniki_konkursu-800x445-624x347.jpg 624w, https:\/\/sp1hrubieszow.pl\/wp-content\/uploads\/2020\/11\/2020-11-24_razem_chronimy_srodowisko_wyniki_konkursu-800x445.jpg 800w\" sizes=\"auto, (max-width: 300px) 100vw, 300px\" \/><\/span><\/p>\n<p><span style=\"color: #000080;\">Nasza szko\u0142a wzi\u0119\u0142a udzia\u0142 w konkursie ekologicznym dla szk\u00f3\u0142 podstawowych \u201eRazem chronimy \u015brodowisko!\u201d, organizowanym przez Wojew\u00f3dzki Fundusz Ochrony \u015arodowiska i Gospodarki Wodnej w Lublinie i Kuratorium O\u015bwiaty w Lublinie. Jego g\u0142\u00f3wnym celem by\u0142a edukacja i podnoszenie \u015bwiadomo\u015bci ekologicznej dzieci i m\u0142odzie\u017cy, zar\u00f3wno poprzez promowanie pozytywnych postaw i zachowa\u0144 w obszarze ochrony \u015brodowiska i przyrody, jak i u\u015bwiadomienie zagro\u017ce\u0144 p\u0142yn\u0105cych z nieodpowiedzialnego gospodarowania zasobami \u015brodowiska naturalnego. <\/span><\/p>\n<p><span style=\"color: #000080;\">Uczniowie klasy 3b \u2013 Amelia Pasieka i Miko\u0142aj Karpiuk wraz z opiekunem \u2013 pani\u0105 Paulin\u0105 Seweryn przygotowali film dokumentalny, ukazuj\u0105cy w spos\u00f3b kreatywny wszelkie dzia\u0142ania zwi\u0105zane z realizacj\u0105 cel\u00f3w szczeg\u00f3\u0142owych konkursu, podejmowanych w szkole na rzecz ochrony \u015brodowiska.<\/span><\/p>\n<p><span style=\"color: #000080;\">W dniu 24 listopada 2020 r. w Lubelskim Centrum Konferencyjnym odby\u0142o si\u0119 og\u0142oszenie wynik\u00f3w konkursu, transmitowanych w formule on-line na profilu WFO\u015aiGW na&nbsp;Facebooku. W\u015br\u00f3d 25 laureat\u00f3w szk\u00f3\u0142 podstawowych z wojew\u00f3dztwa lubelskiego znalaz\u0142a si\u0119 Szko\u0142a Podstawowa im. Boles\u0142awa Prusa w Hrubieszowie. Nagrod\u0119 g\u0142\u00f3wn\u0105 w wysoko\u015bci 14 tysi\u0119cy z\u0142otych, kt\u00f3r\u0105 otrzymamy, stanowi dotacja z WFO\u015aiGW w Lublinie na wyposa\u017cenie pracowni biologicznej.<\/span><\/p>\n<p><span style=\"color: #000080;\">W og\u0142oszeniu wynik\u00f3w uczestniczyli Prezes Zarz\u0105du WFO\u015aiGW w Lublinie pan Grzegorz Grzywaczewski oraz pani Barbara Krawczyk z Kuratorium O\u015bwiaty w Lublinie, za\u015b gratulacje dla laureat\u00f3w przekazali pan Przemys\u0142aw Czarnek, minister edukacji i nauki oraz&nbsp;pan Tomasz Zieli\u0144ski, pose\u0142 na Sejm RP, wiceprzewodnicz\u0105cy sejmowej Komisji, Edukacji, Nauki i M\u0142odzie\u017cy.<\/span><\/p>\n<p><a href=\"http:\/\/www.mediafire.com\/file\/amxi4xx1fbjhw4b\/Razem_chronimy_%25C5%259Brodowisko.mp4\/file\">http:\/\/www.mediafire.com\/file\/amxi4xx1fbjhw4b\/Razem_chronimy_%25C5%259Brodowisko.mp4\/file<\/a><\/p>\n","protected":false},"excerpt":{"rendered":"<p>Nasza szko\u0142a wzi\u0119\u0142a udzia\u0142 w konkursie ekologicznym dla szk\u00f3\u0142 podstawowych \u201eRazem chronimy \u015brodowisko!\u201d, organizowanym przez Wojew\u00f3dzki Fundusz Ochrony \u015arodowiska i Gospodarki Wodnej w Lublinie i Kuratorium O\u015bwiaty w Lublinie. Jego g\u0142\u00f3wnym celem by\u0142a edukacja i podnoszenie \u015bwiadomo\u015bci ekologicznej dzieci i m\u0142odzie\u017cy, zar\u00f3wno poprzez promowanie pozytywnych postaw i zachowa\u0144 w obszarze ochrony \u015brodowiska i przyrody, jak [&hellip;]<\/p>\n","protected":false},"author":2,"featured_media":0,"parent":5983,"menu_order":0,"comment_status":"closed","ping_status":"closed","template":"","meta":{"ngg_post_thumbnail":0,"footnotes":""},"class_list":["post-7320","page","type-page","status-publish","hentry"],"_links":{"self":[{"href":"https:\/\/sp1hrubieszow.pl\/index.php\/wp-json\/wp\/v2\/pages\/7320","targetHints":{"allow":["GET"]}}],"collection":[{"href":"https:\/\/sp1hrubieszow.pl\/index.php\/wp-json\/wp\/v2\/pages"}],"about":[{"href":"https:\/\/sp1hrubieszow.pl\/index.php\/wp-json\/wp\/v2\/types\/page"}],"author":[{"embeddable":true,"href":"https:\/\/sp1hrubieszow.pl\/index.php\/wp-json\/wp\/v2\/users\/2"}],"replies":[{"embeddable":true,"href":"https:\/\/sp1hrubieszow.pl\/index.php\/wp-json\/wp\/v2\/comments?post=7320"}],"version-history":[{"count":2,"href":"https:\/\/sp1hrubieszow.pl\/index.php\/wp-json\/wp\/v2\/pages\/7320\/revisions"}],"predecessor-version":[{"id":7324,"href":"https:\/\/sp1hrubieszow.pl\/index.php\/wp-json\/wp\/v2\/pages\/7320\/revisions\/7324"}],"up":[{"embeddable":true,"href":"https:\/\/sp1hrubieszow.pl\/index.php\/wp-json\/wp\/v2\/pages\/5983"}],"wp:attachment":[{"href":"https:\/\/sp1hrubieszow.pl\/index.php\/wp-json\/wp\/v2\/media?parent=7320"}],"curies":[{"name":"wp","href":"https:\/\/api.w.org\/{rel}","templated":true}]}}