{"id":7309,"date":"2020-11-23T17:30:05","date_gmt":"2020-11-23T16:30:05","guid":{"rendered":"http:\/\/sp1.hrubieszow.info\/?page_id=7309"},"modified":"2020-11-23T17:30:23","modified_gmt":"2020-11-23T16:30:23","slug":"konkurs-z-okazji-dnia-pluszowego-misia","status":"publish","type":"page","link":"https:\/\/sp1hrubieszow.pl\/index.php\/kronika-2020-2021\/konkurs-z-okazji-dnia-pluszowego-misia\/","title":{"rendered":"KONKURS Z OKAZJI \u201eDNIA PLUSZOWEGO MISIA\u201d"},"content":{"rendered":"\n<p><span style=\"color: #000080;\"><img loading=\"lazy\" decoding=\"async\" class=\"alignnone size-medium wp-image-7308\" src=\"http:\/\/sp1.hrubieszow.info\/wp-content\/uploads\/2020\/11\/family-1469130_1920-300x200.jpg\" alt=\"\" width=\"300\" height=\"200\" srcset=\"https:\/\/sp1hrubieszow.pl\/wp-content\/uploads\/2020\/11\/family-1469130_1920-300x200.jpg 300w, https:\/\/sp1hrubieszow.pl\/wp-content\/uploads\/2020\/11\/family-1469130_1920-768x512.jpg 768w, https:\/\/sp1hrubieszow.pl\/wp-content\/uploads\/2020\/11\/family-1469130_1920-1024x683.jpg 1024w, https:\/\/sp1hrubieszow.pl\/wp-content\/uploads\/2020\/11\/family-1469130_1920-624x416.jpg 624w, https:\/\/sp1hrubieszow.pl\/wp-content\/uploads\/2020\/11\/family-1469130_1920.jpg 1920w\" sizes=\"auto, (max-width: 300px) 100vw, 300px\" \/><\/span><\/p>\n<p><span style=\"color: #000080;\">Z okazji Dnia Pluszowego Misia og\u0142aszamy konkurs dla ch\u0119tnych uczni\u00f3w naszej szko\u0142y. Prosimy o przebranie si\u0119 za Pluszowego Misia, sfotografowanie i przes\u0142anie zdj\u0119cia przez wiadomo\u015bci na szkolnym facebooku https:\/\/pl-pl.facebook.com\/sp1hrubieszow\/ do dnia 27.11.2020 r. (pi\u0105tek). Fotografie zostan\u0105 zamieszczone na stronie, gdzie b\u0119dzie mo\u017cna g\u0142osowa\u0107 w dniach 28-29 listopada 2020 r. poprzez polubienie danego zdj\u0119cia. Dla laureat\u00f3w przewidziane s\u0105 nagrody.<\/span><br><span style=\"color: #000080;\">Serdecznie zapraszamy do wsp\u00f3lnej zabawy!<\/span><\/p>\n","protected":false},"excerpt":{"rendered":"<p>Z okazji Dnia Pluszowego Misia og\u0142aszamy konkurs dla ch\u0119tnych uczni\u00f3w naszej szko\u0142y. Prosimy o przebranie si\u0119 za Pluszowego Misia, sfotografowanie i przes\u0142anie zdj\u0119cia przez wiadomo\u015bci na szkolnym facebooku https:\/\/pl-pl.facebook.com\/sp1hrubieszow\/ do dnia 27.11.2020 r. (pi\u0105tek). Fotografie zostan\u0105 zamieszczone na stronie, gdzie b\u0119dzie mo\u017cna g\u0142osowa\u0107 w dniach 28-29 listopada 2020 r. poprzez polubienie danego zdj\u0119cia. Dla laureat\u00f3w [&hellip;]<\/p>\n","protected":false},"author":2,"featured_media":0,"parent":5983,"menu_order":0,"comment_status":"closed","ping_status":"closed","template":"","meta":{"ngg_post_thumbnail":0,"footnotes":""},"class_list":["post-7309","page","type-page","status-publish","hentry"],"_links":{"self":[{"href":"https:\/\/sp1hrubieszow.pl\/index.php\/wp-json\/wp\/v2\/pages\/7309","targetHints":{"allow":["GET"]}}],"collection":[{"href":"https:\/\/sp1hrubieszow.pl\/index.php\/wp-json\/wp\/v2\/pages"}],"about":[{"href":"https:\/\/sp1hrubieszow.pl\/index.php\/wp-json\/wp\/v2\/types\/page"}],"author":[{"embeddable":true,"href":"https:\/\/sp1hrubieszow.pl\/index.php\/wp-json\/wp\/v2\/users\/2"}],"replies":[{"embeddable":true,"href":"https:\/\/sp1hrubieszow.pl\/index.php\/wp-json\/wp\/v2\/comments?post=7309"}],"version-history":[{"count":1,"href":"https:\/\/sp1hrubieszow.pl\/index.php\/wp-json\/wp\/v2\/pages\/7309\/revisions"}],"predecessor-version":[{"id":7310,"href":"https:\/\/sp1hrubieszow.pl\/index.php\/wp-json\/wp\/v2\/pages\/7309\/revisions\/7310"}],"up":[{"embeddable":true,"href":"https:\/\/sp1hrubieszow.pl\/index.php\/wp-json\/wp\/v2\/pages\/5983"}],"wp:attachment":[{"href":"https:\/\/sp1hrubieszow.pl\/index.php\/wp-json\/wp\/v2\/media?parent=7309"}],"curies":[{"name":"wp","href":"https:\/\/api.w.org\/{rel}","templated":true}]}}