{"id":7109,"date":"2020-11-14T17:41:13","date_gmt":"2020-11-14T16:41:13","guid":{"rendered":"http:\/\/sp1.hrubieszow.info\/?page_id=7109"},"modified":"2020-11-14T17:42:03","modified_gmt":"2020-11-14T16:42:03","slug":"ogolnopolski-program-czytam-sobie-pierwsza-klasa","status":"publish","type":"page","link":"https:\/\/sp1hrubieszow.pl\/index.php\/kronika-2020-2021\/ogolnopolski-program-czytam-sobie-pierwsza-klasa\/","title":{"rendered":"Og\u00f3lnopolski program \u201eCzytam sobie. Pierwsza klasa!\u201d"},"content":{"rendered":"\n<div><span style=\"color: #000080;\">W roku szkolnym 2020\/2021 klasa 1b, z inicjatywy wychowawcy \u2013 Ma\u0142gorzaty Sidorskiej, zakwalifikowa\u0142a&nbsp;&nbsp;si\u0119 do og\u00f3lnopolskiego programu \u201eCzytam sobie. Pierwsza klasa!\u201d realizowanego przez Centrum Edukacji Obywatelskiej i Wydawnictwo HarperCollins Polska.<\/span><\/div>\n<div><span style=\"color: #000080;\">Zadaniem tego programu jest pomoc nauczycielom, dzieciom i rodzicom w nauce czytania na pierwszym etapie szko\u0142y. Jest to czas pe\u0142en wyzwa\u0144 i trudno\u015bci. Zaj\u0119cia realizowane w ramach programu pokazuj\u0105, \u017ce nauka czytania od pocz\u0105tku mo\u017ce by\u0107 przygod\u0105, a nie tylko wymogiem programu nauczania.<\/span><\/div>\n<div><span style=\"color: #000080;\">30 pa\u017adziernika 2020 r. odby\u0142y si\u0119 pierwsze zaj\u0119cia w ramach programu, na kt\u00f3rych uczniowie poznali niekt\u00f3re epizody z wojny obronnej 1939, dowiedzieli si\u0119, \u017ce polscy lotnicy walczyli w tej wojnie, a nast\u0119pnie uczestniczyli w bitwie o Angli\u0119. Histori\u0119 polskich lotnik\u00f3w poznali na podstawie ksi\u0105\u017cki W. Wid\u0142aka pt. \u201eOr\u0142y nad Londynem. Z historii Dywizjonu 303\u201d. Dzieci zastanawia\u0142y si\u0119, co musi umie\u0107 lotnik i jakie cechy charakteru posiada\u0107. Pracowa\u0142y metodami aktywizuj\u0105cymi, uczy\u0142y si\u0119 przez do\u015bwiadczanie. Sprawdza\u0142y czy opisane umiej\u0119tno\u015bci \u0142atwo zdoby\u0107 poprzez: \u0107wiczenia s\u0142uchowe, sk\u0142adanie uk\u0142adanki na czas, kolorowanie obrazka i uzupe\u0142nianie go wed\u0142ug w\u0142asnej inwencji. Podczas wykonywania zada\u0144 by\u0142y bardzo zaanga\u017cowane, co pozwala stwierdzi\u0107, \u017ce zaj\u0119cia wzbudzi\u0142y ich zainteresowanie, poszerzy\u0142y wiadomo\u015bci, pokaza\u0142y, \u017ce nauka mo\u017ce sprawia\u0107 przyjemno\u015b\u0107. Dzieci zadeklarowa\u0142y ch\u0119\u0107 uczestnictwa w kolejnych takich wydarzeniach.<\/span><\/div>\n<div><span style=\"color: #000080;\">Na zako\u0144czenie uczniowie obejrzeli ok\u0142adki innych ksi\u0105\u017cek z serii \u201eCzytam sobie\u201d. Okaza\u0142o si\u0119, \u017ce niekt\u00f3re z nich ju\u017c znaj\u0105.<\/span><\/div>\n<div>\nngg_shortcode_0_placeholder\n<\/div>\n","protected":false},"excerpt":{"rendered":"<p>W roku szkolnym 2020\/2021 klasa 1b, z inicjatywy wychowawcy \u2013 Ma\u0142gorzaty Sidorskiej, zakwalifikowa\u0142a&nbsp;&nbsp;si\u0119 do og\u00f3lnopolskiego programu \u201eCzytam sobie. Pierwsza klasa!\u201d realizowanego przez Centrum Edukacji Obywatelskiej i Wydawnictwo HarperCollins Polska. Zadaniem tego programu jest pomoc nauczycielom, dzieciom i rodzicom w nauce czytania na pierwszym etapie szko\u0142y. Jest to czas pe\u0142en wyzwa\u0144 i trudno\u015bci. Zaj\u0119cia realizowane w [&hellip;]<\/p>\n","protected":false},"author":2,"featured_media":0,"parent":5983,"menu_order":0,"comment_status":"closed","ping_status":"closed","template":"","meta":{"ngg_post_thumbnail":0,"footnotes":""},"class_list":["post-7109","page","type-page","status-publish","hentry"],"_links":{"self":[{"href":"https:\/\/sp1hrubieszow.pl\/index.php\/wp-json\/wp\/v2\/pages\/7109","targetHints":{"allow":["GET"]}}],"collection":[{"href":"https:\/\/sp1hrubieszow.pl\/index.php\/wp-json\/wp\/v2\/pages"}],"about":[{"href":"https:\/\/sp1hrubieszow.pl\/index.php\/wp-json\/wp\/v2\/types\/page"}],"author":[{"embeddable":true,"href":"https:\/\/sp1hrubieszow.pl\/index.php\/wp-json\/wp\/v2\/users\/2"}],"replies":[{"embeddable":true,"href":"https:\/\/sp1hrubieszow.pl\/index.php\/wp-json\/wp\/v2\/comments?post=7109"}],"version-history":[{"count":1,"href":"https:\/\/sp1hrubieszow.pl\/index.php\/wp-json\/wp\/v2\/pages\/7109\/revisions"}],"predecessor-version":[{"id":7110,"href":"https:\/\/sp1hrubieszow.pl\/index.php\/wp-json\/wp\/v2\/pages\/7109\/revisions\/7110"}],"up":[{"embeddable":true,"href":"https:\/\/sp1hrubieszow.pl\/index.php\/wp-json\/wp\/v2\/pages\/5983"}],"wp:attachment":[{"href":"https:\/\/sp1hrubieszow.pl\/index.php\/wp-json\/wp\/v2\/media?parent=7109"}],"curies":[{"name":"wp","href":"https:\/\/api.w.org\/{rel}","templated":true}]}}