{"id":6596,"date":"2020-10-12T17:17:52","date_gmt":"2020-10-12T15:17:52","guid":{"rendered":"http:\/\/sp1.hrubieszow.info\/?page_id=6596"},"modified":"2020-10-12T17:18:41","modified_gmt":"2020-10-12T15:18:41","slug":"tydzien-mediacji-12-16-10-2020r-miedzynarodowy-dzien-mediacji-15-10-2020r","status":"publish","type":"page","link":"https:\/\/sp1hrubieszow.pl\/index.php\/kronika-2020-2021\/tydzien-mediacji-12-16-10-2020r-miedzynarodowy-dzien-mediacji-15-10-2020r\/","title":{"rendered":"Tydzie\u0144 Mediacji 12-16.10.2020r. Mi\u0119dzynarodowy Dzie\u0144 Mediacji 15.10.2020r."},"content":{"rendered":"\n<div dir=\"auto\"><span style=\"color: #000080;\">Czy wiecie, \u017ce&#8230;<\/span><\/div>\n<div dir=\"auto\"><span style=\"color: #000080;\">-W naszej szkole propagujemy ide\u0119 mediacji, jako konstruktywnego sposobu rozwi\u0105zywania konflikt\u00f3w bez u\u017cywania przemocy<span class=\"pq6dq46d tbxw36s4 knj5qynh kvgmc6g5 ditlmg2l oygrvhab nvdbi5me sf5mxxl7 gl3lb2sf hhz5lgdu\"><img loading=\"lazy\" decoding=\"async\" src=\"https:\/\/static.xx.fbcdn.net\/images\/emoji.php\/v9\/ta5\/1.5\/16\/1f642.png\" alt=\"?\" width=\"16\" height=\"16\"><\/span><\/span><\/div>\n<div dir=\"auto\"><span style=\"color: #000080;\">-W naszej szkole dzia\u0142a Szkolny Klub Mediatora. Uczniowie mog\u0105 korzysta\u0107 z pomocy przeszkolonych mediator\u00f3w r\u00f3wie\u015bniczych przy rozwi\u0105zywaniu spor\u00f3w<span class=\"pq6dq46d tbxw36s4 knj5qynh kvgmc6g5 ditlmg2l oygrvhab nvdbi5me sf5mxxl7 gl3lb2sf hhz5lgdu\"><img loading=\"lazy\" decoding=\"async\" src=\"https:\/\/static.xx.fbcdn.net\/images\/emoji.php\/v9\/ta5\/1.5\/16\/1f642.png\" alt=\"?\" width=\"16\" height=\"16\"><\/span><\/span><\/div>\n<div dir=\"auto\"><span style=\"color: #000080;\">&#8211; W bie\u017c\u0105cym roku szkolnym rozpocz\u0119\u0142o si\u0119 szkolenie kolejnej grupy mediator\u00f3w r\u00f3wie\u015bniczych, uczni\u00f3w z klas VI-VII<span class=\"pq6dq46d tbxw36s4 knj5qynh kvgmc6g5 ditlmg2l oygrvhab nvdbi5me sf5mxxl7 gl3lb2sf hhz5lgdu\"><img loading=\"lazy\" decoding=\"async\" src=\"https:\/\/static.xx.fbcdn.net\/images\/emoji.php\/v9\/ta5\/1.5\/16\/1f642.png\" alt=\"?\" width=\"16\" height=\"16\"><\/span><\/span><\/div>\n<div dir=\"auto\"><span style=\"color: #000080;\">Zapraszamy do korzystania z us\u0142ug mediator\u00f3w r\u00f3wie\u015bniczych. Wi\u0119cej informacji na temat mediacji u opiekuna Szkolnego Klubu Mediatora-pedagoga szkolnego Marty Kuczy\u0144skiej.<\/span><\/div>\n<div dir=\"auto\">&nbsp;<\/div>\n<div dir=\"auto\">\nngg_shortcode_0_placeholder\n<\/div>\n","protected":false},"excerpt":{"rendered":"<p>Czy wiecie, \u017ce&#8230; -W naszej szkole propagujemy ide\u0119 mediacji, jako konstruktywnego sposobu rozwi\u0105zywania konflikt\u00f3w bez u\u017cywania przemocy -W naszej szkole dzia\u0142a Szkolny Klub Mediatora. Uczniowie mog\u0105 korzysta\u0107 z pomocy przeszkolonych mediator\u00f3w r\u00f3wie\u015bniczych przy rozwi\u0105zywaniu spor\u00f3w &#8211; W bie\u017c\u0105cym roku szkolnym rozpocz\u0119\u0142o si\u0119 szkolenie kolejnej grupy mediator\u00f3w r\u00f3wie\u015bniczych, uczni\u00f3w z klas VI-VII Zapraszamy do korzystania z [&hellip;]<\/p>\n","protected":false},"author":2,"featured_media":0,"parent":5983,"menu_order":0,"comment_status":"closed","ping_status":"closed","template":"","meta":{"ngg_post_thumbnail":0,"footnotes":""},"class_list":["post-6596","page","type-page","status-publish","hentry"],"_links":{"self":[{"href":"https:\/\/sp1hrubieszow.pl\/index.php\/wp-json\/wp\/v2\/pages\/6596","targetHints":{"allow":["GET"]}}],"collection":[{"href":"https:\/\/sp1hrubieszow.pl\/index.php\/wp-json\/wp\/v2\/pages"}],"about":[{"href":"https:\/\/sp1hrubieszow.pl\/index.php\/wp-json\/wp\/v2\/types\/page"}],"author":[{"embeddable":true,"href":"https:\/\/sp1hrubieszow.pl\/index.php\/wp-json\/wp\/v2\/users\/2"}],"replies":[{"embeddable":true,"href":"https:\/\/sp1hrubieszow.pl\/index.php\/wp-json\/wp\/v2\/comments?post=6596"}],"version-history":[{"count":1,"href":"https:\/\/sp1hrubieszow.pl\/index.php\/wp-json\/wp\/v2\/pages\/6596\/revisions"}],"predecessor-version":[{"id":6597,"href":"https:\/\/sp1hrubieszow.pl\/index.php\/wp-json\/wp\/v2\/pages\/6596\/revisions\/6597"}],"up":[{"embeddable":true,"href":"https:\/\/sp1hrubieszow.pl\/index.php\/wp-json\/wp\/v2\/pages\/5983"}],"wp:attachment":[{"href":"https:\/\/sp1hrubieszow.pl\/index.php\/wp-json\/wp\/v2\/media?parent=6596"}],"curies":[{"name":"wp","href":"https:\/\/api.w.org\/{rel}","templated":true}]}}