{"id":6579,"date":"2020-10-10T19:49:55","date_gmt":"2020-10-10T17:49:55","guid":{"rendered":"http:\/\/sp1.hrubieszow.info\/?page_id=6579"},"modified":"2020-10-10T19:50:26","modified_gmt":"2020-10-10T17:50:26","slug":"lektura-w-pudelku-maly-ksiaze","status":"publish","type":"page","link":"https:\/\/sp1hrubieszow.pl\/index.php\/kronika-2020-2021\/lektura-w-pudelku-maly-ksiaze\/","title":{"rendered":"Lektura w pude\u0142ku &#8211; &#8222;Ma\u0142y Ksi\u0105\u017ce&#8221;"},"content":{"rendered":"\n<p><span style=\"color: #000080;\">Wiele jest sposob\u00f3w na omawianie z uczniami lektury. Niekt\u00f3rzy tworz\u0105 komiksy, inni przygotowuj\u0105 lapbooki lub ksi\u0105\u017cki obrazkowe. Uczniowie klasy 8a zmie\u015bcili ostatnio tre\u015b\u0107 ksi\u0105\u017cki w pude\u0142ku po butach lub po ptasim mleczku. Zadanie polega\u0142o na tym, \u017ce uczniowie umie\u015bcili w pude\u0142kach \u201eskarby\u201d \u0142\u0105cz\u0105ce si\u0119 z tre\u015bci\u0105 lektury, nad kt\u00f3r\u0105 pracowali\u015bmy &#8211; a by\u0142a to lektura &#8222;Ma\u0142y Ksi\u0105\u017ce&#8221;. W pude\u0142ku musia\u0142o znale\u017a\u0107 si\u0119 10 przedmiot\u00f3w kojarz\u0105cych si\u0119 z lektur\u0105 np. rysunki, figurki z plasteliny, nakr\u0119tek, papieru itd. Poza tym na wieczku pude\u0142ka zapisywali kr\u00f3tkie streszczenie lektury. Do pude\u0142ka wk\u0142adali tak\u017ce list napisany do wybranego bohatera ksi\u0105\u017cki. Dzi\u0119ki takiemu zadaniu m\u0142odzi ludzie nie tylko maj\u0105 szans\u0119 wykaza\u0107 si\u0119 pomys\u0142owo\u015bci\u0105, udowodni\u0107, \u017ce znaj\u0105 tre\u015b\u0107 ksi\u0105\u017cki, ale przede wszystkim trenuj\u0105 umiej\u0119tno\u015b\u0107 argumentowania, a tak\u017ce doskonal\u0105 umiej\u0119tno\u015b\u0107 pisania list\u00f3w. Zadanie okaza\u0142o si\u0119 i przyjemne, i po\u017cyteczne!<\/span><\/p>\nngg_shortcode_0_placeholder\n","protected":false},"excerpt":{"rendered":"<p>Wiele jest sposob\u00f3w na omawianie z uczniami lektury. Niekt\u00f3rzy tworz\u0105 komiksy, inni przygotowuj\u0105 lapbooki lub ksi\u0105\u017cki obrazkowe. Uczniowie klasy 8a zmie\u015bcili ostatnio tre\u015b\u0107 ksi\u0105\u017cki w pude\u0142ku po butach lub po ptasim mleczku. Zadanie polega\u0142o na tym, \u017ce uczniowie umie\u015bcili w pude\u0142kach \u201eskarby\u201d \u0142\u0105cz\u0105ce si\u0119 z tre\u015bci\u0105 lektury, nad kt\u00f3r\u0105 pracowali\u015bmy &#8211; a by\u0142a to lektura [&hellip;]<\/p>\n","protected":false},"author":2,"featured_media":0,"parent":5983,"menu_order":0,"comment_status":"closed","ping_status":"closed","template":"","meta":{"ngg_post_thumbnail":0,"footnotes":""},"class_list":["post-6579","page","type-page","status-publish","hentry"],"_links":{"self":[{"href":"https:\/\/sp1hrubieszow.pl\/index.php\/wp-json\/wp\/v2\/pages\/6579","targetHints":{"allow":["GET"]}}],"collection":[{"href":"https:\/\/sp1hrubieszow.pl\/index.php\/wp-json\/wp\/v2\/pages"}],"about":[{"href":"https:\/\/sp1hrubieszow.pl\/index.php\/wp-json\/wp\/v2\/types\/page"}],"author":[{"embeddable":true,"href":"https:\/\/sp1hrubieszow.pl\/index.php\/wp-json\/wp\/v2\/users\/2"}],"replies":[{"embeddable":true,"href":"https:\/\/sp1hrubieszow.pl\/index.php\/wp-json\/wp\/v2\/comments?post=6579"}],"version-history":[{"count":1,"href":"https:\/\/sp1hrubieszow.pl\/index.php\/wp-json\/wp\/v2\/pages\/6579\/revisions"}],"predecessor-version":[{"id":6580,"href":"https:\/\/sp1hrubieszow.pl\/index.php\/wp-json\/wp\/v2\/pages\/6579\/revisions\/6580"}],"up":[{"embeddable":true,"href":"https:\/\/sp1hrubieszow.pl\/index.php\/wp-json\/wp\/v2\/pages\/5983"}],"wp:attachment":[{"href":"https:\/\/sp1hrubieszow.pl\/index.php\/wp-json\/wp\/v2\/media?parent=6579"}],"curies":[{"name":"wp","href":"https:\/\/api.w.org\/{rel}","templated":true}]}}