{"id":6529,"date":"2020-10-09T21:30:03","date_gmt":"2020-10-09T19:30:03","guid":{"rendered":"http:\/\/sp1.hrubieszow.info\/?page_id=6529"},"modified":"2020-10-09T21:30:31","modified_gmt":"2020-10-09T19:30:31","slug":"uczniowie-listy-pisza","status":"publish","type":"page","link":"https:\/\/sp1hrubieszow.pl\/index.php\/kronika-2020-2021\/uczniowie-listy-pisza\/","title":{"rendered":"Uczniowie listy pisz\u0105&#8230;"},"content":{"rendered":"\n<p><span style=\"color: #000080;\">09 pa\u017adziernika obchodzony jest Mi\u0119dzynarodowy Dzie\u0144 Pisania List\u00f3w. Uczniowie klas 8 naszej szko\u0142y w\u0142\u0105czyli si\u0119 w \u015bwi\u0119towanie tego dnia. Zadaniem m\u0142odzie\u017cy by\u0142o napisanie listu do swojej nauczycielki j\u0119zyka polskiego &#8211; pani Marty Lackowskiej. Obchody Mi\u0119dzynarodowego Dnia Pisania List\u00f3w mia\u0142y na celu przypomnienie uczniom o pi\u0119knej, niestety ju\u017c zapominanej, tradycji pisania list\u00f3w. Poza tym zadanie to wpisa\u0142o si\u0119 w obchodzony w tym tygodniu Europejski Tydzie\u0144 \u015awiadomo\u015bci Dysleksji, kt\u00f3remu w tym roku przewodzi has\u0142o &#8222;Dysleksja inspiruje do (nie)zwyk\u0142ych dzia\u0142a\u0144. Okaza\u0142o si\u0119, \u017ce w dzisiejszych czasach pisanie lis\u00f3w, to dzia\u0142anie bardzo niezwyk\u0142e i wyj\u0105tkowe. Dostojna i romantyczna forma porozumiewania si\u0119 , przegrywa niestety z SMS-ami i e-mailami czy innymi komunikatorami internetowymi. Napisany odr\u0119cznie list zawsze pozostanie jednak wyrazem pozytywnych uczu\u0107 i szacunku, kt\u00f3rym darzymy adresata.<\/span><\/p>\nngg_shortcode_0_placeholder\n","protected":false},"excerpt":{"rendered":"<p>09 pa\u017adziernika obchodzony jest Mi\u0119dzynarodowy Dzie\u0144 Pisania List\u00f3w. Uczniowie klas 8 naszej szko\u0142y w\u0142\u0105czyli si\u0119 w \u015bwi\u0119towanie tego dnia. Zadaniem m\u0142odzie\u017cy by\u0142o napisanie listu do swojej nauczycielki j\u0119zyka polskiego &#8211; pani Marty Lackowskiej. Obchody Mi\u0119dzynarodowego Dnia Pisania List\u00f3w mia\u0142y na celu przypomnienie uczniom o pi\u0119knej, niestety ju\u017c zapominanej, tradycji pisania list\u00f3w. Poza tym zadanie to [&hellip;]<\/p>\n","protected":false},"author":2,"featured_media":0,"parent":5983,"menu_order":0,"comment_status":"closed","ping_status":"closed","template":"","meta":{"ngg_post_thumbnail":0,"footnotes":""},"class_list":["post-6529","page","type-page","status-publish","hentry"],"_links":{"self":[{"href":"https:\/\/sp1hrubieszow.pl\/index.php\/wp-json\/wp\/v2\/pages\/6529","targetHints":{"allow":["GET"]}}],"collection":[{"href":"https:\/\/sp1hrubieszow.pl\/index.php\/wp-json\/wp\/v2\/pages"}],"about":[{"href":"https:\/\/sp1hrubieszow.pl\/index.php\/wp-json\/wp\/v2\/types\/page"}],"author":[{"embeddable":true,"href":"https:\/\/sp1hrubieszow.pl\/index.php\/wp-json\/wp\/v2\/users\/2"}],"replies":[{"embeddable":true,"href":"https:\/\/sp1hrubieszow.pl\/index.php\/wp-json\/wp\/v2\/comments?post=6529"}],"version-history":[{"count":1,"href":"https:\/\/sp1hrubieszow.pl\/index.php\/wp-json\/wp\/v2\/pages\/6529\/revisions"}],"predecessor-version":[{"id":6530,"href":"https:\/\/sp1hrubieszow.pl\/index.php\/wp-json\/wp\/v2\/pages\/6529\/revisions\/6530"}],"up":[{"embeddable":true,"href":"https:\/\/sp1hrubieszow.pl\/index.php\/wp-json\/wp\/v2\/pages\/5983"}],"wp:attachment":[{"href":"https:\/\/sp1hrubieszow.pl\/index.php\/wp-json\/wp\/v2\/media?parent=6529"}],"curies":[{"name":"wp","href":"https:\/\/api.w.org\/{rel}","templated":true}]}}