{"id":6419,"date":"2020-10-05T21:51:27","date_gmt":"2020-10-05T19:51:27","guid":{"rendered":"http:\/\/sp1.hrubieszow.info\/?page_id=6419"},"modified":"2020-10-05T21:51:59","modified_gmt":"2020-10-05T19:51:59","slug":"wybory-do-malego-samorzadu-uczniowskiego","status":"publish","type":"page","link":"https:\/\/sp1hrubieszow.pl\/index.php\/kronika-2020-2021\/wybory-do-malego-samorzadu-uczniowskiego\/","title":{"rendered":"WYBORY DO MA\u0141EGO SAMORZ\u0104DU UCZNIOWSKIEGO"},"content":{"rendered":"\n<p style=\"text-align: left;\"><span style=\"color: #000080;\">29.09.2020r. odby\u0142y si\u0119 wybory do MSU, podczas kt\u00f3rych uczniowie klas 2 i 3 wybierali przedstawicieli do rady samorz\u0105du. Zanim oddano g\u0142osy, ka\u017cdy z kandydat\u00f3w zaprezentowa\u0142 si\u0119.&nbsp; <\/span><span style=\"color: #000080;\">W wyniku tajnego g\u0142osowania przewodnicz\u0105c\u0105 zosta\u0142a Amelia Pasieka z klasy 3 b, zast\u0119pcami Maja Klimkowska z klasy 3 a i Hubert Wawryk z klasy 3a. <\/span><span style=\"color: #000080;\">Nad przebiegiem wybor\u00f3w czuwali opiekunowie MSU w sk\u0142adzie: p. Katarzyna Sztuk i p. Monika Korneluk. <\/span><\/p>\n<p style=\"text-align: center;\"><span style=\"color: #000080;\">Gratulujemy i \u017cyczymy sukces\u00f3w w pracy na rzecz spo\u0142eczno\u015bci szkolnej!<\/span><\/p>\nngg_shortcode_0_placeholder\n","protected":false},"excerpt":{"rendered":"<p>29.09.2020r. odby\u0142y si\u0119 wybory do MSU, podczas kt\u00f3rych uczniowie klas 2 i 3 wybierali przedstawicieli do rady samorz\u0105du. Zanim oddano g\u0142osy, ka\u017cdy z kandydat\u00f3w zaprezentowa\u0142 si\u0119.&nbsp; W wyniku tajnego g\u0142osowania przewodnicz\u0105c\u0105 zosta\u0142a Amelia Pasieka z klasy 3 b, zast\u0119pcami Maja Klimkowska z klasy 3 a i Hubert Wawryk z klasy 3a. Nad przebiegiem wybor\u00f3w czuwali [&hellip;]<\/p>\n","protected":false},"author":2,"featured_media":0,"parent":5983,"menu_order":0,"comment_status":"closed","ping_status":"closed","template":"","meta":{"ngg_post_thumbnail":0,"footnotes":""},"class_list":["post-6419","page","type-page","status-publish","hentry"],"_links":{"self":[{"href":"https:\/\/sp1hrubieszow.pl\/index.php\/wp-json\/wp\/v2\/pages\/6419","targetHints":{"allow":["GET"]}}],"collection":[{"href":"https:\/\/sp1hrubieszow.pl\/index.php\/wp-json\/wp\/v2\/pages"}],"about":[{"href":"https:\/\/sp1hrubieszow.pl\/index.php\/wp-json\/wp\/v2\/types\/page"}],"author":[{"embeddable":true,"href":"https:\/\/sp1hrubieszow.pl\/index.php\/wp-json\/wp\/v2\/users\/2"}],"replies":[{"embeddable":true,"href":"https:\/\/sp1hrubieszow.pl\/index.php\/wp-json\/wp\/v2\/comments?post=6419"}],"version-history":[{"count":1,"href":"https:\/\/sp1hrubieszow.pl\/index.php\/wp-json\/wp\/v2\/pages\/6419\/revisions"}],"predecessor-version":[{"id":6420,"href":"https:\/\/sp1hrubieszow.pl\/index.php\/wp-json\/wp\/v2\/pages\/6419\/revisions\/6420"}],"up":[{"embeddable":true,"href":"https:\/\/sp1hrubieszow.pl\/index.php\/wp-json\/wp\/v2\/pages\/5983"}],"wp:attachment":[{"href":"https:\/\/sp1hrubieszow.pl\/index.php\/wp-json\/wp\/v2\/media?parent=6419"}],"curies":[{"name":"wp","href":"https:\/\/api.w.org\/{rel}","templated":true}]}}