{"id":6399,"date":"2020-10-05T17:54:08","date_gmt":"2020-10-05T15:54:08","guid":{"rendered":"http:\/\/sp1.hrubieszow.info\/?page_id=6399"},"modified":"2020-10-05T17:54:24","modified_gmt":"2020-10-05T15:54:24","slug":"dzien-jezykow-obcych-w-jedynce","status":"publish","type":"page","link":"https:\/\/sp1hrubieszow.pl\/index.php\/kronika-2020-2021\/dzien-jezykow-obcych-w-jedynce\/","title":{"rendered":"DZIE\u0143 J\u0118ZYK\u00d3W OBCYCH W JEDYNCE"},"content":{"rendered":"\n<p><span style=\"color: #000080;\">W pi\u0105tek 25 wrze\u015bnia obchodzili\u015bmy w naszej szkole Europejski Dzie\u0144 J\u0119zyk\u00f3w Obcych. Tego dnia nauczyciele j\u0119zyk\u00f3w obcych do\u0142o\u017cyli wszelkich stara\u0144, aby wskaza\u0107 uczniom korzy\u015bci p\u0142yn\u0105ce z nauki j\u0119zyk\u00f3w. Koordynatorami obchod\u00f3w by\u0142y Panie Justyna Przybik i Ewa Filipowicz Sidorczuk. Pani Monika Anigacz opracowa\u0142a bardzo ciekaw\u0105 audycj\u0119, po kt\u00f3rej wszyscy zapragn\u0119li\u015bmy pos\u0142ugiwa\u0107 si\u0119 cho\u0107 jednym j\u0119zykiem obcym. Zosta\u0142y tak\u017ce przygotowane plakaty z zadaniami dla uczni\u00f3w, kt\u00f3re zosta\u0142y wywieszone na drzwiach klasopracowni.<\/span><br><span style=\"color: #000080;\">Uczniowie klas 0-3 zaprezentowali swoje talenty recytuj\u0105c wiersze i \u015bpiewaj\u0105c piosenki po angielsku. Natomiast starsi uczniowie mieli nieco trudniejsze zadanie \u2013 recytacja \u0142ama\u0144ca j\u0119zykowego po angielsku lub rosyjsku. By\u0107 mo\u017ce nasi uczniowie zostan\u0105 w przysz\u0142o\u015bci poliglotami, poniewa\u017c z zadaniami poradzili sobie doskonale, niekt\u00f3rzy wr\u0119cz bez zaj\u0105kni\u0119cia wyrecytowali jak\u017ce trudne do wym\u00f3wienia teksty obcoj\u0119zyczne. <\/span><br><span style=\"color: #000080;\">Ponadto odby\u0142 si\u0119 konkurs plastyczny przygotowany przez Pani\u0105 Ew\u0119 Filipowicz-Sidorczuk na najpi\u0119kniejsz\u0105 matrioszk\u0119. Po dokonaniu oceny prac, komisja postanowi\u0142a przyzna\u0107 nagrody nast\u0119puj\u0105cym uczniom: <\/span><br><strong><span style=\"color: #000080;\">Kategoria klasy IV<\/span><\/strong><br><span style=\"color: #000080;\">1.Miejsce: Eryk Bobak kl.4c<\/span><br><span style=\"color: #000080;\">2. Miejsce: Agata Szyma\u0144ska kl.4b<\/span><br><span style=\"color: #000080;\">3. Miejsce: Lidka Grab kl.4c<\/span><br><span style=\"color: #000080;\"><strong>Wyr\u00f3\u017cnienia<\/strong> otrzymali: Tomi\u0142o Jakub kl.4c, Kot Gabrysia kl.4b, S\u0142upska Diana kl.4b, Dworak Dawid kl.4b, Maciejczyk Maciej kl.4c, Ka\u0144ski Dawid kl.4c, Kudyk Ewa kl.4c<\/span><br><strong><span style=\"color: #000080;\">Kategoria klasy VI<\/span><\/strong><br><span style=\"color: #000080;\">1.Miejsce: M\u0105czka Oliwia kl.6d<\/span><br><span style=\"color: #000080;\">2. Miejsce: Ba\u0142szan Patrycja kl.6a<\/span><br><strong><span style=\"color: #000080;\">Kategoria klasy VII-VIII<\/span><\/strong><br><span style=\"color: #000080;\">1.Miejsce: Zuzanna Wi\u015bniewska kl.7a<\/span><br><span style=\"color: #000080;\">2. Miejsce: Kowalski Karol kl.7c<\/span><br><span style=\"color: #000080;\">3. Miejsce: Agata Czajkowska kl.8c<\/span><br><span style=\"color: #000080;\">Gratulujemy zwyci\u0119zcom! Wszyscy zaanga\u017cowani uczniowie zostali nagrodzeni ocenami celuj\u0105cymi z j\u0119zyka angielskiego, rosyjskiego i plastyki. Naszym uczniom \u017cyczymy dalszych sukces\u00f3w j\u0119zykowych i niestrudzenie promujemy nauk\u0119 j\u0119zyk\u00f3w obcych.<\/span><\/p>\nngg_shortcode_0_placeholder\n","protected":false},"excerpt":{"rendered":"<p>W pi\u0105tek 25 wrze\u015bnia obchodzili\u015bmy w naszej szkole Europejski Dzie\u0144 J\u0119zyk\u00f3w Obcych. Tego dnia nauczyciele j\u0119zyk\u00f3w obcych do\u0142o\u017cyli wszelkich stara\u0144, aby wskaza\u0107 uczniom korzy\u015bci p\u0142yn\u0105ce z nauki j\u0119zyk\u00f3w. Koordynatorami obchod\u00f3w by\u0142y Panie Justyna Przybik i Ewa Filipowicz Sidorczuk. Pani Monika Anigacz opracowa\u0142a bardzo ciekaw\u0105 audycj\u0119, po kt\u00f3rej wszyscy zapragn\u0119li\u015bmy pos\u0142ugiwa\u0107 si\u0119 cho\u0107 jednym j\u0119zykiem obcym. [&hellip;]<\/p>\n","protected":false},"author":2,"featured_media":0,"parent":5983,"menu_order":0,"comment_status":"closed","ping_status":"closed","template":"","meta":{"ngg_post_thumbnail":0,"footnotes":""},"class_list":["post-6399","page","type-page","status-publish","hentry"],"_links":{"self":[{"href":"https:\/\/sp1hrubieszow.pl\/index.php\/wp-json\/wp\/v2\/pages\/6399","targetHints":{"allow":["GET"]}}],"collection":[{"href":"https:\/\/sp1hrubieszow.pl\/index.php\/wp-json\/wp\/v2\/pages"}],"about":[{"href":"https:\/\/sp1hrubieszow.pl\/index.php\/wp-json\/wp\/v2\/types\/page"}],"author":[{"embeddable":true,"href":"https:\/\/sp1hrubieszow.pl\/index.php\/wp-json\/wp\/v2\/users\/2"}],"replies":[{"embeddable":true,"href":"https:\/\/sp1hrubieszow.pl\/index.php\/wp-json\/wp\/v2\/comments?post=6399"}],"version-history":[{"count":1,"href":"https:\/\/sp1hrubieszow.pl\/index.php\/wp-json\/wp\/v2\/pages\/6399\/revisions"}],"predecessor-version":[{"id":6400,"href":"https:\/\/sp1hrubieszow.pl\/index.php\/wp-json\/wp\/v2\/pages\/6399\/revisions\/6400"}],"up":[{"embeddable":true,"href":"https:\/\/sp1hrubieszow.pl\/index.php\/wp-json\/wp\/v2\/pages\/5983"}],"wp:attachment":[{"href":"https:\/\/sp1hrubieszow.pl\/index.php\/wp-json\/wp\/v2\/media?parent=6399"}],"curies":[{"name":"wp","href":"https:\/\/api.w.org\/{rel}","templated":true}]}}