{"id":6352,"date":"2020-09-29T20:21:33","date_gmt":"2020-09-29T18:21:33","guid":{"rendered":"http:\/\/sp1.hrubieszow.info\/?page_id=6352"},"modified":"2020-09-29T20:22:59","modified_gmt":"2020-09-29T18:22:59","slug":"tydzien-kodowania","status":"publish","type":"page","link":"https:\/\/sp1hrubieszow.pl\/index.php\/kronika-2020-2021\/tydzien-kodowania\/","title":{"rendered":"Tydzie\u0144 Kodowania"},"content":{"rendered":"\n<p><span style=\"color: #000080;\">Przed nami Tydzie\u0144 Kodowania. Szczeg\u00f3\u0142y na plakacie:<\/span><\/p>\n<p><strong><span style=\"color: #000080;\"><a style=\"color: #000080;\" href=\"http:\/\/sp1.hrubieszow.info\/wp-content\/uploads\/2020\/09\/Plakat_Tygodnia_Kodowania_3.pdf\">Plakat_Tygodnia_Kodowania_(3)<\/a><\/span><\/strong><\/p>\n","protected":false},"excerpt":{"rendered":"<p>Przed nami Tydzie\u0144 Kodowania. Szczeg\u00f3\u0142y na plakacie: Plakat_Tygodnia_Kodowania_(3)<\/p>\n","protected":false},"author":2,"featured_media":0,"parent":5983,"menu_order":0,"comment_status":"closed","ping_status":"closed","template":"","meta":{"ngg_post_thumbnail":0,"footnotes":""},"class_list":["post-6352","page","type-page","status-publish","hentry"],"_links":{"self":[{"href":"https:\/\/sp1hrubieszow.pl\/index.php\/wp-json\/wp\/v2\/pages\/6352","targetHints":{"allow":["GET"]}}],"collection":[{"href":"https:\/\/sp1hrubieszow.pl\/index.php\/wp-json\/wp\/v2\/pages"}],"about":[{"href":"https:\/\/sp1hrubieszow.pl\/index.php\/wp-json\/wp\/v2\/types\/page"}],"author":[{"embeddable":true,"href":"https:\/\/sp1hrubieszow.pl\/index.php\/wp-json\/wp\/v2\/users\/2"}],"replies":[{"embeddable":true,"href":"https:\/\/sp1hrubieszow.pl\/index.php\/wp-json\/wp\/v2\/comments?post=6352"}],"version-history":[{"count":1,"href":"https:\/\/sp1hrubieszow.pl\/index.php\/wp-json\/wp\/v2\/pages\/6352\/revisions"}],"predecessor-version":[{"id":6353,"href":"https:\/\/sp1hrubieszow.pl\/index.php\/wp-json\/wp\/v2\/pages\/6352\/revisions\/6353"}],"up":[{"embeddable":true,"href":"https:\/\/sp1hrubieszow.pl\/index.php\/wp-json\/wp\/v2\/pages\/5983"}],"wp:attachment":[{"href":"https:\/\/sp1hrubieszow.pl\/index.php\/wp-json\/wp\/v2\/media?parent=6352"}],"curies":[{"name":"wp","href":"https:\/\/api.w.org\/{rel}","templated":true}]}}