{"id":62,"date":"2019-03-14T15:14:53","date_gmt":"2019-03-14T14:14:53","guid":{"rendered":"http:\/\/sp1.hrubieszow.info\/?page_id=62"},"modified":"2025-10-20T12:27:46","modified_gmt":"2025-10-20T10:27:46","slug":"stolowka-szkolna","status":"publish","type":"page","link":"https:\/\/sp1hrubieszow.pl\/index.php\/uczniowie\/stolowka-szkolna\/","title":{"rendered":"Sto\u0142\u00f3wka Szkolna"},"content":{"rendered":"\n<h1><span style=\"color: #000000;\">OG\u0141OSZENIA:<\/span><\/h1>\n<h1><span style=\"color: #000080;\"><strong><a style=\"color: #000080;\" href=\"https:\/\/sp1hrubieszow.pl\/wp-content\/uploads\/2025\/09\/platnosc-za-obiady.docx\">p\u0142atno\u015b\u0107 za obiady<\/a><\/strong><\/span><\/h1>\n<h1><span style=\"color: #000080;\"><strong><a style=\"color: #000080;\" href=\"https:\/\/sp1hrubieszow.pl\/wp-content\/uploads\/2025\/09\/Wnoszenie-oplat-za-obiady.pdf\">Wnoszenie op\u0142at za obiady<\/a><\/strong><\/span><\/h1>\n<h1><span style=\"color: #000000;\"><strong>JAD\u0141OSPIS:<\/strong><\/span><\/h1>\n<h1><span style=\"color: #000080;\"><strong><a style=\"color: #000080;\" href=\"https:\/\/sp1hrubieszow.pl\/wp-content\/uploads\/2025\/10\/Jadlospis-20.10.2025-24.10.2025r.pdf\">Jad\u0142ospis 20.10.2025-24.10.2025r.<\/a><\/strong><\/span><\/h1>\n<h2><strong><span style=\"color: #000080;\"><a style=\"color: #000080;\" href=\"http:\/\/sp1.hrubieszow.info\/wp-content\/uploads\/2019\/09\/REGULAMIN-STO\u0141\u00d3WKI-SZKOLNEJ.pdf\">REGULAMIN STO\u0141\u00d3WKI SZKOLNEJ<\/a><\/span><\/strong><\/h2>\n<p>&nbsp;<\/p>\n<h1>&nbsp;<\/h1>\n<p>&nbsp;<\/p>\n","protected":false},"excerpt":{"rendered":"<p>OG\u0141OSZENIA: p\u0142atno\u015b\u0107 za obiady Wnoszenie op\u0142at za obiady JAD\u0141OSPIS: Jad\u0142ospis 20.10.2025-24.10.2025r. REGULAMIN STO\u0141\u00d3WKI SZKOLNEJ &nbsp; &nbsp; &nbsp;<\/p>\n","protected":false},"author":1,"featured_media":0,"parent":19,"menu_order":5,"comment_status":"closed","ping_status":"closed","template":"","meta":{"ngg_post_thumbnail":0,"footnotes":""},"class_list":["post-62","page","type-page","status-publish","hentry"],"_links":{"self":[{"href":"https:\/\/sp1hrubieszow.pl\/index.php\/wp-json\/wp\/v2\/pages\/62","targetHints":{"allow":["GET"]}}],"collection":[{"href":"https:\/\/sp1hrubieszow.pl\/index.php\/wp-json\/wp\/v2\/pages"}],"about":[{"href":"https:\/\/sp1hrubieszow.pl\/index.php\/wp-json\/wp\/v2\/types\/page"}],"author":[{"embeddable":true,"href":"https:\/\/sp1hrubieszow.pl\/index.php\/wp-json\/wp\/v2\/users\/1"}],"replies":[{"embeddable":true,"href":"https:\/\/sp1hrubieszow.pl\/index.php\/wp-json\/wp\/v2\/comments?post=62"}],"version-history":[{"count":216,"href":"https:\/\/sp1hrubieszow.pl\/index.php\/wp-json\/wp\/v2\/pages\/62\/revisions"}],"predecessor-version":[{"id":29458,"href":"https:\/\/sp1hrubieszow.pl\/index.php\/wp-json\/wp\/v2\/pages\/62\/revisions\/29458"}],"up":[{"embeddable":true,"href":"https:\/\/sp1hrubieszow.pl\/index.php\/wp-json\/wp\/v2\/pages\/19"}],"wp:attachment":[{"href":"https:\/\/sp1hrubieszow.pl\/index.php\/wp-json\/wp\/v2\/media?parent=62"}],"curies":[{"name":"wp","href":"https:\/\/api.w.org\/{rel}","templated":true}]}}