{"id":6130,"date":"2020-09-18T14:08:36","date_gmt":"2020-09-18T12:08:36","guid":{"rendered":"http:\/\/sp1.hrubieszow.info\/?page_id=6130"},"modified":"2020-09-18T14:08:50","modified_gmt":"2020-09-18T12:08:50","slug":"informacja-dla-rodzicow","status":"publish","type":"page","link":"https:\/\/sp1hrubieszow.pl\/index.php\/kronika-2020-2021\/informacja-dla-rodzicow\/","title":{"rendered":"Informacja dla rodzic\u00f3w"},"content":{"rendered":"\n<p class=\"gwp5876e006_MsoNormal\" align=\"center\"><strong>Szanowni Pa\u0144stwo<\/strong><\/p>\n<p class=\"gwp5876e006_MsoNormal\" align=\"center\"><strong>Rada Rodzic\u00f3w dzia\u0142aj\u0105ca przy SP NR 1 na zebraniu, kt\u00f3re odby\u0142o si\u0119 09.09. 2020r.,&nbsp; wybra\u0142a wi\u0119kszo\u015bci\u0105 g\u0142os\u00f3w firm\u0119 ubezpieczeniow\u0105 CUK . Dnia 17.09. 2020r ustali\u0142a warunki ubezpieczenia, kt\u00f3re zostan\u0105 zamieszczone po podpisaniu umowy na stronie szkolnej .<\/strong><\/p>\n<p class=\"gwp5876e006_MsoNormal\" align=\"center\"><strong>Informujemy, \u017ce ubezpieczenie dziecka wynosi 40 z\u0142,&nbsp;&nbsp;a na ka\u017cde kolejne dziecko 50%.<\/strong><\/p>\n<p class=\"gwp5876e006_MsoNormal\" align=\"center\"><strong>Wp\u0142aty dokonujemy do wychowawc\u00f3w. Do 30 wrze\u015bnia&nbsp;&nbsp;2020r.<br><br>Rada Rodzic\u00f3w ustali\u0142a,&nbsp; tak\u017ce dobrowolne wp\u0142aty na rzecz dzieci wynikaj\u0105ce ze statutowej dzia\u0142alno\u015bci Rady Rodzic\u00f3w. &nbsp;<\/strong><\/p>\n<p style=\"text-align: center;\"><strong>Konto do wp\u0142at : 26 1090 2590 0000 0001 3079 1419<\/strong><\/p>\n<p style=\"text-align: center;\"><strong>Wp\u0142ata:<\/strong><\/p>\n<p style=\"text-align: center;\"><strong>&nbsp;<em>1 dziecko 60 z\u0142 ca\u0142y rok lub&nbsp; 2x 30 z\u0142<\/em><\/strong><\/p>\n<p style=\"text-align: center;\"><strong><em>2 dziecko&nbsp; z kolei p\u0142aci 30,00<\/em><\/strong><\/p>\n<p style=\"text-align: center;\"><strong><em>kolejne dziecko z kolei&nbsp; (ucze\u0144 szko\u0142y) 0,00<\/em><\/strong><\/p>\n","protected":false},"excerpt":{"rendered":"<p>Szanowni Pa\u0144stwo Rada Rodzic\u00f3w dzia\u0142aj\u0105ca przy SP NR 1 na zebraniu, kt\u00f3re odby\u0142o si\u0119 09.09. 2020r.,&nbsp; wybra\u0142a wi\u0119kszo\u015bci\u0105 g\u0142os\u00f3w firm\u0119 ubezpieczeniow\u0105 CUK . Dnia 17.09. 2020r ustali\u0142a warunki ubezpieczenia, kt\u00f3re zostan\u0105 zamieszczone po podpisaniu umowy na stronie szkolnej . Informujemy, \u017ce ubezpieczenie dziecka wynosi 40 z\u0142,&nbsp;&nbsp;a na ka\u017cde kolejne dziecko 50%. Wp\u0142aty dokonujemy do wychowawc\u00f3w. [&hellip;]<\/p>\n","protected":false},"author":2,"featured_media":0,"parent":5983,"menu_order":0,"comment_status":"closed","ping_status":"closed","template":"","meta":{"ngg_post_thumbnail":0,"footnotes":""},"class_list":["post-6130","page","type-page","status-publish","hentry"],"_links":{"self":[{"href":"https:\/\/sp1hrubieszow.pl\/index.php\/wp-json\/wp\/v2\/pages\/6130","targetHints":{"allow":["GET"]}}],"collection":[{"href":"https:\/\/sp1hrubieszow.pl\/index.php\/wp-json\/wp\/v2\/pages"}],"about":[{"href":"https:\/\/sp1hrubieszow.pl\/index.php\/wp-json\/wp\/v2\/types\/page"}],"author":[{"embeddable":true,"href":"https:\/\/sp1hrubieszow.pl\/index.php\/wp-json\/wp\/v2\/users\/2"}],"replies":[{"embeddable":true,"href":"https:\/\/sp1hrubieszow.pl\/index.php\/wp-json\/wp\/v2\/comments?post=6130"}],"version-history":[{"count":1,"href":"https:\/\/sp1hrubieszow.pl\/index.php\/wp-json\/wp\/v2\/pages\/6130\/revisions"}],"predecessor-version":[{"id":6131,"href":"https:\/\/sp1hrubieszow.pl\/index.php\/wp-json\/wp\/v2\/pages\/6130\/revisions\/6131"}],"up":[{"embeddable":true,"href":"https:\/\/sp1hrubieszow.pl\/index.php\/wp-json\/wp\/v2\/pages\/5983"}],"wp:attachment":[{"href":"https:\/\/sp1hrubieszow.pl\/index.php\/wp-json\/wp\/v2\/media?parent=6130"}],"curies":[{"name":"wp","href":"https:\/\/api.w.org\/{rel}","templated":true}]}}