{"id":6073,"date":"2020-09-07T20:15:11","date_gmt":"2020-09-07T18:15:11","guid":{"rendered":"http:\/\/sp1.hrubieszow.info\/?page_id=6073"},"modified":"2020-09-07T20:15:28","modified_gmt":"2020-09-07T18:15:28","slug":"bezpieczna-szkola","status":"publish","type":"page","link":"https:\/\/sp1hrubieszow.pl\/index.php\/kronika-2020-2021\/bezpieczna-szkola\/","title":{"rendered":"Bezpieczna szko\u0142a"},"content":{"rendered":"\n<p><span style=\"color: #000080;\"><strong>Zapraszamy do zapoznania si\u0119 z podr\u0119cznikiem &#8222;Bezpieczna szko\u0142a. Zagro\u017cenia i zalecane dzia\u0142ania profilaktyczne w zakresie bezpiecze\u0144stwa fizycznego i cyfrowego uczni\u00f3w&#8221;:<\/strong><\/span><\/p>\n<p><span style=\"color: #000080;\"><strong><a style=\"color: #000080;\" href=\"http:\/\/sp1.hrubieszow.info\/wp-content\/uploads\/2020\/09\/Bezpieczna_Szko\u0142a_Zagro\u017cenia_i_zalecane_dzia\u0142ania_profilaktyczne_w_zakresie_bezpiecze\u0144stwa_fizycznego_i_cyfrowego_uczni\u00f3w.pdf\">Bezpieczna_Szko\u0142a_Zagro\u017cenia_i_zalecane_dzia\u0142ania_profilaktyczne_w_zakresie_bezpiecze\u0144stwa_fizycznego_i_cyfrowego_uczni\u00f3w<\/a><\/strong><\/span><\/p>\n","protected":false},"excerpt":{"rendered":"<p>Zapraszamy do zapoznania si\u0119 z podr\u0119cznikiem &#8222;Bezpieczna szko\u0142a. Zagro\u017cenia i zalecane dzia\u0142ania profilaktyczne w zakresie bezpiecze\u0144stwa fizycznego i cyfrowego uczni\u00f3w&#8221;: Bezpieczna_Szko\u0142a_Zagro\u017cenia_i_zalecane_dzia\u0142ania_profilaktyczne_w_zakresie_bezpiecze\u0144stwa_fizycznego_i_cyfrowego_uczni\u00f3w<\/p>\n","protected":false},"author":2,"featured_media":0,"parent":5983,"menu_order":0,"comment_status":"closed","ping_status":"closed","template":"","meta":{"ngg_post_thumbnail":0,"footnotes":""},"class_list":["post-6073","page","type-page","status-publish","hentry"],"_links":{"self":[{"href":"https:\/\/sp1hrubieszow.pl\/index.php\/wp-json\/wp\/v2\/pages\/6073","targetHints":{"allow":["GET"]}}],"collection":[{"href":"https:\/\/sp1hrubieszow.pl\/index.php\/wp-json\/wp\/v2\/pages"}],"about":[{"href":"https:\/\/sp1hrubieszow.pl\/index.php\/wp-json\/wp\/v2\/types\/page"}],"author":[{"embeddable":true,"href":"https:\/\/sp1hrubieszow.pl\/index.php\/wp-json\/wp\/v2\/users\/2"}],"replies":[{"embeddable":true,"href":"https:\/\/sp1hrubieszow.pl\/index.php\/wp-json\/wp\/v2\/comments?post=6073"}],"version-history":[{"count":1,"href":"https:\/\/sp1hrubieszow.pl\/index.php\/wp-json\/wp\/v2\/pages\/6073\/revisions"}],"predecessor-version":[{"id":6074,"href":"https:\/\/sp1hrubieszow.pl\/index.php\/wp-json\/wp\/v2\/pages\/6073\/revisions\/6074"}],"up":[{"embeddable":true,"href":"https:\/\/sp1hrubieszow.pl\/index.php\/wp-json\/wp\/v2\/pages\/5983"}],"wp:attachment":[{"href":"https:\/\/sp1hrubieszow.pl\/index.php\/wp-json\/wp\/v2\/media?parent=6073"}],"curies":[{"name":"wp","href":"https:\/\/api.w.org\/{rel}","templated":true}]}}