{"id":5976,"date":"2020-08-31T12:02:38","date_gmt":"2020-08-31T10:02:38","guid":{"rendered":"http:\/\/sp1.hrubieszow.info\/?page_id=5976"},"modified":"2020-08-31T12:03:25","modified_gmt":"2020-08-31T10:03:25","slug":"list-ministra-edukacji-narodowej-z-okazji-rozpoczecia-nowego-roku-szkolnego","status":"publish","type":"page","link":"https:\/\/sp1hrubieszow.pl\/index.php\/kronika-2019-2020\/list-ministra-edukacji-narodowej-z-okazji-rozpoczecia-nowego-roku-szkolnego\/","title":{"rendered":"List Ministra Edukacji Narodowej z okazji rozpocz\u0119cia nowego roku szkolnego"},"content":{"rendered":"\n<p><span style=\"color: #000080;\">Przekazujemy list Ministra Edukacji Narodowej z okazji rozpocz\u0119cia nowego roku szkolnego oraz plakaty informacyjne skierowane do uczni\u00f3w i rodzic\u00f3w.<\/span><\/p>\n<p><strong><span style=\"color: #000080;\"><a style=\"color: #000080;\" href=\"http:\/\/sp1.hrubieszow.info\/wp-content\/uploads\/2020\/08\/listministraedukacjinarodowejzokazjirozpoczeciarokuszkolnego2020_2021wwersjipdf.pdf\">listministraedukacjinarodowejzokazjirozpoczeciarokuszkolnego2020_2021wwersjipdf<\/a><\/span><\/strong><\/p>\n<p><img loading=\"lazy\" decoding=\"async\" class=\"alignnone size-medium wp-image-5974\" src=\"http:\/\/sp1.hrubieszow.info\/wp-content\/uploads\/2020\/08\/10zasadplakat_rodzice_plakat-212x300.jpeg\" alt=\"\" width=\"212\" height=\"300\" srcset=\"https:\/\/sp1hrubieszow.pl\/wp-content\/uploads\/2020\/08\/10zasadplakat_rodzice_plakat-212x300.jpeg 212w, https:\/\/sp1hrubieszow.pl\/wp-content\/uploads\/2020\/08\/10zasadplakat_rodzice_plakat-768x1086.jpeg 768w, https:\/\/sp1hrubieszow.pl\/wp-content\/uploads\/2020\/08\/10zasadplakat_rodzice_plakat-724x1024.jpeg 724w, https:\/\/sp1hrubieszow.pl\/wp-content\/uploads\/2020\/08\/10zasadplakat_rodzice_plakat-624x882.jpeg 624w\" sizes=\"auto, (max-width: 212px) 100vw, 212px\" \/><\/p>\n<p><img loading=\"lazy\" decoding=\"async\" class=\"alignnone size-medium wp-image-5973\" src=\"http:\/\/sp1.hrubieszow.info\/wp-content\/uploads\/2020\/08\/10zasadplakat_uczniowie_plakat-212x300.jpeg\" alt=\"\" width=\"212\" height=\"300\" srcset=\"https:\/\/sp1hrubieszow.pl\/wp-content\/uploads\/2020\/08\/10zasadplakat_uczniowie_plakat-212x300.jpeg 212w, https:\/\/sp1hrubieszow.pl\/wp-content\/uploads\/2020\/08\/10zasadplakat_uczniowie_plakat-768x1086.jpeg 768w, https:\/\/sp1hrubieszow.pl\/wp-content\/uploads\/2020\/08\/10zasadplakat_uczniowie_plakat-724x1024.jpeg 724w, https:\/\/sp1hrubieszow.pl\/wp-content\/uploads\/2020\/08\/10zasadplakat_uczniowie_plakat-624x882.jpeg 624w\" sizes=\"auto, (max-width: 212px) 100vw, 212px\" \/><\/p>\n","protected":false},"excerpt":{"rendered":"<p>Przekazujemy list Ministra Edukacji Narodowej z okazji rozpocz\u0119cia nowego roku szkolnego oraz plakaty informacyjne skierowane do uczni\u00f3w i rodzic\u00f3w. listministraedukacjinarodowejzokazjirozpoczeciarokuszkolnego2020_2021wwersjipdf<\/p>\n","protected":false},"author":2,"featured_media":0,"parent":2167,"menu_order":0,"comment_status":"closed","ping_status":"closed","template":"","meta":{"ngg_post_thumbnail":0,"footnotes":""},"class_list":["post-5976","page","type-page","status-publish","hentry"],"_links":{"self":[{"href":"https:\/\/sp1hrubieszow.pl\/index.php\/wp-json\/wp\/v2\/pages\/5976","targetHints":{"allow":["GET"]}}],"collection":[{"href":"https:\/\/sp1hrubieszow.pl\/index.php\/wp-json\/wp\/v2\/pages"}],"about":[{"href":"https:\/\/sp1hrubieszow.pl\/index.php\/wp-json\/wp\/v2\/types\/page"}],"author":[{"embeddable":true,"href":"https:\/\/sp1hrubieszow.pl\/index.php\/wp-json\/wp\/v2\/users\/2"}],"replies":[{"embeddable":true,"href":"https:\/\/sp1hrubieszow.pl\/index.php\/wp-json\/wp\/v2\/comments?post=5976"}],"version-history":[{"count":1,"href":"https:\/\/sp1hrubieszow.pl\/index.php\/wp-json\/wp\/v2\/pages\/5976\/revisions"}],"predecessor-version":[{"id":5977,"href":"https:\/\/sp1hrubieszow.pl\/index.php\/wp-json\/wp\/v2\/pages\/5976\/revisions\/5977"}],"up":[{"embeddable":true,"href":"https:\/\/sp1hrubieszow.pl\/index.php\/wp-json\/wp\/v2\/pages\/2167"}],"wp:attachment":[{"href":"https:\/\/sp1hrubieszow.pl\/index.php\/wp-json\/wp\/v2\/media?parent=5976"}],"curies":[{"name":"wp","href":"https:\/\/api.w.org\/{rel}","templated":true}]}}