{"id":5956,"date":"2020-08-26T13:09:31","date_gmt":"2020-08-26T11:09:31","guid":{"rendered":"http:\/\/sp1.hrubieszow.info\/?page_id=5956"},"modified":"2020-08-27T09:36:27","modified_gmt":"2020-08-27T07:36:27","slug":"organizacja-inauguracji-roku-szkolnego-2020-2021-w-szkole-podstawowej-nr-1-w-hrubieszowie-im-boleslawa-prusa","status":"publish","type":"page","link":"https:\/\/sp1hrubieszow.pl\/index.php\/kronika-2019-2020\/organizacja-inauguracji-roku-szkolnego-2020-2021-w-szkole-podstawowej-nr-1-w-hrubieszowie-im-boleslawa-prusa\/","title":{"rendered":"Organizacja Inauguracji Roku Szkolnego 2020\/2021 w Szkole Podstawowej Nr 1 w Hrubieszowie im. Boles\u0142awa Prusa"},"content":{"rendered":"\n<p><span style=\"color: #000080;\">Rozpocz\u0119cie nowego roku szkolnego odb\u0119dzie si\u0119 pod has\u0142em \u201eWITAJ SZKO\u0141O!\u201d<\/span><br><span style=\"color: #000080;\">Nowy rok szkolny 2020\/2021&nbsp;rozpoczniemy w&nbsp;innej ni\u017c tradycyjnie organizacji.<\/span><\/p>\n<p><span style=\"color: #000080;\">Inauguracja Roku Szkolnego odb\u0119dzie si\u0119 1 wrze\u015bnia 2020 r. <\/span><span style=\"color: #000080;\">o godzinie 8.00 w sali gimnastycznej z udzia\u0142em dzieci z grupy zerowej i uczni\u00f3w klas pierwszych. <\/span><br><span style=\"color: #000080;\">Po uroczystym powitaniu odb\u0119d\u0105 si\u0119 spotkania <\/span><span style=\"color: #000080;\">z wychowawcami klas w salach lekcyjnych:<\/span><\/p>\n<p><span style=\"color: #000080;\">grupa 0- sala nr 0 p. Joanna Sawicka <\/span><br><span style=\"color: #000080;\">kl.1a &#8211; sala nr 19 p. Katarzyna Sztuk <\/span><br><span style=\"color: #000080;\">kl.1b &#8211; sala nr 2 p. Ma\u0142gorzata Sidorska<\/span><\/p>\n<p><span style=\"color: #000080;\">Uczniowie klas 2 &#8211; 8 na rozpocz\u0119ciu roku szkolnego spotkaj\u0105 si\u0119 1 wrze\u015bnia 2020 r. ze swoimi wychowawcami zgodnie <\/span><span style=\"color: #000080;\">z przedstawionym harmonogramem:<\/span><\/p>\n<p><span style=\"color: #000080;\">godz.&nbsp;9:30 \u2013 klasy :<\/span><br><span style=\"color: #000080;\">klasa 2a &#8211; sala nr 1 \u2013 p. Renata Pacza\u0142a<\/span><br><span style=\"color: #000080;\">klasa 2b sala nr 20 \u2013 p. Jolanta Podlewska <\/span><br><span style=\"color: #000080;\">klasa 2c sala 21 &#8211; p. Joanna Bartnik <\/span><br><span style=\"color: #000080;\">klasa 4b sala nr 3 \u2013 p. Ewa Filipowicz \u2013 Sidorczuk <\/span><br><span style=\"color: #000080;\">klasa 4c sala nr 10 &#8211; p. Anna Lewandowska <\/span><br><span style=\"color: #000080;\">klasa 6a sala nr 13 &#8211; p El\u017cbieta Pochylczuk <\/span><br><span style=\"color: #000080;\">klasa 6d sala nr 16- p.Tomasz Kr\u00f3licki <\/span><br><span style=\"color: #000080;\">klasa 7a sala nr 8 &#8211; p. Arleta Kowalska <\/span><br><span style=\"color: #000080;\">klasa 7 c sala nr 5 \u2013 p.Ma\u0142gorzata Szumiata <\/span><br><span style=\"color: #000080;\">klasa 7d sala nr 18- p.Aneta Rycerz <\/span><br><span style=\"color: #000080;\">klasa 8c sala nr 6- p. Marta Lackowska<\/span><\/p>\n<p><span style=\"color: #000080;\">godz.&nbsp;10:40 \u2013 klasy :<\/span><br><span style=\"color: #000080;\">klasa 3a sala nr 2 &#8211; p. Ma\u0142gorzata Serafin<\/span><br><span style=\"color: #000080;\">klasa 3b sala nr 1 &#8211; p. Monika Korneluk <\/span><br><span style=\"color: #000080;\">klasa 3c sala nr 20 \u2013 p. Joanna Nazar <\/span><br><span style=\"color: #000080;\">klasa 4a sala nr 22- p. Anna Suwa\u0142a <\/span><br><span style=\"color: #000080;\">klasa 5a sala nr 9 &#8211; p. Ewa Szostak <\/span><br><span style=\"color: #000080;\">klasa 6b sala 15 \u2013 p. Agnieszka Kolano <\/span><br><span style=\"color: #000080;\">klasa 6c sala nr 17- p. Bo\u017cena Kozielewicz <\/span><br><span style=\"color: #000080;\">klasa 7b sala nr4 &#8211; p. Monika Czulak<\/span><br><span style=\"color: #000080;\">klasa 8a sala nr 7 \u2013 Arkadiusz Mielniczek <\/span><br><span style=\"color: #000080;\">klasa 8b sala nr 12 \u2013 p. Magdalena S\u0142owik<\/span><\/p>\n<p><span style=\"color: #000080;\"><strong>Szkolne Procedury Bezpiecze\u0144stwa obowi\u0105zuj\u0105ce <\/strong><\/span><span style=\"color: #000080;\"><strong>w dniu rozpocz\u0119cia roku szkolnego:<\/strong><\/span><\/p>\n<p><span style=\"color: #000080;\">\u2981 Uczniowie udaj\u0105 si\u0119 do wyznaczonych sal na spotkanie <\/span><span style=\"color: #000080;\">z wychowawcami. Apelujemy o&nbsp;zachowanie dystansu spo\u0142ecznego.<\/span><br><span style=\"color: #000080;\">\u2981 Przed&nbsp;wej\u015bciem do&nbsp;budynku wszystkie osoby (uczniowie, pracownicy szko\u0142y, opiekunowie i&nbsp;inni) zakrywaj\u0105 usta i&nbsp;nos np.&nbsp;maseczk\u0105, chust\u0105, przy\u0142bic\u0105 lub p\u00f3\u0142przy\u0142bic\u0105.<\/span><br><span style=\"color: #000080;\">\u2981 Po&nbsp;wej\u015bciu do&nbsp;budynku osoby dezynfekuj\u0105 r\u0119ce udost\u0119pnionym p\u0142ynem i&nbsp;wykonuj\u0105 polecenia pracownik\u00f3w szko\u0142y.<\/span><br><span style=\"color: #000080;\">\u2981 Wej\u015bcie do&nbsp;szko\u0142y os\u00f3b nie&nbsp;b\u0119d\u0105cych pracownikami lub opiekunami uczni\u00f3w bez&nbsp;zgody dyrektora szko\u0142y jest niedozwolone.<\/span><br><span style=\"color: #000080;\">\u2981 Po&nbsp;zako\u0144czeniu spotkania z&nbsp;wychowawc\u0105 uczniowie kieruj\u0105 si\u0119 bezpo\u015brednio do&nbsp;wyj\u015bcia z budynku szko\u0142y. <\/span><br><span style=\"color: #000080;\">\u2981 Wszystkich rodzic\u00f3w bardzo prosimy o zapoznanie si\u0119 z wa\u017cnymi informacjami dotycz\u0105cymi organizacji nowego roku szkolnego w naszej szkole.<\/span><br><span style=\"color: #000080;\">\u2981 W za\u0142\u0105czonej informacji zawarte b\u0119d\u0105 wzory dokument\u00f3w\/ o\u015bwiadcze\u0144, kt\u00f3re nale\u017cy dostarczy\u0107 do wychowawcy klasy w dniu 1 wrze\u015bnia.<\/span><\/p>\n<p><span style=\"color: #000080;\"><strong>Organizacja spotkania uczni\u00f3w z&nbsp;wychowawc\u0105:<\/strong><\/span><br><span style=\"color: #000080;\">UWAGA! Uczni\u00f3w obowi\u0105zuje zachowanie dystansu 1,5&nbsp;m od&nbsp;pracownik\u00f3w szko\u0142y. Uczniowie po&nbsp;wej\u015bciu do&nbsp;sali zajmuj\u0105 wyznaczone miejsca. Po&nbsp;zaj\u0119ciu miejsc uczniowie mog\u0105 zdj\u0105\u0107 maseczk\u0119 os\u0142aniaj\u0105c\u0105. W&nbsp;kontakcie z&nbsp;nauczycielem bli\u017cszym ni\u017c 1,5m oraz&nbsp;w&nbsp;trakcie poruszania si\u0119 po&nbsp;cz\u0119\u015bci wsp\u00f3lnej szko\u0142y (korytarze, szatnia, toaleta) obowi\u0105zuje os\u0142oni\u0119cie ust i&nbsp;nosa.&nbsp;<\/span><\/p>\n<p><span style=\"color: #000080;\">\u2981 Powitanie uczni\u00f3w<\/span><br><span style=\"color: #000080;\">\u2981 Przekazanie informacji o:<\/span><br><span style=\"color: #000080;\">\u2981 zasadach bezpiecze\u0144stwa i&nbsp;organizacji zaj\u0119\u0107 lekcyjnych<\/span><br><span style=\"color: #000080;\">\u2981 zasadach organizacji przerw pomi\u0119dzy zaj\u0119ciami<\/span><br><span style=\"color: #000080;\">\u2981 organizacji przerw obiadowych<\/span><br><span style=\"color: #000080;\">\u2981 Om\u00f3wienie innych spraw organizacyjnych m.in.: przekazanie planu lekcji, przekazanie login\u00f3w do&nbsp;dziennika Librus, kalendarium szkolnego, harmonogramu odbioru podr\u0119cznik\u00f3w, pracy \u015bwietlicy i&nbsp;in.<\/span><br><span style=\"color: #000080;\">\u2981 Inne sprawy bie\u017c\u0105ce i&nbsp;organizacyjne.<\/span><br><span style=\"color: #000080;\">\u2981 Zako\u0144czenie spotkania z&nbsp;wychowawcami.<\/span><br><strong><span style=\"color: #000080;\">UWAGA!<\/span><\/strong><br><span style=\"color: #000080;\">\u2981 Apelujemy o&nbsp;stosowanie si\u0119 do&nbsp;zalece\u0144 MEN\/GIS\/MZ ws bezpiecze\u0144stwa i&nbsp;kontroli stanu zdrowia uczni\u00f3w.<\/span><br><span style=\"color: #000080;\">\u2981 W&nbsp;przypadku podejrzenia u&nbsp;dziecka z\u0142ego stanu zdrowia potwierdzonym badaniem temperatury termometrem bezdotykowym szko\u0142a informuje o&nbsp;tym opiekuna lub wskazan\u0105 osob\u0119. Opiekun lub osoba wskazana przez&nbsp;niego po&nbsp;kontakcie telefonicznym szko\u0142y jest zobowi\u0105zana jak najszybciej odebra\u0107 dziecko (zalecany w\u0142asny transport) i&nbsp;udanie si\u0119 na&nbsp;konsultacj\u0119 lekarsk\u0105. (Nale\u017cy dostarczy\u0107 wz\u00f3r zgody na&nbsp;pomiar temperatury cia\u0142a dziecka w&nbsp;dniu 1&nbsp;wrze\u015bnia).<\/span><\/p>\n<p><span style=\"color: #000080;\">\u2981 Apelujemy, aby Opiekunowie uczni\u00f3w pozostali w&nbsp;kontakcie telefonicznym ze&nbsp;szko\u0142\u0105 w&nbsp;zwi\u0105zku z&nbsp;zagro\u017ceniem zaka\u017cenia wirusem SARS-CoV-2<\/span><\/p>\n<p><a href=\"http:\/\/sp1.hrubieszow.info\/wp-content\/uploads\/2020\/08\/ZGODA-NA-POMIAR-TEMPERATURY-CIA\u0141A-DZIECKA.docx\"><span style=\"color: #000080;\">ZGODA NA&nbsp;POMIAR TEMPERATURY CIA\u0141A DZIECKA<\/span><\/a><\/p>\n<p><span style=\"color: #000080;\"><a style=\"color: #000080;\" href=\"http:\/\/sp1.hrubieszow.info\/wp-content\/uploads\/2020\/08\/ZGODA-NA-ZAK\u0141ADANIE-PRZEZ-DZIECKO-MASECZKI.docx\">ZGODA NA ZAK\u0141ADANIE PRZEZ DZIECKO MASECZKI<\/a><\/span><\/p>\n","protected":false},"excerpt":{"rendered":"<p>Rozpocz\u0119cie nowego roku szkolnego odb\u0119dzie si\u0119 pod has\u0142em \u201eWITAJ SZKO\u0141O!\u201dNowy rok szkolny 2020\/2021&nbsp;rozpoczniemy w&nbsp;innej ni\u017c tradycyjnie organizacji. Inauguracja Roku Szkolnego odb\u0119dzie si\u0119 1 wrze\u015bnia 2020 r. o godzinie 8.00 w sali gimnastycznej z udzia\u0142em dzieci z grupy zerowej i uczni\u00f3w klas pierwszych. Po uroczystym powitaniu odb\u0119d\u0105 si\u0119 spotkania z wychowawcami klas w salach lekcyjnych: grupa [&hellip;]<\/p>\n","protected":false},"author":2,"featured_media":0,"parent":2167,"menu_order":0,"comment_status":"closed","ping_status":"closed","template":"","meta":{"ngg_post_thumbnail":0,"footnotes":""},"class_list":["post-5956","page","type-page","status-publish","hentry"],"_links":{"self":[{"href":"https:\/\/sp1hrubieszow.pl\/index.php\/wp-json\/wp\/v2\/pages\/5956","targetHints":{"allow":["GET"]}}],"collection":[{"href":"https:\/\/sp1hrubieszow.pl\/index.php\/wp-json\/wp\/v2\/pages"}],"about":[{"href":"https:\/\/sp1hrubieszow.pl\/index.php\/wp-json\/wp\/v2\/types\/page"}],"author":[{"embeddable":true,"href":"https:\/\/sp1hrubieszow.pl\/index.php\/wp-json\/wp\/v2\/users\/2"}],"replies":[{"embeddable":true,"href":"https:\/\/sp1hrubieszow.pl\/index.php\/wp-json\/wp\/v2\/comments?post=5956"}],"version-history":[{"count":6,"href":"https:\/\/sp1hrubieszow.pl\/index.php\/wp-json\/wp\/v2\/pages\/5956\/revisions"}],"predecessor-version":[{"id":5970,"href":"https:\/\/sp1hrubieszow.pl\/index.php\/wp-json\/wp\/v2\/pages\/5956\/revisions\/5970"}],"up":[{"embeddable":true,"href":"https:\/\/sp1hrubieszow.pl\/index.php\/wp-json\/wp\/v2\/pages\/2167"}],"wp:attachment":[{"href":"https:\/\/sp1hrubieszow.pl\/index.php\/wp-json\/wp\/v2\/media?parent=5956"}],"curies":[{"name":"wp","href":"https:\/\/api.w.org\/{rel}","templated":true}]}}