{"id":5937,"date":"2020-08-21T21:55:12","date_gmt":"2020-08-21T19:55:12","guid":{"rendered":"http:\/\/sp1.hrubieszow.info\/?page_id=5937"},"modified":"2020-08-21T21:55:42","modified_gmt":"2020-08-21T19:55:42","slug":"aplikacja-protego-safe-wiadomosc-dla-rodzicow","status":"publish","type":"page","link":"https:\/\/sp1hrubieszow.pl\/index.php\/kronika-2019-2020\/aplikacja-protego-safe-wiadomosc-dla-rodzicow\/","title":{"rendered":"Aplikacja ProteGO Safe &#8211; wiadomo\u015b\u0107 dla rodzic\u00f3w"},"content":{"rendered":"\n<p><span style=\"color: #000080;\">Zapraszamy do zapoznania si\u0119 z tre\u015bci\u0105 specjalnego listu zawieraj\u0105cego zach\u0119t\u0119 do zainstalowania aplikacji ProteGo Safe. To narz\u0119dzie pozwalaj\u0105ce na ograniczenie ryzyka rozprzestrzeniania si\u0119 koronawirusa, wspieraj\u0105ce bezpieczny powr\u00f3t dzieci do szk\u00f3\u0142.&nbsp;<\/span><\/p>\n<p><strong><a href=\"http:\/\/sp1.hrubieszow.info\/wp-content\/uploads\/2020\/08\/20200818_protegosafe_listmenigis.pdf\"><span style=\"color: #000080;\">20200818_protegosafe_listmenigis<\/span><\/a><\/strong><\/p>\n<p><strong><span style=\"color: #000080;\"><a style=\"color: #000080;\" href=\"http:\/\/sp1.hrubieszow.info\/wp-content\/uploads\/2020\/08\/20200821_aplikacjaprotegosafewspolnylistmenigis.docx\">20200821_aplikacjaprotegosafewspolnylistmenigis<\/a><\/span><\/strong><\/p>\n<p><strong><span style=\"color: #000080;\"><a style=\"color: #000080;\" href=\"http:\/\/sp1.hrubieszow.info\/wp-content\/uploads\/2020\/08\/20200821_protegosafe_listmenigis.docx\">20200821_protegosafe_listmenigis<\/a><\/span><\/strong><\/p>\n<p>&nbsp;<\/p>\n","protected":false},"excerpt":{"rendered":"<p>Zapraszamy do zapoznania si\u0119 z tre\u015bci\u0105 specjalnego listu zawieraj\u0105cego zach\u0119t\u0119 do zainstalowania aplikacji ProteGo Safe. To narz\u0119dzie pozwalaj\u0105ce na ograniczenie ryzyka rozprzestrzeniania si\u0119 koronawirusa, wspieraj\u0105ce bezpieczny powr\u00f3t dzieci do szk\u00f3\u0142.&nbsp; 20200818_protegosafe_listmenigis 20200821_aplikacjaprotegosafewspolnylistmenigis 20200821_protegosafe_listmenigis &nbsp;<\/p>\n","protected":false},"author":2,"featured_media":0,"parent":2167,"menu_order":0,"comment_status":"closed","ping_status":"closed","template":"","meta":{"ngg_post_thumbnail":0,"footnotes":""},"class_list":["post-5937","page","type-page","status-publish","hentry"],"_links":{"self":[{"href":"https:\/\/sp1hrubieszow.pl\/index.php\/wp-json\/wp\/v2\/pages\/5937","targetHints":{"allow":["GET"]}}],"collection":[{"href":"https:\/\/sp1hrubieszow.pl\/index.php\/wp-json\/wp\/v2\/pages"}],"about":[{"href":"https:\/\/sp1hrubieszow.pl\/index.php\/wp-json\/wp\/v2\/types\/page"}],"author":[{"embeddable":true,"href":"https:\/\/sp1hrubieszow.pl\/index.php\/wp-json\/wp\/v2\/users\/2"}],"replies":[{"embeddable":true,"href":"https:\/\/sp1hrubieszow.pl\/index.php\/wp-json\/wp\/v2\/comments?post=5937"}],"version-history":[{"count":1,"href":"https:\/\/sp1hrubieszow.pl\/index.php\/wp-json\/wp\/v2\/pages\/5937\/revisions"}],"predecessor-version":[{"id":5938,"href":"https:\/\/sp1hrubieszow.pl\/index.php\/wp-json\/wp\/v2\/pages\/5937\/revisions\/5938"}],"up":[{"embeddable":true,"href":"https:\/\/sp1hrubieszow.pl\/index.php\/wp-json\/wp\/v2\/pages\/2167"}],"wp:attachment":[{"href":"https:\/\/sp1hrubieszow.pl\/index.php\/wp-json\/wp\/v2\/media?parent=5937"}],"curies":[{"name":"wp","href":"https:\/\/api.w.org\/{rel}","templated":true}]}}