{"id":5830,"date":"2020-06-30T08:33:24","date_gmt":"2020-06-30T06:33:24","guid":{"rendered":"http:\/\/sp1.hrubieszow.info\/?page_id=5830"},"modified":"2020-06-30T08:33:47","modified_gmt":"2020-06-30T06:33:47","slug":"zakonczenie-roku-szkolnego-2019-2020-2","status":"publish","type":"page","link":"https:\/\/sp1hrubieszow.pl\/index.php\/kronika-2019-2020\/zakonczenie-roku-szkolnego-2019-2020-2\/","title":{"rendered":"Zako\u0144czenie roku szkolnego 2019\/2020"},"content":{"rendered":"\n<p><span style=\"color: #000080;\">26 czerwca w murach naszej &#8222;Jedynki&#8221; rozbrzmia\u0142 ostatni przed wakacjami dzwonek. W szkole pojawili si\u0119 uczniowie grupy 0 oraz klas 1 &#8211; 7, aby spotka\u0107 si\u0119 ze swoimi wychowawcami w salach lekcyjnych i odebra\u0107 wypracowane \u015bwiadectwo. Uczniowie przychodzili na spotkania wg wyznaczonego harmonogramu i z zachowaniem re\u017cimu sanitarnego. <\/span><br><span style=\"color: #000080;\">Uczniowie klas 8, kt\u00f3rzy w tym roku szkolnym ko\u0144cz\u0105 swoj\u0105 przygod\u0119 ze szko\u0142\u0105 podstawow\u0105, mieli uroczyste zako\u0144czenie na sali gimnastycznej. Ka\u017cda z trzech klas mia\u0142a zorganizowan\u0105 odr\u0119bn\u0105 uroczysto\u015b\u0107, na kt\u00f3rej pojawili si\u0119 przedstawiciele Urz\u0119du Miasta &#8211; pani Monika Podolak i pan Rados\u0142aw Szkudzi\u0144ski oraz przedstawiciele Rady Rodzic\u00f3w. Podczas kr\u00f3tkiej akademii odbywa\u0142o si\u0119 wbijanie pami\u0105tkowych gwo\u017adzi w drzewiec sztandaru, wr\u0119czanie nagr\u00f3d i podzi\u0119kowa\u0144 uczniom oraz rodzicom, kt\u00f3rzy anga\u017cowali si\u0119 w \u017cycie klasy i szko\u0142y. <\/span><br><span style=\"color: #000080;\">Przed nami okres wakacji. Wszystkim \u017cyczymy, aby by\u0142y przede wszystkim bezpieczne i zdrowe oraz pe\u0142ne rado\u015bci, zas\u0142u\u017conego odpoczynku i wielu pi\u0119knych chwil.<\/span> <\/p>\nngg_shortcode_0_placeholder\n","protected":false},"excerpt":{"rendered":"<p>26 czerwca w murach naszej &#8222;Jedynki&#8221; rozbrzmia\u0142 ostatni przed wakacjami dzwonek. W szkole pojawili si\u0119 uczniowie grupy 0 oraz klas 1 &#8211; 7, aby spotka\u0107 si\u0119 ze swoimi wychowawcami w salach lekcyjnych i odebra\u0107 wypracowane \u015bwiadectwo. Uczniowie przychodzili na spotkania wg wyznaczonego harmonogramu i z zachowaniem re\u017cimu sanitarnego. Uczniowie klas 8, kt\u00f3rzy w tym roku [&hellip;]<\/p>\n","protected":false},"author":2,"featured_media":0,"parent":2167,"menu_order":0,"comment_status":"closed","ping_status":"closed","template":"","meta":{"ngg_post_thumbnail":0,"footnotes":""},"class_list":["post-5830","page","type-page","status-publish","hentry"],"_links":{"self":[{"href":"https:\/\/sp1hrubieszow.pl\/index.php\/wp-json\/wp\/v2\/pages\/5830","targetHints":{"allow":["GET"]}}],"collection":[{"href":"https:\/\/sp1hrubieszow.pl\/index.php\/wp-json\/wp\/v2\/pages"}],"about":[{"href":"https:\/\/sp1hrubieszow.pl\/index.php\/wp-json\/wp\/v2\/types\/page"}],"author":[{"embeddable":true,"href":"https:\/\/sp1hrubieszow.pl\/index.php\/wp-json\/wp\/v2\/users\/2"}],"replies":[{"embeddable":true,"href":"https:\/\/sp1hrubieszow.pl\/index.php\/wp-json\/wp\/v2\/comments?post=5830"}],"version-history":[{"count":1,"href":"https:\/\/sp1hrubieszow.pl\/index.php\/wp-json\/wp\/v2\/pages\/5830\/revisions"}],"predecessor-version":[{"id":5831,"href":"https:\/\/sp1hrubieszow.pl\/index.php\/wp-json\/wp\/v2\/pages\/5830\/revisions\/5831"}],"up":[{"embeddable":true,"href":"https:\/\/sp1hrubieszow.pl\/index.php\/wp-json\/wp\/v2\/pages\/2167"}],"wp:attachment":[{"href":"https:\/\/sp1hrubieszow.pl\/index.php\/wp-json\/wp\/v2\/media?parent=5830"}],"curies":[{"name":"wp","href":"https:\/\/api.w.org\/{rel}","templated":true}]}}