{"id":5730,"date":"2020-06-23T16:57:34","date_gmt":"2020-06-23T14:57:34","guid":{"rendered":"http:\/\/sp1.hrubieszow.info\/?page_id=5730"},"modified":"2020-06-23T16:58:04","modified_gmt":"2020-06-23T14:58:04","slug":"gazetka-szkolna-jedyneczka-lato","status":"publish","type":"page","link":"https:\/\/sp1hrubieszow.pl\/index.php\/kronika-2019-2020\/gazetka-szkolna-jedyneczka-lato\/","title":{"rendered":"Gazetka szkolna \u201eJedyneczka-lato\u201d"},"content":{"rendered":"\n<p style=\"text-align: center;\"><strong><span style=\"color: #333399;\">Drodzy uczniowie i mi\u0142o\u015bnicy gazetki szkolnej \u201eJedyneczka\u201d!<\/span><\/strong><\/p>\n<p><span style=\"color: #333399;\">Tu\u017c przed wakacjami mamy dla Was prezent w postaci letniego numeru gazetki szkolnej.<\/span><\/p>\n<p><span style=\"color: #333399;\">Dzi\u0119kujemy Wam, \u017ce jeste\u015bcie naszymi Czytelnikami i mamy nadziej\u0119, \u017ce w przysz\u0142ym roku szkolnym spotkamy si\u0119 osobi\u015bcie przy czytaniu gazetki szkolnej.<\/span><\/p>\n<p><span style=\"color: #333399;\">Za prac\u0119 w zespole redakcyjnym w roku szkolnym 2019\/2020 serdecznie dzi\u0119kujemy uczniom:<\/span><\/p>\n<ol>\n<li><span style=\"color: #333399;\">Oliwia Kisielewicz, Vb<\/span><\/li>\n<li><span style=\"color: #333399;\">Zuzanna Mr\u00f3z, Vc<\/span><\/li>\n<li><span style=\"color: #333399;\">Oliwia Mr\u00f3z, Vc<\/span><\/li>\n<li><span style=\"color: #333399;\">Stefania Suchecka, Vc<\/span><\/li>\n<li><span style=\"color: #333399;\">Maja Nowacka, Vc<\/span><\/li>\n<li><span style=\"color: #333399;\">Amelia Panasiewicz, VIb<\/span><\/li>\n<li><span style=\"color: #333399;\">Izabela Sipta, VIc<\/span><\/li>\n<li><span style=\"color: #333399;\">Marceli Wiatrowski, VId<\/span><\/li>\n<li><span style=\"color: #333399;\">Nicolla Jaworska, VId<\/span><\/li>\n<li><span style=\"color: #333399;\">Pawe\u0142 Gumieniak, VId<\/span><\/li>\n<li><span style=\"color: #333399;\">Aleksandra Szymko, VIIb<\/span><\/li>\n<li><span style=\"color: #333399;\">Antonina Suchecka, VIIb<\/span><\/li>\n<li><span style=\"color: #333399;\">Karol Kuczy\u0144ski, VIIIc<\/span><\/li>\n<\/ol>\n<p><span style=\"color: #333399;\">Za wsp\u00f3\u0142prac\u0119 dzi\u0119kujemy tak\u017ce uczniom:<\/span><\/p>\n<ol>\n<li><span style=\"color: #333399;\">Alicja Lipska, VIa<\/span><\/li>\n<li><span style=\"color: #333399;\">Filip Grabowski VIa<\/span><\/li>\n<li><span style=\"color: #333399;\">Kacper Kasprzak, VId<\/span><\/li>\n<li><span style=\"color: #333399;\">Hanna Nowosad, VIb<\/span><\/li>\n<li><span style=\"color: #333399;\">Emilia Malinowska, VIb<\/span><\/li>\n<\/ol>\n<p style=\"text-align: center;\"><strong><span style=\"color: #333399;\">\u017byczymy udanych wakacji!<\/span><\/strong><\/p>\n<p style=\"text-align: right;\"><span style=\"color: #333399;\">Opiekunowie Zespo\u0142u Redakcyjnego Gazetki Szkolnej \u201eJedyneczka\u201d<\/span><\/p>\n<p style=\"text-align: right;\"><span style=\"color: #333399;\">Joanna Bartnik i Marta Kuczy\u0144ska<\/span><\/p>\n<p><span style=\"color: #333399;\"><a style=\"color: #333399;\" href=\"http:\/\/sp1.hrubieszow.info\/wp-content\/uploads\/2020\/06\/2020.03-Jedyneczka.pdf\"><strong>2020.03 Jedyneczka<\/strong><\/a><\/span><\/p>\n<p>&nbsp;<\/p>\n","protected":false},"excerpt":{"rendered":"<p>Drodzy uczniowie i mi\u0142o\u015bnicy gazetki szkolnej \u201eJedyneczka\u201d! Tu\u017c przed wakacjami mamy dla Was prezent w postaci letniego numeru gazetki szkolnej. Dzi\u0119kujemy Wam, \u017ce jeste\u015bcie naszymi Czytelnikami i mamy nadziej\u0119, \u017ce w przysz\u0142ym roku szkolnym spotkamy si\u0119 osobi\u015bcie przy czytaniu gazetki szkolnej. Za prac\u0119 w zespole redakcyjnym w roku szkolnym 2019\/2020 serdecznie dzi\u0119kujemy uczniom: Oliwia Kisielewicz, [&hellip;]<\/p>\n","protected":false},"author":2,"featured_media":0,"parent":2167,"menu_order":0,"comment_status":"closed","ping_status":"closed","template":"","meta":{"ngg_post_thumbnail":0,"footnotes":""},"class_list":["post-5730","page","type-page","status-publish","hentry"],"_links":{"self":[{"href":"https:\/\/sp1hrubieszow.pl\/index.php\/wp-json\/wp\/v2\/pages\/5730","targetHints":{"allow":["GET"]}}],"collection":[{"href":"https:\/\/sp1hrubieszow.pl\/index.php\/wp-json\/wp\/v2\/pages"}],"about":[{"href":"https:\/\/sp1hrubieszow.pl\/index.php\/wp-json\/wp\/v2\/types\/page"}],"author":[{"embeddable":true,"href":"https:\/\/sp1hrubieszow.pl\/index.php\/wp-json\/wp\/v2\/users\/2"}],"replies":[{"embeddable":true,"href":"https:\/\/sp1hrubieszow.pl\/index.php\/wp-json\/wp\/v2\/comments?post=5730"}],"version-history":[{"count":1,"href":"https:\/\/sp1hrubieszow.pl\/index.php\/wp-json\/wp\/v2\/pages\/5730\/revisions"}],"predecessor-version":[{"id":5731,"href":"https:\/\/sp1hrubieszow.pl\/index.php\/wp-json\/wp\/v2\/pages\/5730\/revisions\/5731"}],"up":[{"embeddable":true,"href":"https:\/\/sp1hrubieszow.pl\/index.php\/wp-json\/wp\/v2\/pages\/2167"}],"wp:attachment":[{"href":"https:\/\/sp1hrubieszow.pl\/index.php\/wp-json\/wp\/v2\/media?parent=5730"}],"curies":[{"name":"wp","href":"https:\/\/api.w.org\/{rel}","templated":true}]}}