{"id":5685,"date":"2020-06-21T21:35:01","date_gmt":"2020-06-21T19:35:01","guid":{"rendered":"http:\/\/sp1.hrubieszow.info\/?page_id=5685"},"modified":"2020-06-21T21:37:39","modified_gmt":"2020-06-21T19:37:39","slug":"zmarla-helena-szlonzak","status":"publish","type":"page","link":"https:\/\/sp1hrubieszow.pl\/index.php\/kronika-2019-2020\/zmarla-helena-szlonzak\/","title":{"rendered":"Zmar\u0142a Helena Szlonzak"},"content":{"rendered":"\n<p style=\"text-align: center;\"><strong><img loading=\"lazy\" decoding=\"async\" class=\"alignleft wp-image-5687 size-thumbnail\" src=\"http:\/\/sp1.hrubieszow.info\/wp-content\/uploads\/2020\/06\/r\u00f3\u017c\u0105-150x150.jpg\" alt=\"\" width=\"150\" height=\"150\"><\/strong><\/p>\n<p style=\"text-align: center;\"><strong>21 czerwca 2020 r. zmar\u0142a Helena Szlonzak-&nbsp;<\/strong><br><strong>wieloletnia nauczycielka i wychowawca wielu pokole\u0144 uczni\u00f3w.<\/strong><br><strong>Szko\u0142y Podstawowej Nr 1 w Hrubieszowie<\/strong><\/p>\n<p style=\"text-align: center;\"><strong>\u201eTak d\u0142ugo cz\u0142owiek \u017cyje, p\u00f3ki pozostaje w&nbsp;sercu, p\u00f3ki utrwala go pami\u0119\u0107 \u2026\u201d<\/strong><br><strong>&nbsp;<\/strong><br><strong>Z g\u0142\u0119bokim \u017calem i&nbsp;smutkiem przyj\u0119li\u015bmy wiadomo\u015b\u0107, \u017ce dnia 21.06.2020 r. odesz\u0142a od nas<\/strong><br><strong>wieloletnia nauczycielka, wychowawca,&nbsp;przyjaciel dzieci i m\u0142odzie\u017cy.<\/strong><br><strong>Msza \u015awi\u0119ta Pogrzebowa odprawiana b\u0119dzie dnia 22.06. 2020 r.<\/strong><br><strong>o godzinie 14 .00 w ko\u015bciele p.w. \u015awi\u0119tego Miko\u0142aja w Hrubieszowie.<\/strong><br><strong>Rodzinie i&nbsp;bliskim sk\u0142adamy wyrazy wsp\u00f3\u0142czucia.<\/strong><\/p>\n<p style=\"text-align: center;\"><strong>Dyrekcja, Grono Pedagogiczne,<\/strong><br><strong>Pracownicy ,&nbsp;Uczniowie&nbsp;<\/strong><br><strong>Szko\u0142y Podstawowej Nr 1 w Hrubieszowie<\/strong><\/p>\n","protected":false},"excerpt":{"rendered":"<p>21 czerwca 2020 r. zmar\u0142a Helena Szlonzak-&nbsp;wieloletnia nauczycielka i wychowawca wielu pokole\u0144 uczni\u00f3w.Szko\u0142y Podstawowej Nr 1 w Hrubieszowie \u201eTak d\u0142ugo cz\u0142owiek \u017cyje, p\u00f3ki pozostaje w&nbsp;sercu, p\u00f3ki utrwala go pami\u0119\u0107 \u2026\u201d&nbsp;Z g\u0142\u0119bokim \u017calem i&nbsp;smutkiem przyj\u0119li\u015bmy wiadomo\u015b\u0107, \u017ce dnia 21.06.2020 r. odesz\u0142a od naswieloletnia nauczycielka, wychowawca,&nbsp;przyjaciel dzieci i m\u0142odzie\u017cy.Msza \u015awi\u0119ta Pogrzebowa odprawiana b\u0119dzie dnia 22.06. 2020 r.o [&hellip;]<\/p>\n","protected":false},"author":2,"featured_media":0,"parent":2167,"menu_order":0,"comment_status":"closed","ping_status":"closed","template":"","meta":{"ngg_post_thumbnail":0,"footnotes":""},"class_list":["post-5685","page","type-page","status-publish","hentry"],"_links":{"self":[{"href":"https:\/\/sp1hrubieszow.pl\/index.php\/wp-json\/wp\/v2\/pages\/5685","targetHints":{"allow":["GET"]}}],"collection":[{"href":"https:\/\/sp1hrubieszow.pl\/index.php\/wp-json\/wp\/v2\/pages"}],"about":[{"href":"https:\/\/sp1hrubieszow.pl\/index.php\/wp-json\/wp\/v2\/types\/page"}],"author":[{"embeddable":true,"href":"https:\/\/sp1hrubieszow.pl\/index.php\/wp-json\/wp\/v2\/users\/2"}],"replies":[{"embeddable":true,"href":"https:\/\/sp1hrubieszow.pl\/index.php\/wp-json\/wp\/v2\/comments?post=5685"}],"version-history":[{"count":2,"href":"https:\/\/sp1hrubieszow.pl\/index.php\/wp-json\/wp\/v2\/pages\/5685\/revisions"}],"predecessor-version":[{"id":5688,"href":"https:\/\/sp1hrubieszow.pl\/index.php\/wp-json\/wp\/v2\/pages\/5685\/revisions\/5688"}],"up":[{"embeddable":true,"href":"https:\/\/sp1hrubieszow.pl\/index.php\/wp-json\/wp\/v2\/pages\/2167"}],"wp:attachment":[{"href":"https:\/\/sp1hrubieszow.pl\/index.php\/wp-json\/wp\/v2\/media?parent=5685"}],"curies":[{"name":"wp","href":"https:\/\/api.w.org\/{rel}","templated":true}]}}