{"id":5676,"date":"2020-06-19T20:49:36","date_gmt":"2020-06-19T18:49:36","guid":{"rendered":"http:\/\/sp1.hrubieszow.info\/?page_id=5676"},"modified":"2020-06-19T20:50:07","modified_gmt":"2020-06-19T18:50:07","slug":"szkola-myslenia-pozytywnego-w-ii-polroczu-2019-2020","status":"publish","type":"page","link":"https:\/\/sp1hrubieszow.pl\/index.php\/kronika-2019-2020\/szkola-myslenia-pozytywnego-w-ii-polroczu-2019-2020\/","title":{"rendered":"Szko\u0142a My\u015blenia Pozytywnego w II p\u00f3\u0142roczu 2019\/2020"},"content":{"rendered":"\n<p><span style=\"color: #333399;\">W II p\u00f3\u0142roczu 2019\/2020 Szko\u0142a Podstawowa Nr 1 im. Boles\u0142awa Prusa w Hrubieszowie otrzyma\u0142a Certyfikat za dzia\u0142ania podj\u0119te w roku 2019 na rzecz profilaktyki zdrowia psychicznego dzieci i m\u0142odzie\u017cy oraz przyst\u0105pi\u0142a do nowej edycji programu. Rozpocz\u0119to wdra\u017canie dzia\u0142alno\u015bci \u201eSzkolnego Klubu Lider\u00f3w My\u015blenia Pozytywnego\u201d. W ramach nagrodzonego projektu na plan pt. \u201e\u0141\u0105cznicy dzia\u0142alno\u015bci-stra\u017cnicy pozytywno\u015bci\u201d aktywizowano s<span class=\"text_exposed_show\">po\u0142eczno\u015b\u0107 szkoln\u0105 do wdra\u017cania profilaktyki zdrowia psychicznego dzieci i m\u0142odzie\u017cy, poprzez powo\u0142anie grupy lider\u00f3w z ka\u017cdej klasy IV-VII. Liderzy odbywali zebrania, podczas kt\u00f3rych otrzymywali informacje na temat aktualnych zada\u0144 w ramach udzia\u0142u w programie. Uda\u0142o si\u0119 przeprowadzi\u0107 zadanie na luty pt. \u201ePozytywnie dzia\u0142amy w Internecie\u201d. Klasy stworzy\u0142y wsp\u00f3lne plakaty, propaguj\u0105ce pozytywne dzia\u0142ania w sieci, przyczyniaj\u0105ce si\u0119 do bezpiecze\u0144stwa i kulturalnego zachowania w Internecie. Wykonano wystaw\u0119 prac nagrodzonych,<br>Od marca realizowano zadanie po\u015bwi\u0119cone warto\u015bciom. Uczniowie wraz z wychowawcami zastanawiali si\u0119 nad tym, czym s\u0105 warto\u015bci, co jest dla nich w \u017cyciu wa\u017cne, jakie warto\u015bci s\u0105 im najbli\u017csze. Odby\u0142y si\u0119 zaj\u0119cia w klasach a tak\u017ce lekcje online podczas nauczania zdalnego z wykorzystaniem scenariuszy, dostarczonych przez Instytut Edukacji Pozytywnej. Pi\u0119kne karty warto\u015bci wykonali uczniowie klasy IIb pod kierunkiem p. Moniki Korneluk. Karty warto\u015bci, wykonane przez dzieci mo\u017cna podziwia\u0107 poni\u017cej.<br>W okresie zdalnego nauczania na profilu fb szko\u0142y umieszczano cyklicznie \u201ePozytywn\u0105 my\u015bl na dzi\u015b\u201d oraz inne materia\u0142y wp\u0142ywaj\u0105ce na korzystny stan zdrowia psychicznego, w\u0142a\u015bciwe poczucie w\u0142asnej warto\u015bci oraz umiej\u0119tno\u015b\u0107 radzenia sobie ze stresem.<br>Dzi\u0119kuj\u0119 wszystkim uczniom i wychowawcom zaanga\u017cowanym w projekt \u201eMy\u015bl\u0119 Pozytywnie&#8221; w ramach programu \u201eSzko\u0142a My\u015blenia Pozytywnego\u201d, kt\u00f3rego organizatorem jest Instytut Edukacji Pozytywnej.<\/span><\/span><\/p>\n<div class=\"text_exposed_show\">\n<p><span style=\"color: #333399;\">Lider programu \u201eSzko\u0142a My\u015blenia Pozytywnego\u201d Marta Kuczy\u0144ska, pedagog szkolny<\/span><\/p>\nngg_shortcode_0_placeholder\n<\/div>\n","protected":false},"excerpt":{"rendered":"<p>W II p\u00f3\u0142roczu 2019\/2020 Szko\u0142a Podstawowa Nr 1 im. Boles\u0142awa Prusa w Hrubieszowie otrzyma\u0142a Certyfikat za dzia\u0142ania podj\u0119te w roku 2019 na rzecz profilaktyki zdrowia psychicznego dzieci i m\u0142odzie\u017cy oraz przyst\u0105pi\u0142a do nowej edycji programu. Rozpocz\u0119to wdra\u017canie dzia\u0142alno\u015bci \u201eSzkolnego Klubu Lider\u00f3w My\u015blenia Pozytywnego\u201d. W ramach nagrodzonego projektu na plan pt. \u201e\u0141\u0105cznicy dzia\u0142alno\u015bci-stra\u017cnicy pozytywno\u015bci\u201d aktywizowano spo\u0142eczno\u015b\u0107 [&hellip;]<\/p>\n","protected":false},"author":2,"featured_media":0,"parent":2167,"menu_order":0,"comment_status":"closed","ping_status":"closed","template":"","meta":{"ngg_post_thumbnail":0,"footnotes":""},"class_list":["post-5676","page","type-page","status-publish","hentry"],"_links":{"self":[{"href":"https:\/\/sp1hrubieszow.pl\/index.php\/wp-json\/wp\/v2\/pages\/5676","targetHints":{"allow":["GET"]}}],"collection":[{"href":"https:\/\/sp1hrubieszow.pl\/index.php\/wp-json\/wp\/v2\/pages"}],"about":[{"href":"https:\/\/sp1hrubieszow.pl\/index.php\/wp-json\/wp\/v2\/types\/page"}],"author":[{"embeddable":true,"href":"https:\/\/sp1hrubieszow.pl\/index.php\/wp-json\/wp\/v2\/users\/2"}],"replies":[{"embeddable":true,"href":"https:\/\/sp1hrubieszow.pl\/index.php\/wp-json\/wp\/v2\/comments?post=5676"}],"version-history":[{"count":1,"href":"https:\/\/sp1hrubieszow.pl\/index.php\/wp-json\/wp\/v2\/pages\/5676\/revisions"}],"predecessor-version":[{"id":5677,"href":"https:\/\/sp1hrubieszow.pl\/index.php\/wp-json\/wp\/v2\/pages\/5676\/revisions\/5677"}],"up":[{"embeddable":true,"href":"https:\/\/sp1hrubieszow.pl\/index.php\/wp-json\/wp\/v2\/pages\/2167"}],"wp:attachment":[{"href":"https:\/\/sp1hrubieszow.pl\/index.php\/wp-json\/wp\/v2\/media?parent=5676"}],"curies":[{"name":"wp","href":"https:\/\/api.w.org\/{rel}","templated":true}]}}