{"id":5557,"date":"2020-06-03T18:04:15","date_gmt":"2020-06-03T16:04:15","guid":{"rendered":"http:\/\/sp1.hrubieszow.info\/?page_id=5557"},"modified":"2020-06-03T18:10:35","modified_gmt":"2020-06-03T16:10:35","slug":"olimpiada-olimpus-2020","status":"publish","type":"page","link":"https:\/\/sp1hrubieszow.pl\/index.php\/kronika-2019-2020\/olimpiada-olimpus-2020\/","title":{"rendered":"Olimpiada Olimpus 2020"},"content":{"rendered":"\n<p><span style=\"color: #333399;\"><img loading=\"lazy\" decoding=\"async\" width=\"300\" height=\"221\" class=\"alignnone size-medium wp-image-5560\" alt=\"\" src=\"http:\/\/sp1.hrubieszow.info\/wp-content\/uploads\/2020\/06\/olimpus-wiosenny-e1526244143224-300x221.png\" srcset=\"https:\/\/sp1hrubieszow.pl\/wp-content\/uploads\/2020\/06\/olimpus-wiosenny-e1526244143224-300x221.png 300w, https:\/\/sp1hrubieszow.pl\/wp-content\/uploads\/2020\/06\/olimpus-wiosenny-e1526244143224-768x566.png 768w, https:\/\/sp1hrubieszow.pl\/wp-content\/uploads\/2020\/06\/olimpus-wiosenny-e1526244143224-624x460.png 624w, https:\/\/sp1hrubieszow.pl\/wp-content\/uploads\/2020\/06\/olimpus-wiosenny-e1526244143224.png 810w\" sizes=\"auto, (max-width: 300px) 100vw, 300px\" \/><\/span><\/p>\n<p><span style=\"color: #333399;\">Uczniowie naszej szko\u0142y przyst\u0105pili do olimpiady Olimpus z j\u0119zyka angielskiego online <\/span><br><span style=\"color: #333399;\">20.05.2020.<\/span><br><strong><span style=\"color: #333399;\">Dyplom laureata zdobyli<\/span><\/strong><br><strong><span style=\"color: #333399;\">Maciej Borz\u0119cki ucze\u0144 klasy 5a<\/span><\/strong><br><strong><span style=\"color: #333399;\">Julia Nowosad uczennica klasy 7c<\/span><\/strong><br><strong><span style=\"color: #333399;\">Klaudia Adamczuk uczennica klasy 7c<\/span><\/strong><br><span style=\"color: #333399;\">Kolejne najwy\u017csze wyniki otrzymali<\/span><br><span style=\"color: #333399;\">w klasach 5<\/span><br><span style=\"color: #333399;\">Dawid Pempko ucze\u0144 klasy 5 c<\/span><br><span style=\"color: #333399;\">Patrycja Ba\u0142szan uczennica klasy 5 a<\/span><br><span style=\"color: #333399;\">Oliwia KIsielewicz uczennica klasy 5 b<\/span><br><span style=\"color: #333399;\">w klasach 6<\/span><br><span style=\"color: #333399;\">Marcel Baj ucze\u0144 klasy 6 c<\/span><br><span style=\"color: #333399;\">Karolina Radziejewska uczennica klasy 6 b<\/span><br><span style=\"color: #333399;\">Konrad Le\u015bko ucze\u0144 klasy 6 b<\/span><br><span style=\"color: #333399;\">w klasach 7<\/span><br><span style=\"color: #333399;\">Karolina Wojczuk uczennica klasy 7 c<\/span><br><span style=\"color: #333399;\">Agata Czajkowska uczennica klasy 7 c<\/span><br><span style=\"color: #333399;\">Gabriela Senkowska uczennica klasy 7c<\/span><br><span style=\"color: #333399;\">w klasach 8<\/span><br><span style=\"color: #333399;\">Hanna Nogas uczennica klasy 8 c<\/span><br><span style=\"color: #333399;\">Paulina Danilczuk uczennica klasy 8c<\/span><br><span style=\"color: #333399;\">i Karol Kuczy\u0144ski ucze\u0144 klasy 8 c<\/span><br><span style=\"color: #333399;\">Kaya Perehubka uczennica klasy 8 c<\/span><br><span style=\"color: #333399;\">i Karolina Zaj\u0105c<\/span><br><span style=\"color: #333399;\">Uczniowie, kt\u00f3rzy wzi\u0119li udzial w olimpiadzie to<\/span><br><span style=\"color: #333399;\">Pawe\u0142 Stankiewicz, Amelia Kiecana, Martyna B\u0142aszczy\u0144ska, Amelia Panasiewicz, Karina Jagie\u0142\u0142o, Martyna Mielniczuk, Maciej Rz\u0105d, Norbert Ba\u0142szan, Ewa Gis, Nicole Sas, Patryk Rudek, Mateusz Zaj\u0105c.<\/span><br><span style=\"color: #333399;\">Wszystkim uczniom gratulujemy i dzi\u0119kujemy bardzo za uczestnictwo.<\/span><\/p>\n","protected":false},"excerpt":{"rendered":"<p>Uczniowie naszej szko\u0142y przyst\u0105pili do olimpiady Olimpus z j\u0119zyka angielskiego online 20.05.2020.Dyplom laureata zdobyliMaciej Borz\u0119cki ucze\u0144 klasy 5aJulia Nowosad uczennica klasy 7cKlaudia Adamczuk uczennica klasy 7cKolejne najwy\u017csze wyniki otrzymaliw klasach 5Dawid Pempko ucze\u0144 klasy 5 cPatrycja Ba\u0142szan uczennica klasy 5 aOliwia KIsielewicz uczennica klasy 5 bw klasach 6Marcel Baj ucze\u0144 klasy 6 cKarolina Radziejewska uczennica [&hellip;]<\/p>\n","protected":false},"author":2,"featured_media":0,"parent":2167,"menu_order":0,"comment_status":"closed","ping_status":"closed","template":"","meta":{"ngg_post_thumbnail":0,"footnotes":""},"class_list":["post-5557","page","type-page","status-publish","hentry"],"_links":{"self":[{"href":"https:\/\/sp1hrubieszow.pl\/index.php\/wp-json\/wp\/v2\/pages\/5557","targetHints":{"allow":["GET"]}}],"collection":[{"href":"https:\/\/sp1hrubieszow.pl\/index.php\/wp-json\/wp\/v2\/pages"}],"about":[{"href":"https:\/\/sp1hrubieszow.pl\/index.php\/wp-json\/wp\/v2\/types\/page"}],"author":[{"embeddable":true,"href":"https:\/\/sp1hrubieszow.pl\/index.php\/wp-json\/wp\/v2\/users\/2"}],"replies":[{"embeddable":true,"href":"https:\/\/sp1hrubieszow.pl\/index.php\/wp-json\/wp\/v2\/comments?post=5557"}],"version-history":[{"count":2,"href":"https:\/\/sp1hrubieszow.pl\/index.php\/wp-json\/wp\/v2\/pages\/5557\/revisions"}],"predecessor-version":[{"id":5561,"href":"https:\/\/sp1hrubieszow.pl\/index.php\/wp-json\/wp\/v2\/pages\/5557\/revisions\/5561"}],"up":[{"embeddable":true,"href":"https:\/\/sp1hrubieszow.pl\/index.php\/wp-json\/wp\/v2\/pages\/2167"}],"wp:attachment":[{"href":"https:\/\/sp1hrubieszow.pl\/index.php\/wp-json\/wp\/v2\/media?parent=5557"}],"curies":[{"name":"wp","href":"https:\/\/api.w.org\/{rel}","templated":true}]}}