{"id":5531,"date":"2020-05-30T17:30:15","date_gmt":"2020-05-30T15:30:15","guid":{"rendered":"http:\/\/sp1.hrubieszow.info\/?page_id=5531"},"modified":"2020-05-30T17:30:38","modified_gmt":"2020-05-30T15:30:38","slug":"podsumowanie-dzialan-klubu-ortograffiti","status":"publish","type":"page","link":"https:\/\/sp1hrubieszow.pl\/index.php\/kronika-2019-2020\/podsumowanie-dzialan-klubu-ortograffiti\/","title":{"rendered":"Podsumowanie dzia\u0142a\u0144 Klubu Ortograffiti"},"content":{"rendered":"\n<p><span style=\"color: #333399;\">Klub Ortograffiti pod kierunkiem pani Marty Lackowskiej zrealizowa\u0142 dwa projekty. <\/span><\/p>\n<p><span style=\"color: #333399;\">W I semestrze uczniowie realizowali projekt &#8222;Z ortografi\u0105 na TY&#8221;. W ramach projektu klubowicze przygotowali plakaty z wyrazami, kt\u00f3re zawieraj\u0105 trudno\u015bci ortograficzne oraz zasady pisowni. Przygotowane plakaty zdobi\u0142y sal\u0119 lekcyjn\u0105 podczas Europejskiego Tygodnia \u015awiadomo\u015bci Dysleksji. <\/span><\/p>\n<p><span style=\"color: #333399;\">W II semestrze uda\u0142o si\u0119 nam zdalnie zrealizowa\u0107 projekt &#8222;Jeste\u015bmy autorami dyktand&#8221;. Uczniowie z wybranymi przez siebie wyrazami uk\u0142adali teksty dyktand. Zebrane dyktanda tworz\u0105 ksi\u0105\u017ceczk\u0119, kt\u00f3ra stanowi pomoc dydaktyczn\u0105 do wykorzystania na lekcjach.<\/span><\/p>\nngg_shortcode_0_placeholder\n<p>&nbsp;<\/p>\n","protected":false},"excerpt":{"rendered":"<p>Klub Ortograffiti pod kierunkiem pani Marty Lackowskiej zrealizowa\u0142 dwa projekty. W I semestrze uczniowie realizowali projekt &#8222;Z ortografi\u0105 na TY&#8221;. W ramach projektu klubowicze przygotowali plakaty z wyrazami, kt\u00f3re zawieraj\u0105 trudno\u015bci ortograficzne oraz zasady pisowni. Przygotowane plakaty zdobi\u0142y sal\u0119 lekcyjn\u0105 podczas Europejskiego Tygodnia \u015awiadomo\u015bci Dysleksji. W II semestrze uda\u0142o si\u0119 nam zdalnie zrealizowa\u0107 projekt &#8222;Jeste\u015bmy [&hellip;]<\/p>\n","protected":false},"author":2,"featured_media":0,"parent":2167,"menu_order":0,"comment_status":"closed","ping_status":"closed","template":"","meta":{"ngg_post_thumbnail":0,"footnotes":""},"class_list":["post-5531","page","type-page","status-publish","hentry"],"_links":{"self":[{"href":"https:\/\/sp1hrubieszow.pl\/index.php\/wp-json\/wp\/v2\/pages\/5531","targetHints":{"allow":["GET"]}}],"collection":[{"href":"https:\/\/sp1hrubieszow.pl\/index.php\/wp-json\/wp\/v2\/pages"}],"about":[{"href":"https:\/\/sp1hrubieszow.pl\/index.php\/wp-json\/wp\/v2\/types\/page"}],"author":[{"embeddable":true,"href":"https:\/\/sp1hrubieszow.pl\/index.php\/wp-json\/wp\/v2\/users\/2"}],"replies":[{"embeddable":true,"href":"https:\/\/sp1hrubieszow.pl\/index.php\/wp-json\/wp\/v2\/comments?post=5531"}],"version-history":[{"count":1,"href":"https:\/\/sp1hrubieszow.pl\/index.php\/wp-json\/wp\/v2\/pages\/5531\/revisions"}],"predecessor-version":[{"id":5532,"href":"https:\/\/sp1hrubieszow.pl\/index.php\/wp-json\/wp\/v2\/pages\/5531\/revisions\/5532"}],"up":[{"embeddable":true,"href":"https:\/\/sp1hrubieszow.pl\/index.php\/wp-json\/wp\/v2\/pages\/2167"}],"wp:attachment":[{"href":"https:\/\/sp1hrubieszow.pl\/index.php\/wp-json\/wp\/v2\/media?parent=5531"}],"curies":[{"name":"wp","href":"https:\/\/api.w.org\/{rel}","templated":true}]}}