{"id":553,"date":"2019-04-03T13:59:53","date_gmt":"2019-04-03T11:59:53","guid":{"rendered":"http:\/\/sp1.hrubieszow.info\/?page_id=553"},"modified":"2019-04-03T13:59:53","modified_gmt":"2019-04-03T11:59:53","slug":"vii-edycja-warsztatow-madrzy-rodzice-2019","status":"publish","type":"page","link":"https:\/\/sp1hrubieszow.pl\/index.php\/nauczyciele\/pedagog\/pedagog-2019\/vii-edycja-warsztatow-madrzy-rodzice-2019\/","title":{"rendered":"VII edycja warsztat\u00f3w \u201eM\u0105drzy Rodzice\u201d &#8211; 2019"},"content":{"rendered":"\n<p style=\"text-align: justify;\"><span style=\"color: #000080;\"><strong>&nbsp;<\/strong><\/span><\/p>\n<p style=\"text-align: justify;\"><span style=\"color: #000080;\">W dniu 30.03.2019r. zako\u0144czy\u0142y si\u0119 warsztaty dla rodzic\u00f3w \u201eM\u0105drzy Rodzice\u201d, kt\u00f3re <\/span><br><span style=\"color: #000080;\">w miesi\u0105cu marcu odbywa\u0142y si\u0119 w Szkole Podstawowej Nr 1 w Hrubieszowie.<\/span><\/p>\n<p style=\"text-align: justify;\"><span style=\"color: #000080;\">W ramach VII edycji warsztat\u00f3w&nbsp; zorganizowano zaj\u0119cia ze specjalistami <\/span><br><span style=\"color: #000080;\">z r\u00f3\u017cnych dziedzin, pomocne w wychowaniu dzieci i m\u0142odzie\u017cy oraz rodzicielsk\u0105 grup\u0119 wsparcia, kt\u00f3r\u0105&nbsp; wsp\u00f3\u0142tworzyli sami uczestnicy warsztat\u00f3w.<\/span><br><span style=\"color: #000080;\">Podczas dziesi\u0119ciu spotka\u0144 warsztatowych rodzice pog\u0142\u0119bili swoj\u0105 wiedz\u0119, umiej\u0119tno\u015bci wychowawcze i wzmocnili si\u0119 w roli rodzica, o czym \u015bwiadcz\u0105 przyk\u0142adowe wypowiedzi uczestnik\u00f3w tegorocznych warsztat\u00f3w:<\/span><\/p>\n<ol style=\"text-align: justify;\">\n<li><span style=\"color: #000080;\">\u201eWarsztaty \u201eM\u0105drzy Rodzice\u201d s\u0105 \u015bwietn\u0105 inicjatyw\u0105, gdy\u017c zwi\u0119kszy\u0142y moj\u0105 samo\u015bwiadomo\u015b\u0107, dzi\u0119ki czemu patrz\u0119 na zachowanie mojego dziecka z zupe\u0142nie innej perspektywy. Dzi\u0119ki warsztatom zrozumia\u0142am, \u017ce to nie zachowanie mojego dziecka nale\u017cy zmienia\u0107, a m\u00f3j stosunek do niego i jego problem\u00f3w. Teraz staram si\u0119 szuka\u0107 klucza a nie wytrycha(\u2026)\u201d<\/span><\/li>\n<li><span style=\"color: #000080;\">\u201e Warsztaty pozwalaj\u0105 zrozumie\u0107 wiele rzeczy, otwieraj\u0105 oczy nawet do\u015bwiadczonym rodzicom. Warsztaty s\u0105 tak\u017ce idealnym miejscem na integracj\u0119 rodzic\u00f3w, na nawi\u0105zanie nowych znajomo\u015bci, na rozmowy o dzieciach, o sytuacjach radosnych i trudnych(\u2026)\u201d<\/span><\/li>\n<\/ol>\n<p style=\"text-align: justify;\"><span style=\"color: #000080;\">III. \u201eWarsztaty da\u0142y mi: <\/span><br><span style=\"color: #000080;\">-\u015bwiadomo\u015b\u0107, \u017ce jestem wystarczaj\u0105co silna, \u017ceby pom\u00f3c dziecku i nauczy\u0107 dziecko rozumie\u0107 siebie i swoje emocje oraz \u015bwiat, w kt\u00f3rym b\u0119dzie \u017cy\u0142o,<\/span><\/p>\n<p style=\"text-align: justify;\"><span style=\"color: #000080;\">-si\u0142\u0119 do pracy z dzieckiem,<\/span><\/p>\n<p style=\"text-align: justify;\"><span style=\"color: #000080;\">-spok\u00f3j, \u017ce dam rad\u0119,<\/span><\/p>\n<p style=\"text-align: justify;\"><span style=\"color: #000080;\">-rado\u015b\u0107 z si\u0142y sprawczej w wychowaniu\u201d.<\/span><\/p>\n<p style=\"text-align: justify;\"><span style=\"color: #000080;\">Uczestnicy zgodnie uznali, \u017ce takie warsztaty&nbsp; s\u0105 bardzo potrzebne i powinny by\u0107 organizowane w przysz\u0142o\u015bci. Tegoroczna grupa rodzic\u00f3w uczestnicz\u0105cych w warsztatach wzorem lat ubieg\u0142ych nawi\u0105za\u0142a bardzo pozytywne relacje. Grupa \u201eM\u0105drych Rodzic\u00f3w\u20192019\u201d nie chce si\u0119 rozsta\u0107, dlatego ustali\u0142a comiesi\u0119czne spotkania rodzicielskiej grupy wsparcia w jednej z miejskich bibliotek publicznych.<\/span><\/p>\n<p style=\"text-align: justify;\"><span style=\"color: #000080;\">Warsztaty \u201eM\u0105drzy Rodzice\u201d jak co roku zosta\u0142y sfinansowane przez Gmin\u0119 Miejsk\u0105 Hrubiesz\u00f3w.<\/span><\/p>\n<p style=\"text-align: justify;\"><span style=\"color: #000080;\">&nbsp;&nbsp;&nbsp;&nbsp;&nbsp;&nbsp;&nbsp;&nbsp;&nbsp;&nbsp;&nbsp;&nbsp;&nbsp;&nbsp;&nbsp;&nbsp;&nbsp;&nbsp;&nbsp;&nbsp;&nbsp;&nbsp;&nbsp;&nbsp;&nbsp;&nbsp;&nbsp;&nbsp;&nbsp;&nbsp;&nbsp;&nbsp;&nbsp;&nbsp;&nbsp;&nbsp;&nbsp;&nbsp;&nbsp;&nbsp;&nbsp;&nbsp;&nbsp;&nbsp;&nbsp;&nbsp;&nbsp;&nbsp;&nbsp;&nbsp;&nbsp;&nbsp;&nbsp;&nbsp;&nbsp;&nbsp;&nbsp;&nbsp; Lider warsztat\u00f3w \u201eM\u0105drzy Rodzice\u201d-Marta Kuczy\u0144ska<\/span><\/p>\nngg_shortcode_0_placeholder\n","protected":false},"excerpt":{"rendered":"<p>&nbsp; W dniu 30.03.2019r. zako\u0144czy\u0142y si\u0119 warsztaty dla rodzic\u00f3w \u201eM\u0105drzy Rodzice\u201d, kt\u00f3re w miesi\u0105cu marcu odbywa\u0142y si\u0119 w Szkole Podstawowej Nr 1 w Hrubieszowie. W ramach VII edycji warsztat\u00f3w&nbsp; zorganizowano zaj\u0119cia ze specjalistami z r\u00f3\u017cnych dziedzin, pomocne w wychowaniu dzieci i m\u0142odzie\u017cy oraz rodzicielsk\u0105 grup\u0119 wsparcia, kt\u00f3r\u0105&nbsp; wsp\u00f3\u0142tworzyli sami uczestnicy warsztat\u00f3w.Podczas dziesi\u0119ciu spotka\u0144 warsztatowych rodzice [&hellip;]<\/p>\n","protected":false},"author":1,"featured_media":0,"parent":75,"menu_order":5,"comment_status":"closed","ping_status":"closed","template":"","meta":{"ngg_post_thumbnail":0,"footnotes":""},"class_list":["post-553","page","type-page","status-publish","hentry"],"_links":{"self":[{"href":"https:\/\/sp1hrubieszow.pl\/index.php\/wp-json\/wp\/v2\/pages\/553","targetHints":{"allow":["GET"]}}],"collection":[{"href":"https:\/\/sp1hrubieszow.pl\/index.php\/wp-json\/wp\/v2\/pages"}],"about":[{"href":"https:\/\/sp1hrubieszow.pl\/index.php\/wp-json\/wp\/v2\/types\/page"}],"author":[{"embeddable":true,"href":"https:\/\/sp1hrubieszow.pl\/index.php\/wp-json\/wp\/v2\/users\/1"}],"replies":[{"embeddable":true,"href":"https:\/\/sp1hrubieszow.pl\/index.php\/wp-json\/wp\/v2\/comments?post=553"}],"version-history":[{"count":1,"href":"https:\/\/sp1hrubieszow.pl\/index.php\/wp-json\/wp\/v2\/pages\/553\/revisions"}],"predecessor-version":[{"id":554,"href":"https:\/\/sp1hrubieszow.pl\/index.php\/wp-json\/wp\/v2\/pages\/553\/revisions\/554"}],"up":[{"embeddable":true,"href":"https:\/\/sp1hrubieszow.pl\/index.php\/wp-json\/wp\/v2\/pages\/75"}],"wp:attachment":[{"href":"https:\/\/sp1hrubieszow.pl\/index.php\/wp-json\/wp\/v2\/media?parent=553"}],"curies":[{"name":"wp","href":"https:\/\/api.w.org\/{rel}","templated":true}]}}