{"id":551,"date":"2019-04-03T13:57:21","date_gmt":"2019-04-03T11:57:21","guid":{"rendered":"http:\/\/sp1.hrubieszow.info\/?page_id=551"},"modified":"2019-04-03T13:57:21","modified_gmt":"2019-04-03T11:57:21","slug":"szkola-myslenia-pozytywnego2019","status":"publish","type":"page","link":"https:\/\/sp1hrubieszow.pl\/index.php\/nauczyciele\/pedagog\/pedagog-2019\/szkola-myslenia-pozytywnego2019\/","title":{"rendered":"Szko\u0142a My\u015blenia Pozytywnego\u20192019"},"content":{"rendered":"\n<p style=\"text-align: justify;\"><span style=\"color: #000080;\">Rozpoczynamy nasz kolejny rok przygody z projektem \u201eMy\u015bl\u0119 Pozytywnie\u201d.<\/span><\/p>\n<p style=\"text-align: justify;\"><span style=\"color: #000080;\">W ramach uczestnictwa Szko\u0142y Podstawowej nr 1 im. Boles\u0142awa Prusa w Hrubieszowie <\/span><br><span style=\"color: #000080;\">w tym projekcie, zrealizowano zadanie na marzec, polegaj\u0105ce na przeprowadzeniu zaj\u0119\u0107 wed\u0142ug scenariuszy, nakierowanych na wzmacnianie odpowiedzialnej postawy uczni\u00f3w jako u\u017cytkownik\u00f3w Internetu.&nbsp; Odby\u0142y si\u0119 nast\u0119puj\u0105ce zaj\u0119cia profilaktyczne:<\/span><\/p>\n<p style=\"text-align: justify;\"><span style=\"color: #000080;\">&#8211; Klasa 1a, \u201eAle plama\u201d, prowadzenie p. Ma\u0142gorzata Serafin,<\/span><\/p>\n<p style=\"text-align: justify;\"><span style=\"color: #000080;\">&#8211; Klasa 7b, \u201eMy\u015bl\u0119, wi\u0119c nie \u015bl\u0119\u201d, prowadzenie p. Anna Lewandowska,<\/span><\/p>\n<p style=\"text-align: justify;\"><span style=\"color: #000080;\">&#8211; Klasa 5b, \u201eUmiej\u0119tno\u015b\u0107 krytycznego my\u015blenia i spojrzenia na budowane wzorce medialne\u201d,<\/span><br><span style=\"color: #000080;\">&nbsp;&nbsp;&nbsp;&nbsp;&nbsp;&nbsp;&nbsp;&nbsp;&nbsp;&nbsp;&nbsp;&nbsp;&nbsp;&nbsp;&nbsp;&nbsp;&nbsp;&nbsp;&nbsp;&nbsp; prowadzenie p. Monika Czulak,<\/span><\/p>\n<p style=\"text-align: justify;\"><span style=\"color: #000080;\">&#8211; Klasa 6a,\u201d \u201eJestem sieciopozytywny\u201d, prowadzenie p. Marta Kuczy\u0144ska,<\/span><\/p>\n<p style=\"text-align: justify;\"><span style=\"color: #000080;\">&#8211; Klasa 5d, \u201e Moje zdj\u0119cia w sieci i poza ni\u0105\u201d, prowadzenie p. Aneta Rycerz,<\/span><\/p>\n<p style=\"text-align: justify;\"><span style=\"color: #000080;\">&#8211; Klasa 6c, \u201eJestem tw\u00f3rc\u0105 sieci-mog\u0119 napisa\u0107 ba\u015b\u0144\u201d, prowadzenie p. Marta Lackowska.<\/span><\/p>\n<p style=\"text-align: justify;\"><span style=\"color: #000080;\">Zaj\u0119cia sprawi\u0142y uczniom wiele rado\u015bci, pobudzi\u0142y ich do kreatywno\u015bci oraz u\u015bwiadomi\u0142y im jak wa\u017cna jest odpowiedzialna i pozytywna postawa ka\u017cdego u\u017cytkownika sieci.<\/span><\/p>\n<p style=\"text-align: justify;\">&nbsp;<\/p>\n<p style=\"text-align: justify;\"><span style=\"color: #000080;\">&nbsp;&nbsp;&nbsp;&nbsp;&nbsp;&nbsp;&nbsp;&nbsp;&nbsp;&nbsp;&nbsp; Koordynator&nbsp; \u201eSzko\u0142a My\u015blenia Pozytywnego- My\u015bl\u0119 Pozytywnie\u201d, Marta Kuczy\u0144ska<\/span><\/p>\nngg_shortcode_0_placeholder\n","protected":false},"excerpt":{"rendered":"<p>Rozpoczynamy nasz kolejny rok przygody z projektem \u201eMy\u015bl\u0119 Pozytywnie\u201d. W ramach uczestnictwa Szko\u0142y Podstawowej nr 1 im. Boles\u0142awa Prusa w Hrubieszowie w tym projekcie, zrealizowano zadanie na marzec, polegaj\u0105ce na przeprowadzeniu zaj\u0119\u0107 wed\u0142ug scenariuszy, nakierowanych na wzmacnianie odpowiedzialnej postawy uczni\u00f3w jako u\u017cytkownik\u00f3w Internetu.&nbsp; Odby\u0142y si\u0119 nast\u0119puj\u0105ce zaj\u0119cia profilaktyczne: &#8211; Klasa 1a, \u201eAle plama\u201d, prowadzenie p. [&hellip;]<\/p>\n","protected":false},"author":1,"featured_media":0,"parent":75,"menu_order":4,"comment_status":"closed","ping_status":"closed","template":"","meta":{"ngg_post_thumbnail":0,"footnotes":""},"class_list":["post-551","page","type-page","status-publish","hentry"],"_links":{"self":[{"href":"https:\/\/sp1hrubieszow.pl\/index.php\/wp-json\/wp\/v2\/pages\/551","targetHints":{"allow":["GET"]}}],"collection":[{"href":"https:\/\/sp1hrubieszow.pl\/index.php\/wp-json\/wp\/v2\/pages"}],"about":[{"href":"https:\/\/sp1hrubieszow.pl\/index.php\/wp-json\/wp\/v2\/types\/page"}],"author":[{"embeddable":true,"href":"https:\/\/sp1hrubieszow.pl\/index.php\/wp-json\/wp\/v2\/users\/1"}],"replies":[{"embeddable":true,"href":"https:\/\/sp1hrubieszow.pl\/index.php\/wp-json\/wp\/v2\/comments?post=551"}],"version-history":[{"count":1,"href":"https:\/\/sp1hrubieszow.pl\/index.php\/wp-json\/wp\/v2\/pages\/551\/revisions"}],"predecessor-version":[{"id":552,"href":"https:\/\/sp1hrubieszow.pl\/index.php\/wp-json\/wp\/v2\/pages\/551\/revisions\/552"}],"up":[{"embeddable":true,"href":"https:\/\/sp1hrubieszow.pl\/index.php\/wp-json\/wp\/v2\/pages\/75"}],"wp:attachment":[{"href":"https:\/\/sp1hrubieszow.pl\/index.php\/wp-json\/wp\/v2\/media?parent=551"}],"curies":[{"name":"wp","href":"https:\/\/api.w.org\/{rel}","templated":true}]}}