{"id":5440,"date":"2020-05-22T19:35:31","date_gmt":"2020-05-22T17:35:31","guid":{"rendered":"http:\/\/sp1.hrubieszow.info\/?page_id=5440"},"modified":"2020-05-22T19:35:59","modified_gmt":"2020-05-22T17:35:59","slug":"informacje-urzedu-miasta","status":"publish","type":"page","link":"https:\/\/sp1hrubieszow.pl\/index.php\/kronika-2019-2020\/informacje-urzedu-miasta\/","title":{"rendered":"Informacje Urz\u0119du Miasta"},"content":{"rendered":"\n<p><span style=\"color: #333399;\">Urz\u0105d Miasta Hrubiesz\u00f3w informuje:<\/span><\/p>\n<p><span style=\"color: #333399;\"><strong>od dnia 25 maja 2020 r.<\/strong> miejskie przedszkola i oddzia\u0142y przedszkolne w miejskich szko\u0142ach podstawowych wznawiaj\u0105 dzia\u0142alno\u015b\u0107 w zakresie zaj\u0119\u0107 opieku\u0144czych,<\/span><\/p>\n<p><span style=\"color: #333399;\"><strong>od dnia 25 maja 2020 r.<\/strong> uczniowie klas I-III mog\u0105 bra\u0107 udzia\u0142 w zaj\u0119ciach opieku\u0144czo-wychowawczych z elementami zaj\u0119\u0107 dydaktycznych w miejskich szko\u0142ach podstawowych,<\/span><\/p>\n<p><span style=\"color: #333399;\"><strong>od dnia 25 maja 2020 r.<\/strong> uczniowie klas VIII szko\u0142y podstawowej b\u0119d\u0105 mieli mo\u017cliwo\u015b\u0107 udzia\u0142u w konsultacjach indywidualnych i grupowych zorganizowanych na terenie szko\u0142y (zgodnie z harmonogramem ustalonym przez dyrektora plac\u00f3wki),<\/span><\/p>\n<p><span style=\"color: #333399;\"><strong>od dnia 1 czerwca 2020 r<\/strong>. wszyscy uczniowie miejskich szk\u00f3\u0142 podstawowych b\u0119d\u0105 mogli korzysta\u0107 z indywidualnych i grupowych konsultacji zorganizowanych na terenie szko\u0142y (zgodnie z harmonogramem ustalonym przez dyrektora plac\u00f3wki).Opieka nad dzie\u0107mi oraz zaj\u0119cia i konsultacje b\u0119d\u0105 zorganizowane na zasadach okre\u015blonych przez dyrektor\u00f3w poszczeg\u00f3lnych szk\u00f3\u0142 i przedszkoli, ze szczeg\u00f3lnym uwzgl\u0119dnieniem wytycznych przeciwepidemicznych okre\u015blonych przez G\u0142\u00f3wnego Inspektora Sanitarnego, Ministra Zdrowia oraz Ministra Edukacji Narodowej.<\/span><\/p>\n<p><strong><span style=\"color: #333399;\">UWAGA:<\/span><\/strong><br><span style=\"color: #333399;\">Ze wzgl\u0119du na konieczno\u015b\u0107 stosowania szczeg\u00f3lnych rozwi\u0105za\u0144 w zakresie organizacji pracy plac\u00f3wek o\u015bwiatowych, <span style=\"color: #ff0000;\">udzia\u0142 dzieci i uczni\u00f3w w zaj\u0119ciach opieku\u0144czych b\u0119dzie mo\u017cliwy jedynie po uprzednim zg\u0142oszeniu tego faktu dyrektorowi plac\u00f3wki (dokonanym co najmniej jeden dzie\u0144<\/span> <span style=\"color: #ff0000;\">przed dniem rozpocz\u0119cia zaj\u0119\u0107).<\/span> <\/span><\/p>\n","protected":false},"excerpt":{"rendered":"<p>Urz\u0105d Miasta Hrubiesz\u00f3w informuje: od dnia 25 maja 2020 r. miejskie przedszkola i oddzia\u0142y przedszkolne w miejskich szko\u0142ach podstawowych wznawiaj\u0105 dzia\u0142alno\u015b\u0107 w zakresie zaj\u0119\u0107 opieku\u0144czych, od dnia 25 maja 2020 r. uczniowie klas I-III mog\u0105 bra\u0107 udzia\u0142 w zaj\u0119ciach opieku\u0144czo-wychowawczych z elementami zaj\u0119\u0107 dydaktycznych w miejskich szko\u0142ach podstawowych, od dnia 25 maja 2020 r. uczniowie [&hellip;]<\/p>\n","protected":false},"author":2,"featured_media":0,"parent":2167,"menu_order":0,"comment_status":"closed","ping_status":"closed","template":"","meta":{"ngg_post_thumbnail":0,"footnotes":""},"class_list":["post-5440","page","type-page","status-publish","hentry"],"_links":{"self":[{"href":"https:\/\/sp1hrubieszow.pl\/index.php\/wp-json\/wp\/v2\/pages\/5440","targetHints":{"allow":["GET"]}}],"collection":[{"href":"https:\/\/sp1hrubieszow.pl\/index.php\/wp-json\/wp\/v2\/pages"}],"about":[{"href":"https:\/\/sp1hrubieszow.pl\/index.php\/wp-json\/wp\/v2\/types\/page"}],"author":[{"embeddable":true,"href":"https:\/\/sp1hrubieszow.pl\/index.php\/wp-json\/wp\/v2\/users\/2"}],"replies":[{"embeddable":true,"href":"https:\/\/sp1hrubieszow.pl\/index.php\/wp-json\/wp\/v2\/comments?post=5440"}],"version-history":[{"count":1,"href":"https:\/\/sp1hrubieszow.pl\/index.php\/wp-json\/wp\/v2\/pages\/5440\/revisions"}],"predecessor-version":[{"id":5441,"href":"https:\/\/sp1hrubieszow.pl\/index.php\/wp-json\/wp\/v2\/pages\/5440\/revisions\/5441"}],"up":[{"embeddable":true,"href":"https:\/\/sp1hrubieszow.pl\/index.php\/wp-json\/wp\/v2\/pages\/2167"}],"wp:attachment":[{"href":"https:\/\/sp1hrubieszow.pl\/index.php\/wp-json\/wp\/v2\/media?parent=5440"}],"curies":[{"name":"wp","href":"https:\/\/api.w.org\/{rel}","templated":true}]}}