{"id":5384,"date":"2020-05-19T07:52:58","date_gmt":"2020-05-19T05:52:58","guid":{"rendered":"http:\/\/sp1.hrubieszow.info\/?page_id=5384"},"modified":"2020-05-20T15:37:26","modified_gmt":"2020-05-20T13:37:26","slug":"dzien-patrona-szkoly","status":"publish","type":"page","link":"https:\/\/sp1hrubieszow.pl\/index.php\/kronika-2019-2020\/dzien-patrona-szkoly\/","title":{"rendered":"Dzie\u0144 Patrona Szko\u0142y"},"content":{"rendered":"\n<p><span style=\"color: #333399;\">Dzisiaj przypada wielkie \u015bwi\u0119to naszej szko\u0142y &#8211; Dzie\u0144 Patrona. Niestety nie mo\u017cemy spotka\u0107 si\u0119 w szkole, aby uczci\u0107 posta\u0107 Boles\u0142awa Prusa. Chcemy jednak zachowa\u0107 szkoln\u0105 tradycj\u0119. Dlatego poni\u017cej zamieszczamy prezentacje o naszym Patronie, tw\u00f3rczo\u015b\u0107 uczni\u00f3w oraz s\u0142owa i muzyk\u0119 pie\u015bni okoliczno\u015bciowej. Poza tym prezentujemy zdj\u0119cia, kt\u00f3re bior\u0105 udzia\u0142 w konkursie FOTOSTORY Z PRUSEM. W ramach konkursu wybierali\u015bmy najciekawsze zdj\u0119cie w przebraniu za jednego z bohater\u00f3w tw\u00f3rczo\u015bci naszego wybitnego pisarza. G\u0142osowanie odbywa\u0142o si\u0119 na profilu szko\u0142y na Facebooku.&nbsp; Do 19.05 najwi\u0119cej g\u0142os\u00f3w w kategorii klas IV &#8211; VIII otrzyma\u0142o zdj\u0119cie Kamili Chwedczuk z klasy 5a. Natomiast w kategorii klas I &#8211; III otrzymali\u015bmy tylko&nbsp; fotografi\u0119 Miko\u0142aja Zaj\u0105ca z klasy 1c.<\/span><\/p>\n<p><span style=\"color: #333399;\">Zapraszamy wszystkich do czytania, s\u0142uchania i ogl\u0105dania.&nbsp;<\/span><\/p>\n<p><strong><span style=\"color: #333399;\"><a style=\"color: #333399;\" href=\"http:\/\/sp1.hrubieszow.info\/wp-content\/uploads\/2020\/05\/Boles\u0142aw-Prus-123.pptx\">Boles\u0142aw Prus &#8211; prezentacja<\/a><\/span><\/strong><\/p>\n<p><span style=\"color: #333399;\"><strong><a style=\"color: #333399;\" href=\"http:\/\/sp1.hrubieszow.info\/wp-content\/uploads\/2020\/05\/BOLES\u0141AW-PRUS-2.ppt\">BOLES\u0141AW PRUS &#8211; prezentacja 2<\/a><\/strong><\/span><\/p>\n<p><span style=\"color: #333399;\"><strong><a style=\"color: #333399;\" href=\"http:\/\/sp1.hrubieszow.info\/wp-content\/uploads\/2020\/05\/pies\u0144-okoliczno\u015bciowa-s\u0142owa-1.doc\">pie\u015b\u0144 okoliczno\u015bciowa &#8211; s\u0142owa<\/a><\/strong><\/span><\/p>\n<audio class=\"wp-audio-shortcode\" id=\"audio-5384-1\" preload=\"none\" style=\"width: 100%;\" controls=\"controls\"><source type=\"audio\/mpeg\" src=\"http:\/\/sp1.hrubieszow.info\/wp-content\/uploads\/2020\/05\/pie\u015b\u0144-okoliczno\u015bciowa-muzyka.mp3?_=1\" \/><a href=\"http:\/\/sp1.hrubieszow.info\/wp-content\/uploads\/2020\/05\/pie\u015b\u0144-okoliczno\u015bciowa-muzyka.mp3\">http:\/\/sp1.hrubieszow.info\/wp-content\/uploads\/2020\/05\/pie\u015b\u0144-okoliczno\u015bciowa-muzyka.mp3<\/a><\/audio>\n<p>&nbsp;<\/p>\n<p><a href=\"http:\/\/sp1.hrubieszow.info\/wp-content\/uploads\/2020\/05\/Prus-Boles\u0142aw-w-tw\u00f3rczo\u015bci-uczni\u00f3w.docx\"><strong><span style=\"color: #333399;\">tw\u00f3rczo\u015b\u0107 literacka uczni\u00f3w<\/span><\/strong><\/a><\/p>\n<p><span style=\"color: #333399;\"><strong>tw\u00f3rczo\u015b\u0107 plastyczna uczni\u00f3w z klasy 2c<\/strong><\/span><\/p>\nngg_shortcode_0_placeholder\n<p>&nbsp;<\/p>\n<p><span style=\"color: #333399;\"><strong>zdj\u0119cia konkursowe &#8211; FOTOSTORY Z PRUSEM&nbsp;<\/strong><\/span><\/p>\nngg_shortcode_1_placeholder\n","protected":false},"excerpt":{"rendered":"<p>Dzisiaj przypada wielkie \u015bwi\u0119to naszej szko\u0142y &#8211; Dzie\u0144 Patrona. Niestety nie mo\u017cemy spotka\u0107 si\u0119 w szkole, aby uczci\u0107 posta\u0107 Boles\u0142awa Prusa. Chcemy jednak zachowa\u0107 szkoln\u0105 tradycj\u0119. Dlatego poni\u017cej zamieszczamy prezentacje o naszym Patronie, tw\u00f3rczo\u015b\u0107 uczni\u00f3w oraz s\u0142owa i muzyk\u0119 pie\u015bni okoliczno\u015bciowej. Poza tym prezentujemy zdj\u0119cia, kt\u00f3re bior\u0105 udzia\u0142 w konkursie FOTOSTORY Z PRUSEM. W ramach [&hellip;]<\/p>\n","protected":false},"author":2,"featured_media":0,"parent":2167,"menu_order":0,"comment_status":"closed","ping_status":"closed","template":"","meta":{"ngg_post_thumbnail":0,"footnotes":""},"class_list":["post-5384","page","type-page","status-publish","hentry"],"_links":{"self":[{"href":"https:\/\/sp1hrubieszow.pl\/index.php\/wp-json\/wp\/v2\/pages\/5384","targetHints":{"allow":["GET"]}}],"collection":[{"href":"https:\/\/sp1hrubieszow.pl\/index.php\/wp-json\/wp\/v2\/pages"}],"about":[{"href":"https:\/\/sp1hrubieszow.pl\/index.php\/wp-json\/wp\/v2\/types\/page"}],"author":[{"embeddable":true,"href":"https:\/\/sp1hrubieszow.pl\/index.php\/wp-json\/wp\/v2\/users\/2"}],"replies":[{"embeddable":true,"href":"https:\/\/sp1hrubieszow.pl\/index.php\/wp-json\/wp\/v2\/comments?post=5384"}],"version-history":[{"count":3,"href":"https:\/\/sp1hrubieszow.pl\/index.php\/wp-json\/wp\/v2\/pages\/5384\/revisions"}],"predecessor-version":[{"id":5416,"href":"https:\/\/sp1hrubieszow.pl\/index.php\/wp-json\/wp\/v2\/pages\/5384\/revisions\/5416"}],"up":[{"embeddable":true,"href":"https:\/\/sp1hrubieszow.pl\/index.php\/wp-json\/wp\/v2\/pages\/2167"}],"wp:attachment":[{"href":"https:\/\/sp1hrubieszow.pl\/index.php\/wp-json\/wp\/v2\/media?parent=5384"}],"curies":[{"name":"wp","href":"https:\/\/api.w.org\/{rel}","templated":true}]}}