{"id":5287,"date":"2020-05-05T19:05:58","date_gmt":"2020-05-05T17:05:58","guid":{"rendered":"http:\/\/sp1.hrubieszow.info\/?page_id=5287"},"modified":"2020-05-05T19:09:41","modified_gmt":"2020-05-05T17:09:41","slug":"szkolny-konkurs-plastyczny-konstytucja-3-maja","status":"publish","type":"page","link":"https:\/\/sp1hrubieszow.pl\/index.php\/kronika-2019-2020\/szkolny-konkurs-plastyczny-konstytucja-3-maja\/","title":{"rendered":"Szkolny konkurs plastyczny \u201eKonstytucja 3 Maja\u201d"},"content":{"rendered":"\n<p><span style=\"color: #000080;\">Ju\u017c po raz 229 \u015bwi\u0119towali\u015bmy rocznic\u0119 uchwalenia Konstytucji 3 Maja. W tym roku, ze wzgl\u0119du na trwaj\u0105c\u0105 epidemi\u0119 koronawirusa nie mogli\u015bmy wsp\u00f3lnie \u015bwi\u0119towa\u0107. Dlatego uczniowie naszej szko\u0142y wykonali plakaty upami\u0119tniaj\u0105ce te donios\u0142e wydarzenie.<\/span><br><span style=\"color: #000080;\">Dyplomy otrzymali:<\/span><br><span style=\"color: #000080;\">&#8211; kl.4 I miejsce: Maja Palczy\u0144ska kl.4a<\/span><br><span style=\"color: #000080;\">&#8211; kl.5 I miejsce: Wiktoria Korzeniowska kl.5c <\/span><br><span style=\"color: #000080;\">II miejsce: Oliwia M\u0105czka kl.5d, Kisielewicz Oliwia kl.5b<\/span><br><span style=\"color: #000080;\">III miejsce: Nowacka Maja kl.5c, Wo\u017anica Micha\u0142 kl.5a<\/span><br><span style=\"color: #000080;\">&#8211; kl.6 I miejsce: Karolina Radziejewska kl.6b, Maciej Zaj\u0105c kl.6c, <\/span><br><span style=\"color: #000080;\">Jakub Chomiak kl.6c, Maciej Janiszek kl.6c<\/span><br><span style=\"color: #000080;\">II miejsce: Martyna Mielniczuk kl.6c, Justyna Onisk kl. 6d<\/span><br><span style=\"color: #000080;\">Oliwia Dyjak kl.6a<\/span><br><span style=\"color: #000080;\">III miejsce: Izabela Sipta kl.6c, Karina Jagie\u0142\u0142o kl.6a<\/span><br><span style=\"color: #000080;\">&#8211; kl.7 I miejsce: Kruk Kornelia kl.7c<\/span><br><span style=\"color: #000080;\">Wyr\u00f3\u017cnienia otrzymali:<\/span><br><span style=\"color: #000080;\">1.Pasieka Filip kl.6a<\/span><br><span style=\"color: #000080;\">2.Skubis Tomasz kl.6c<\/span><br><span style=\"color: #000080;\">3.Burda Marta kl.7b<\/span><\/p>\n<p><span style=\"color: #000080;\">Wszystkim bardzo dzi\u0119kujemy za udzia\u0142 w konkursie. Zwyci\u0119zcom gratulujemy. Dyplomy i wyr\u00f3\u017cnienia przesy\u0142amy&nbsp; na e-mail.&nbsp;<\/span><\/p>\nngg_shortcode_0_placeholder\n","protected":false},"excerpt":{"rendered":"<p>Ju\u017c po raz 229 \u015bwi\u0119towali\u015bmy rocznic\u0119 uchwalenia Konstytucji 3 Maja. W tym roku, ze wzgl\u0119du na trwaj\u0105c\u0105 epidemi\u0119 koronawirusa nie mogli\u015bmy wsp\u00f3lnie \u015bwi\u0119towa\u0107. Dlatego uczniowie naszej szko\u0142y wykonali plakaty upami\u0119tniaj\u0105ce te donios\u0142e wydarzenie.Dyplomy otrzymali:&#8211; kl.4 I miejsce: Maja Palczy\u0144ska kl.4a&#8211; kl.5 I miejsce: Wiktoria Korzeniowska kl.5c II miejsce: Oliwia M\u0105czka kl.5d, Kisielewicz Oliwia kl.5bIII miejsce: [&hellip;]<\/p>\n","protected":false},"author":2,"featured_media":0,"parent":2167,"menu_order":0,"comment_status":"closed","ping_status":"closed","template":"","meta":{"ngg_post_thumbnail":0,"footnotes":""},"class_list":["post-5287","page","type-page","status-publish","hentry"],"_links":{"self":[{"href":"https:\/\/sp1hrubieszow.pl\/index.php\/wp-json\/wp\/v2\/pages\/5287","targetHints":{"allow":["GET"]}}],"collection":[{"href":"https:\/\/sp1hrubieszow.pl\/index.php\/wp-json\/wp\/v2\/pages"}],"about":[{"href":"https:\/\/sp1hrubieszow.pl\/index.php\/wp-json\/wp\/v2\/types\/page"}],"author":[{"embeddable":true,"href":"https:\/\/sp1hrubieszow.pl\/index.php\/wp-json\/wp\/v2\/users\/2"}],"replies":[{"embeddable":true,"href":"https:\/\/sp1hrubieszow.pl\/index.php\/wp-json\/wp\/v2\/comments?post=5287"}],"version-history":[{"count":3,"href":"https:\/\/sp1hrubieszow.pl\/index.php\/wp-json\/wp\/v2\/pages\/5287\/revisions"}],"predecessor-version":[{"id":5292,"href":"https:\/\/sp1hrubieszow.pl\/index.php\/wp-json\/wp\/v2\/pages\/5287\/revisions\/5292"}],"up":[{"embeddable":true,"href":"https:\/\/sp1hrubieszow.pl\/index.php\/wp-json\/wp\/v2\/pages\/2167"}],"wp:attachment":[{"href":"https:\/\/sp1hrubieszow.pl\/index.php\/wp-json\/wp\/v2\/media?parent=5287"}],"curies":[{"name":"wp","href":"https:\/\/api.w.org\/{rel}","templated":true}]}}