{"id":5194,"date":"2020-04-22T21:25:49","date_gmt":"2020-04-22T19:25:49","guid":{"rendered":"http:\/\/sp1.hrubieszow.info\/?page_id=5194"},"modified":"2020-04-22T21:26:55","modified_gmt":"2020-04-22T19:26:55","slug":"domowy-teatrzyk","status":"publish","type":"page","link":"https:\/\/sp1hrubieszow.pl\/index.php\/kronika-2019-2020\/domowy-teatrzyk\/","title":{"rendered":"DOMOWY TEATRZYK"},"content":{"rendered":"\n<p><img loading=\"lazy\" decoding=\"async\" class=\"alignnone size-medium wp-image-5193\" src=\"http:\/\/sp1.hrubieszow.info\/wp-content\/uploads\/2020\/04\/94269487_188518999285688_5428432396892504064_n-300x225.jpg\" alt=\"\" height=\"225\" width=\"300\" srcset=\"https:\/\/sp1hrubieszow.pl\/wp-content\/uploads\/2020\/04\/94269487_188518999285688_5428432396892504064_n-300x225.jpg 300w, https:\/\/sp1hrubieszow.pl\/wp-content\/uploads\/2020\/04\/94269487_188518999285688_5428432396892504064_n.jpg 480w\" sizes=\"auto, (max-width: 300px) 100vw, 300px\" \/><\/p>\n<p>Udzia\u0142 dziecka w przedstawieniach teatralnych stwarza mo\u017cliwo\u015b\u0107 do aktywnego, tw\u00f3rczego dzia\u0142ania, buduje samo\u015bwiadomo\u015b\u0107 i samowiedz\u0119 zach\u0119caj\u0105c do samorealizacji. <br>Wp\u0142ywa tak\u017ce na rozw\u00f3j jego indywidualnych uzdolnie\u0144, rozw\u00f3j empatii, dostarcza wielu do\u015bwiadcze\u0144, pozytywnie oddzia\u0142uje na emocje. Kr\u00f3tkie, \u0142atwo wpadaj\u0105ce w ucho s\u0142owa bywaj\u0105 dobrym sposobem na przezwyci\u0119\u017cenie trudno\u015bci na jakie napotykamy w \u017cyciu codziennym, szczeg\u00f3lnie obecnie \u2013 w okresie stanu epidemicznego.<\/p>\n<p><strong>Serdecznie zapraszamy wszystkich do obejrzenia domowego teatrzyku kukie\u0142kowego<br>&nbsp;p.t. \u201eSmok wawelski\u201d przygotowanego przez p. Ma\u0142gorzat\u0119 Bara\u0144sk\u0105 pedagog i p. Ig\u0119 Bara\u0144sk\u0105 psycholog z PPP. Serdecznie dzi\u0119kujemy!<br><\/strong><\/p>\n<p><iframe loading=\"lazy\" title=\"Smok Wawelski\" width=\"625\" height=\"352\" src=\"https:\/\/www.youtube.com\/embed\/yKPGrr1-h_k?feature=oembed\" frameborder=\"0\" allow=\"accelerometer; autoplay; clipboard-write; encrypted-media; gyroscope; picture-in-picture; web-share\" referrerpolicy=\"strict-origin-when-cross-origin\" allowfullscreen><\/iframe><\/p>\n<p>\u0179r\u00f3d\u0142o:<\/p>\n<ul>\n<li>Agnieszka Kusza, Dagna \u015alepowro\u0144ska \u201eW \u015bwiecie ba\u015bni\u201d<\/li>\n<li>Dorota Niewola \u201eJeste\u015bmy aktorami, scenariusze teatrzyk\u00f3w dzieci\u0119cych\u201d<\/li>\n<li><a href=\"http:\/\/www.miastodzieci.pl\/bajki\/smok-wawelski-na-wesolo-2\">miastodzieci.pl\/bajki\/smok-wawelski-na-wesolo-2<\/a><\/li>\n<li>Opracowanie w\u0142asne<\/li>\n<\/ul>\n","protected":false},"excerpt":{"rendered":"<p>Udzia\u0142 dziecka w przedstawieniach teatralnych stwarza mo\u017cliwo\u015b\u0107 do aktywnego, tw\u00f3rczego dzia\u0142ania, buduje samo\u015bwiadomo\u015b\u0107 i samowiedz\u0119 zach\u0119caj\u0105c do samorealizacji. Wp\u0142ywa tak\u017ce na rozw\u00f3j jego indywidualnych uzdolnie\u0144, rozw\u00f3j empatii, dostarcza wielu do\u015bwiadcze\u0144, pozytywnie oddzia\u0142uje na emocje. Kr\u00f3tkie, \u0142atwo wpadaj\u0105ce w ucho s\u0142owa bywaj\u0105 dobrym sposobem na przezwyci\u0119\u017cenie trudno\u015bci na jakie napotykamy w \u017cyciu codziennym, szczeg\u00f3lnie obecnie \u2013 [&hellip;]<\/p>\n","protected":false},"author":2,"featured_media":0,"parent":2167,"menu_order":0,"comment_status":"closed","ping_status":"closed","template":"","meta":{"ngg_post_thumbnail":0,"footnotes":""},"class_list":["post-5194","page","type-page","status-publish","hentry"],"_links":{"self":[{"href":"https:\/\/sp1hrubieszow.pl\/index.php\/wp-json\/wp\/v2\/pages\/5194","targetHints":{"allow":["GET"]}}],"collection":[{"href":"https:\/\/sp1hrubieszow.pl\/index.php\/wp-json\/wp\/v2\/pages"}],"about":[{"href":"https:\/\/sp1hrubieszow.pl\/index.php\/wp-json\/wp\/v2\/types\/page"}],"author":[{"embeddable":true,"href":"https:\/\/sp1hrubieszow.pl\/index.php\/wp-json\/wp\/v2\/users\/2"}],"replies":[{"embeddable":true,"href":"https:\/\/sp1hrubieszow.pl\/index.php\/wp-json\/wp\/v2\/comments?post=5194"}],"version-history":[{"count":1,"href":"https:\/\/sp1hrubieszow.pl\/index.php\/wp-json\/wp\/v2\/pages\/5194\/revisions"}],"predecessor-version":[{"id":5195,"href":"https:\/\/sp1hrubieszow.pl\/index.php\/wp-json\/wp\/v2\/pages\/5194\/revisions\/5195"}],"up":[{"embeddable":true,"href":"https:\/\/sp1hrubieszow.pl\/index.php\/wp-json\/wp\/v2\/pages\/2167"}],"wp:attachment":[{"href":"https:\/\/sp1hrubieszow.pl\/index.php\/wp-json\/wp\/v2\/media?parent=5194"}],"curies":[{"name":"wp","href":"https:\/\/api.w.org\/{rel}","templated":true}]}}